{"id":7940,"date":"2023-06-10T18:33:00","date_gmt":"2023-06-10T16:33:00","guid":{"rendered":"http:\/\/astehshop.com\/?post_type=product&#038;p=7940"},"modified":"2023-06-10T18:33:01","modified_gmt":"2023-06-10T16:33:01","slug":"pametna-wifi-eu-uticnica-sa-usb-a-portom-za-punjenje-telefona","status":"publish","type":"product","link":"https:\/\/astehshop.com\/trgovina\/smart-home\/pametna-wifi-eu-uticnica-sa-usb-a-portom-za-punjenje-telefona\/","title":{"rendered":"Pametna WIFI EU uti\u010dnica sa USB A portom za punjenje telefona"},"content":{"rendered":"<p><span class=\"HwtZe\" lang=\"hr\"><span class=\"jCAhz ChMk0b\"><span class=\"ryNqvb\">Ova WiFi pametna zidna uti\u010dnica ima 1 USB &#8211; posebno s priklju\u010dkom za punjenje tipa A, podr\u017eava glasovnu kontrolu \/ odnosno kontrolu \/ postavku rasporeda \/ daljinsko upravljanje aplikacijom \/ dijeljenje, vrlo jednostavno, prakti\u010dno i sigurno za kori\u0161tenje.<\/span><\/span><\/span><\/p>\n","protected":false},"excerpt":{"rendered":"<p><span class=\"HwtZe\" lang=\"hr\"><span class=\"jCAhz ChMk0b\"><span class=\"ryNqvb\">Ova WiFi pametna zidna uti\u010dnica ima 1 USB &#8211; posebno s priklju\u010dkom za punjenje tipa A, podr\u017eava glasovnu kontrolu \/ odnosno kontrolu \/ postavku rasporeda \/ daljinsko upravljanje aplikacijom \/ dijeljenje, vrlo jednostavno, prakti\u010dno i sigurno za kori\u0161tenje.<\/span><\/span><\/span><\/p>\n","protected":false},"featured_media":7941,"comment_status":"open","ping_status":"closed","template":"","meta":[],"product_brand":[],"product_cat":[3480],"product_tag":[5592,3542,5590,5065,5591],"class_list":{"0":"post-7940","1":"product","2":"type-product","3":"status-publish","4":"has-post-thumbnail","6":"product_cat-smart-home","7":"product_tag-pametna-smart-uticnica","8":"product_tag-pametna-uticnica","9":"product_tag-pametna-utinica-sa-jednim-usb-a-portom","10":"product_tag-tuya","11":"product_tag-tuya-uticnica","13":"first","14":"instock","15":"shipping-taxable","16":"purchasable","17":"product-type-simple"},"_links":{"self":[{"href":"https:\/\/astehshop.com\/wp-json\/wp\/v2\/product\/7940","targetHints":{"allow":["GET"]}}],"collection":[{"href":"https:\/\/astehshop.com\/wp-json\/wp\/v2\/product"}],"about":[{"href":"https:\/\/astehshop.com\/wp-json\/wp\/v2\/types\/product"}],"replies":[{"embeddable":true,"href":"https:\/\/astehshop.com\/wp-json\/wp\/v2\/comments?post=7940"}],"version-history":[{"count":0,"href":"https:\/\/astehshop.com\/wp-json\/wp\/v2\/product\/7940\/revisions"}],"wp:featuredmedia":[{"embeddable":true,"href":"https:\/\/astehshop.com\/wp-json\/wp\/v2\/media\/7941"}],"wp:attachment":[{"href":"https:\/\/astehshop.com\/wp-json\/wp\/v2\/media?parent=7940"}],"wp:term":[{"taxonomy":"product_brand","embeddable":true,"href":"https:\/\/astehshop.com\/wp-json\/wp\/v2\/product_brand?post=7940"},{"taxonomy":"product_cat","embeddable":true,"href":"https:\/\/astehshop.com\/wp-json\/wp\/v2\/product_cat?post=7940"},{"taxonomy":"product_tag","embeddable":true,"href":"https:\/\/astehshop.com\/wp-json\/wp\/v2\/product_tag?post=7940"}],"curies":[{"name":"wp","href":"https:\/\/api.w.org\/{rel}","templated":true}]}}