{"id":6587,"date":"2022-11-17T19:41:17","date_gmt":"2022-11-17T18:41:17","guid":{"rendered":"http:\/\/astehshop.com\/?post_type=product&#038;p=6587"},"modified":"2023-09-24T11:22:15","modified_gmt":"2023-09-24T09:22:15","slug":"360-unutarnja-nadzorna-kamera-ac1c-pro","status":"publish","type":"product","link":"https:\/\/astehshop.com\/index.php\/product\/360-unutarnja-nadzorna-kamera-ac1c-pro\/","title":{"rendered":"360 unutarnja nadzorna kamera AC1C Pro"},"content":{"rendered":"<div id=\"collapseDescription\" class=\"product-description-block tab-pane fade show active\">\n<div class=\"panel-content\">\n<div class=\"product-description typo\">\n<p>360 Smart Camera AC1C je kamera sa veoma dobrim specifikacijama. Lako se postavlja, te ima magnetsku apsorpciju. Kvaliteta kamere je 2K HD, gdje je svaki momenat kristalno jasne kvalitete sa 304 x 1296 rezolucijom. Ima wide-angle snimanje od 130 stepeni, \u0161to zna\u010di da i najmanji detalji ne mogu da promaknu.<\/p>\n<p>AI sistem koji mo\u017ee da detektuje ljudsku figuru, te mo\u017ee da po\u0161alje upozorenje u slu\u010daju abnormalnih ili opasnih situacija. Tako\u0111er, ima mogu\u0107nost slanja notifikacija u slu\u010daju da detektuje pla\u010d djeteta. Preko ove kamere je mogu\u0107e komunicirati dvosmjerno, tako da se mogu obavljati pozivi sa porodicom ili ljubimcima. Infracrveni no\u0107ni vid koji daje video u punoj boji, \u010dak i u slabo osvjetljenom okru\u017eenju. Video snimci se mogu skladi\u0161titi preko Cloud-a ili na\u00a0 memorijsku karticu.<\/p>\n<\/div>\n<\/div>\n<\/div>\n","protected":false},"excerpt":{"rendered":"<div id=\"collapseDescription\" class=\"product-description-block tab-pane fade show active\">\n<div class=\"panel-content\">\n<div class=\"product-description typo\">\n<p>360 Smart Camera AC1C je kamera sa veoma dobrim specifikacijama. Lako se postavlja, te ima magnetsku apsorpciju. Kvaliteta kamere je 2K HD, gdje je svaki momenat kristalno jasne kvalitete sa 304 x 1296 rezolucijom. Ima wide-angle snimanje od 130 stepeni, \u0161to zna\u010di da i najmanji detalji ne mogu da promaknu.<\/p>\n<p>AI sistem koji mo\u017ee da detektuje ljudsku figuru, te mo\u017ee da po\u0161alje upozorenje u slu\u010daju abnormalnih ili opasnih situacija. Tako\u0111er, ima mogu\u0107nost slanja notifikacija u slu\u010daju da detektuje pla\u010d djeteta. Preko ove kamere je mogu\u0107e komunicirati dvosmjerno, tako da se mogu obavljati pozivi sa porodicom ili ljubimcima. Infracrveni no\u0107ni vid koji daje video u punoj boji, \u010dak i u slabo osvjetljenom okru\u017eenju. Video snimci se mogu skladi\u0161titi preko Cloud-a ili na\u00a0 memorijsku karticu.<\/p>\n<\/div>\n<\/div>\n<\/div>\n","protected":false},"featured_media":6588,"comment_status":"open","ping_status":"closed","template":"","meta":{"_mi_skip_tracking":false,"_exactmetrics_sitenote_active":false,"_exactmetrics_sitenote_note":"","_exactmetrics_sitenote_category":0,"spay_email":""},"product_cat":[135],"product_tag":[4371],"brands":[],"df_price":69,"df_sale_price":"","df_regular_price":69,"df_image_link":"https:\/\/i1.wp.com\/astehshop.com\/wp-content\/uploads\/2022\/11\/360-unutarnja-nadzorna-kamera-ac1c-pro.jpg?fit=450%2C450&ssl=1","jetpack_publicize_connections":[],"jetpack_sharing_enabled":true,"jetpack_likes_enabled":true,"jetpack-related-posts":[{"id":6296,"url":"https:\/\/astehshop.com\/index.php\/product\/longse-dome-ip-kamera-2-0mp-2-8mm-20m-ir-plastic-lirdlafe200\/","url_meta":{"origin":6587,"position":0},"title":"Longse DOME IP KAMERA 2.0MP 2.8MM 20M IR PLASTIC LIRDLAFE200","date":"23. travnja 2022.","format":false,"excerpt":"Longse IP Kamere mogu raditi i sa drugim proizvo\u0111a\u010dima snima\u010da koji posjeduju OnVif protokol. Ovaj model kamere dolazi sa \u0161irokim objektivom 2.8mm i isti \u0107e pokriti dosta \u0161irok spektar va\u0161eg unutra\u0161njeg prostora. Kamera dolazi u plasti\u010dnom ku\u0107i\u0161tu i namjenjena je isklju\u010divo za unutra\u0161nju monta\u017eu. Sa kompresijom H.265 ili H.265+ kamera\u2026","rel":"","context":"Srodne objave","img":{"alt_text":"","src":"https:\/\/i0.wp.com\/astehshop.com\/wp-content\/uploads\/2022\/04\/LIRDLAFE200.jpg?fit=960%2C700&ssl=1&resize=350%2C200","width":350,"height":200},"classes":[]},{"id":8808,"url":"https:\/\/astehshop.com\/index.php\/product\/longse-2mp-5mp-lite-4in1-hd-dome-kamera-ir-20m-lirdlahtc200fpe\/","url_meta":{"origin":6587,"position":1},"title":"Longse 2MP \/ 5MP Lite 4IN1 HD Dome Kamera IR 20m LIRDLAHTC200FPE","date":"10. sije\u010dnja 2024.","format":false,"excerpt":"Model: LIRDLAHTC200FPE Ovaj model kamere mo\u017ee raditi u kombinaciji i sa ostalim proizvo\u0111a\u010dima snima\u010da. Kamera posjeduje OSD Menu, tako da se mo\u017ee prebaciti na \u017eeljeni mod kao npr. AHD, CVI, TVI ili CVBS.. Kamera se nalazi plasti\u010dnom ku\u0107i\u0161tu, standarda IP66 tako da je vodootporna i za\u0161ti\u0107ena od pra\u0161ine. Dolazi sa\u2026","rel":"","context":"Srodne objave","img":{"alt_text":"","src":"https:\/\/i1.wp.com\/astehshop.com\/wp-content\/uploads\/2024\/01\/LIRDLAHTC200FPE.png?fit=431%2C373&ssl=1&resize=350%2C200","width":350,"height":200},"classes":[]},{"id":6288,"url":"https:\/\/astehshop.com\/index.php\/product\/longse-dome-kamera-5m-4k-lite-4in1-hd-ir-25m-cmlbhtc500fkp\/","url_meta":{"origin":6587,"position":2},"title":"Longse DOME kamera 5M \/ 4K Lite 4IN1 HD IR 25m CMLBHTC500FKP","date":"23. travnja 2022.","format":false,"excerpt":"Ovaj model kamere mo\u017ee raditi u kombinaciji i sa ostalim proizvo\u0111a\u010dima snima\u010da. Kamera posjeduje OSD Menu, tako da se mo\u017ee prebaciti na \u017eeljeni mod kao npr. AHD, CVI, TVI ili CVBS. Rezolucija same kamere ovisi od snima\u010da, u koliko snima\u010d podr\u017eava kamere od 8 megapixela u samim postavkama kamera se\u2026","rel":"","context":"Srodne objave","img":{"alt_text":"","src":"https:\/\/i2.wp.com\/astehshop.com\/wp-content\/uploads\/2022\/04\/CMLBHTC500FKP.jpg?fit=960%2C700&ssl=1&resize=350%2C200","width":350,"height":200},"classes":[]},{"id":5393,"url":"https:\/\/astehshop.com\/index.php\/product\/5mp-4k-lite-4in1-ahd-bullet-ir-40m-2-8-12mm-lbp60htc500fk\/","url_meta":{"origin":6587,"position":3},"title":"5MP 4K Lite 4IN1 AHD BULLET IR 40M 2.8-12MM LBP60HTC500FK","date":"11. listopada 2021.","format":false,"excerpt":"Ovaj model kamere mo\u017ee raditi u kombinaciji i sa ostalim proizvo\u0111a\u010dima snima\u010da. Kamera je izuzetno kvalitetna i dolazi sa rezolucijom 4K Lite 5MP, ali se mora uzeti u obzir da svi snima\u010di ne\u0107e podr\u017eati ovaj tip kamere, nego samo snima\u010di koji podr\u017eavaju kamere do 5MP, a iste mo\u017eete prona\u0107i pod\u2026","rel":"","context":"Srodne objave","img":{"alt_text":"","src":"https:\/\/i0.wp.com\/astehshop.com\/wp-content\/uploads\/2021\/10\/LBP60HTC500FK.jpg?fit=520%2C520&ssl=1&resize=350%2C200","width":350,"height":200},"classes":[]},{"id":8811,"url":"https:\/\/astehshop.com\/index.php\/product\/longse-2mp-4in1-hd-dome-ir-20m-2-8mm-lirdlahtc200f-eco\/","url_meta":{"origin":6587,"position":4},"title":"Longse 2MP 4IN1 HD DOME IR 20m 2.8mm LIRDLAHTC200F-ECO","date":"10. sije\u010dnja 2024.","format":false,"excerpt":"Model: LIRDLAHTC200F-ECO Ovaj model kamere mo\u017ee raditi u kombinaciji i sa ostalim proizvo\u0111a\u010dima snima\u010da. Kamera posjeduje OSD Menu, tako da se mo\u017ee prebaciti na \u017eeljeni mod kao npr. AHD, CVI, TVI ili CVBS.. Kamera se nalazi plasti\u010dnom ku\u0107i\u0161tu, standarda IP66 tako da je vodootporna i za\u0161ti\u0107ena od pra\u0161ine. Dolazi sa\u2026","rel":"","context":"Srodne objave","img":{"alt_text":"","src":"https:\/\/i1.wp.com\/astehshop.com\/wp-content\/uploads\/2024\/01\/LIRDLAHTC200FPE.png?fit=431%2C373&ssl=1&resize=350%2C200","width":350,"height":200},"classes":[]},{"id":6606,"url":"https:\/\/astehshop.com\/index.php\/product\/imilab-ec4-spotlight-battery-camera\/","url_meta":{"origin":6587,"position":5},"title":"IMILAB EC4 Spotlight Battery Camera","date":"17. studenoga 2022.","format":false,"excerpt":"Imilab IP kamera EC4 \u00a0 Novi model ima 4 MPx, 2.5K rezoluciju snimanja, tako\u0111er podr\u017eava no\u0107ni na\u010din rada u boji, a tako\u0111er omogu\u0107uje spajanje fotonaponske plo\u010de. \u00a0 2,5K video i mnoga pobolj\u0161anja \u00a0 Nova kamera IMILAB EC4 uklju\u010duje nekoliko pobolj\u0161anja koja bi trebala eliminirati probleme starijih kamera kao \u0161to su\u2026","rel":"","context":"Srodne objave","img":{"alt_text":"","src":"https:\/\/i1.wp.com\/astehshop.com\/wp-content\/uploads\/2022\/11\/imilab-ec4-spotlight-battery-camera.jpg?fit=800%2C800&ssl=1&resize=350%2C200","width":350,"height":200},"classes":[]}],"_links":{"self":[{"href":"https:\/\/astehshop.com\/index.php\/wp-json\/wp\/v2\/product\/6587"}],"collection":[{"href":"https:\/\/astehshop.com\/index.php\/wp-json\/wp\/v2\/product"}],"about":[{"href":"https:\/\/astehshop.com\/index.php\/wp-json\/wp\/v2\/types\/product"}],"replies":[{"embeddable":true,"href":"https:\/\/astehshop.com\/index.php\/wp-json\/wp\/v2\/comments?post=6587"}],"wp:featuredmedia":[{"embeddable":true,"href":"https:\/\/astehshop.com\/index.php\/wp-json\/wp\/v2\/media\/6588"}],"wp:attachment":[{"href":"https:\/\/astehshop.com\/index.php\/wp-json\/wp\/v2\/media?parent=6587"}],"wp:term":[{"taxonomy":"product_cat","embeddable":true,"href":"https:\/\/astehshop.com\/index.php\/wp-json\/wp\/v2\/product_cat?post=6587"},{"taxonomy":"product_tag","embeddable":true,"href":"https:\/\/astehshop.com\/index.php\/wp-json\/wp\/v2\/product_tag?post=6587"}],"curies":[{"name":"wp","href":"https:\/\/api.w.org\/{rel}","templated":true}]}}