{"id":5238,"date":"2021-10-09T13:17:49","date_gmt":"2021-10-09T11:17:49","guid":{"rendered":"http:\/\/astehshop.com\/?post_type=product&#038;p=5238"},"modified":"2022-11-19T14:16:36","modified_gmt":"2022-11-19T13:16:36","slug":"ip-wi-fi-kamera-sa-led-svjetlima-1080p","status":"publish","type":"product","link":"https:\/\/astehshop.com\/index.php\/product\/ip-wi-fi-kamera-sa-led-svjetlima-1080p\/","title":{"rendered":"IP wi fi kamera sa LED svjetlima 1080P"},"content":{"rendered":"<p>&#x1f441;wi fi ip kamera h.265+<br \/>\n&#x270d;&#xfe0f;65 KM<br \/>\n&#x1f44c;Mogu\u0107nost povezivanja na cloud<br \/>\n&#x1f44d;snimanje na karticu<br \/>\n&#x1f44c;gledajte putem aplikacije na telefonu ( android ili ios )<br \/>\n&#x1f44d;jednostavna monta\u017ea<br \/>\n&#x1f449;kamera se mo\u017ee povezati na wi fi mre\u017eu ili putem lan kabla direktno u ruter<br \/>\n&#x1f3ac;snimci u hd rezoluciji 1080p<br \/>\n&#x2b50;&#xfe0f;ir diode za no\u0107no snimanje<br \/>\n&#x1f3bc;dvosmjerni audio<\/p>\n<p>Svrati da pogleda\u0161 i proba\u0161<br \/>\nNikole Tesle 31a<br \/>\nBijeljina<br \/>\n055 422 599<br \/>\nwww.technoshopbn.com<\/p>\n","protected":false},"excerpt":{"rendered":"<p>&#x1f441;wi fi ip kamera h.265+<br \/>\n&#x270d;&#xfe0f;65 KM<br \/>\n&#x1f44c;Mogu\u0107nost povezivanja na cloud<br \/>\n&#x1f44d;snimanje na karticu<br \/>\n&#x1f44c;gledajte putem aplikacije na telefonu ( android ili ios )<br \/>\n&#x1f44d;jednostavna monta\u017ea<br \/>\n&#x1f449;kamera se mo\u017ee povezati na wi fi mre\u017eu ili putem lan kabla direktno u ruter<br \/>\n&#x1f3ac;snimci u hd rezoluciji 1080p<br \/>\n&#x2b50;&#xfe0f;ir diode za no\u0107no snimanje<br \/>\n&#x1f3bc;dvosmjerni audio<\/p>\n<p>Svrati da pogleda\u0161 i proba\u0161<br \/>\nNikole Tesle 31a<br \/>\nBijeljina<br \/>\n055 422 599<br \/>\nwww.technoshopbn.com<\/p>\n","protected":false},"featured_media":5239,"comment_status":"open","ping_status":"closed","template":"","meta":{"_mi_skip_tracking":false,"_exactmetrics_sitenote_active":false,"_exactmetrics_sitenote_note":"","_exactmetrics_sitenote_category":0,"spay_email":""},"product_cat":[4415,135],"product_tag":[1179,539,3039,472,1530,473,3040],"brands":[],"df_price":65,"df_sale_price":"","df_regular_price":65,"df_image_link":"https:\/\/i0.wp.com\/astehshop.com\/wp-content\/uploads\/2021\/10\/Uc8e10292e92c4e46a6f12d6ba1ac01cfB.jpg?fit=450%2C450&ssl=1","jetpack_publicize_connections":[],"jetpack_sharing_enabled":true,"jetpack_likes_enabled":true,"jetpack-related-posts":[{"id":4278,"url":"https:\/\/astehshop.com\/index.php\/product\/wifi-set-8-kamera-i-hard-disk-500-gb\/","url_meta":{"origin":5238,"position":0},"title":"WIFI set 8 kamera i hard disk 500 GB","date":"31. o\u017eujka 2020.","format":false,"excerpt":"\ud83d\udc4cWi Fi set kamera FULL HD 1080P 819 KM \ud83d\udc49u paketu dolazi 8 x kamera FULL HD 1080P \u26a1\ufe0fSnima\u010d za 8 wi fi kamera \ud83d\udc4chdd 500 GB \ud83d\udda58 x napajanje za kamere. \u2705Jednostavno spajanje, kada uklju\u010dite kameru u struju sama se spaja na snima\u010d i zapo\u010dinje snimanje Jednostavno gledanje putem\u2026","rel":"","context":"Srodne objave","img":{"alt_text":"","src":"https:\/\/i0.wp.com\/astehshop.com\/wp-content\/uploads\/2020\/03\/WIFI-set-8-kamera-i-hard-disk-500-GB.jpg?fit=800%2C545&ssl=1&resize=350%2C200","width":350,"height":200},"classes":[]},{"id":4280,"url":"https:\/\/astehshop.com\/index.php\/product\/wifi-set-4-kamere-1080p-sa-hdd-om\/","url_meta":{"origin":5238,"position":1},"title":"WiFi set 4 kamere 1080P sa HDD-om","date":"31. o\u017eujka 2020.","format":false,"excerpt":"\ud83d\udc4cWi Fi set kamera FULL HD 1080P 430 KM \ud83d\udc49u paketu dolazi 4 x kamera FULL HD 1080P \u26a1\ufe0fSnima\u010d za 4 wi fi kamere \ud83d\udc4chdd 500 GB \ud83d\udda54 x napajanje za kamere. \u2705Jednostavno spajanje, kada uklju\u010dite kameru u struju sama se spaja na snima\u010d i zapo\u010dinje snimanje Nikole Tesle 31a\u2026","rel":"","context":"Srodne objave","img":{"alt_text":"","src":"https:\/\/i0.wp.com\/astehshop.com\/wp-content\/uploads\/2020\/03\/WiFi-set-4-kamere-1080P-sa-HDD-om.jpg?fit=800%2C545&ssl=1&resize=350%2C200","width":350,"height":200},"classes":[]},{"id":3162,"url":"https:\/\/astehshop.com\/index.php\/product\/wifi-ptz-kamera-hd-2-mpx\/","url_meta":{"origin":5238,"position":2},"title":"WIFI PTZ KAMERA HD 2 MPX","date":"13. velja\u010de 2019.","format":false,"excerpt":"Snimanje na micro SD karticu do 64 GB Pregled putem mobilne aplikacije na androidu i IOSu Veoma jednostavno postavljanje, Uz kameru u pakiranju dolazi nosa\u010d za montiranje i adapter za struju Kamera se ve\u017ee na WiFi mre\u017eu Kamerom se upravlja putem aplikacije Kamera mo\u017ee da radi be\u017ei\u010dnim putem (WIFI), a\u2026","rel":"","context":"Srodne objave","img":{"alt_text":"","src":"https:\/\/i1.wp.com\/astehshop.com\/wp-content\/uploads\/2019\/02\/YYZ100-111.jpg?fit=850%2C995&ssl=1&resize=350%2C200","width":350,"height":200},"classes":[]},{"id":3159,"url":"https:\/\/astehshop.com\/index.php\/product\/wifi-ptz-kamera-hd-13-mpx\/","url_meta":{"origin":5238,"position":3},"title":"WIFI PTZ KAMERA HD 1,3 MPX","date":"13. velja\u010de 2019.","format":false,"excerpt":"\u00a0 Snimanje na micro SD karticu do 64 GB Pregled putem mobilne aplikacije na androidu i IOSu Veoma jednostavno postavljanje, Uz kameru u pakiranju dolazi nosa\u010d za montiranje i adapter za struju Kamera se ve\u017ee na WiFi mre\u017eu Kamerom se upravlja putem aplikacije Kamera mo\u017ee da radi be\u017ei\u010dnim putem (WIFI),\u2026","rel":"","context":"Srodne objave","img":{"alt_text":"","src":"https:\/\/i1.wp.com\/astehshop.com\/wp-content\/uploads\/2019\/02\/YYZ100-111.jpg?fit=850%2C995&ssl=1&resize=350%2C200","width":350,"height":200},"classes":[]},{"id":6206,"url":"https:\/\/astehshop.com\/index.php\/product\/pametna-wifi-kamera-roto-wifici20cgy\/","url_meta":{"origin":5238,"position":4},"title":"Pametna WiFi kamera &#8211; roto WIFICI20CGY","date":"5. travnja 2022.","format":false,"excerpt":"\u2022 Pametna IP kamera - automatski reaguje i radi snimanje bilo kakvog pokreta u va\u0161oj prostoriji \u2022 HD rezolucija - za kristalno \u010disto snimanje \u2022 Lako se povezuje direktno na va\u0161u Wi-Fi mre\u017eu - nisu potrebni dodatni posebni ure\u0111aji \u2022 Dvosmjerna komunikacija - da \u010dujete i razgovarate s onima u\u2026","rel":"","context":"Srodne objave","img":{"alt_text":"","src":"https:\/\/i2.wp.com\/astehshop.com\/wp-content\/uploads\/2022\/04\/WIFICI20CGY-1.jpg?fit=1200%2C1200&ssl=1&resize=350%2C200","width":350,"height":200},"classes":[]},{"id":8018,"url":"https:\/\/astehshop.com\/index.php\/product\/solarna-4g-kamera-3-mp-fhd-ip-na-sim-karticu\/","url_meta":{"origin":5238,"position":5},"title":"Solarna 4G kamera 3.MP FHD IP na sim karticu","date":"13. kolovoza 2023.","format":false,"excerpt":"Solarna WiFi \/ 4G kamera D12-A9 3.MP FHD IP Tip:\u00a0IP Povezivanje: WiFi i 4G Rezolucija:\u00a03.0MP \/ 1080p Ku\u0107i\u0161te:\u00a0plastika Boja:\u00a0bijela Stupanj IP za\u0161tite:\u00a0IP66 Napajanje: solarno Ugra\u0111ena Lithium baterija Mogu\u0107nost povezivanja na Cloud IR no\u0107no snimanje Dvostrani audio Podr\u017eava TF kartice Detekcija pokreta www.technoshopbn.com","rel":"","context":"Srodne objave","img":{"alt_text":"","src":"https:\/\/i1.wp.com\/astehshop.com\/wp-content\/uploads\/2023\/08\/solarna-4g-kamera-wifi.jpg?fit=550%2C550&ssl=1&resize=350%2C200","width":350,"height":200},"classes":[]}],"_links":{"self":[{"href":"https:\/\/astehshop.com\/index.php\/wp-json\/wp\/v2\/product\/5238"}],"collection":[{"href":"https:\/\/astehshop.com\/index.php\/wp-json\/wp\/v2\/product"}],"about":[{"href":"https:\/\/astehshop.com\/index.php\/wp-json\/wp\/v2\/types\/product"}],"replies":[{"embeddable":true,"href":"https:\/\/astehshop.com\/index.php\/wp-json\/wp\/v2\/comments?post=5238"}],"wp:featuredmedia":[{"embeddable":true,"href":"https:\/\/astehshop.com\/index.php\/wp-json\/wp\/v2\/media\/5239"}],"wp:attachment":[{"href":"https:\/\/astehshop.com\/index.php\/wp-json\/wp\/v2\/media?parent=5238"}],"wp:term":[{"taxonomy":"product_cat","embeddable":true,"href":"https:\/\/astehshop.com\/index.php\/wp-json\/wp\/v2\/product_cat?post=5238"},{"taxonomy":"product_tag","embeddable":true,"href":"https:\/\/astehshop.com\/index.php\/wp-json\/wp\/v2\/product_tag?post=5238"}],"curies":[{"name":"wp","href":"https:\/\/api.w.org\/{rel}","templated":true}]}}