{"id":11134,"date":"2025-07-17T14:00:40","date_gmt":"2025-07-17T12:00:40","guid":{"rendered":"http:\/\/astehshop.com\/?post_type=product&#038;p=11134"},"modified":"2025-07-17T14:00:42","modified_gmt":"2025-07-17T12:00:42","slug":"zvucnici-bluetooth-esperanza-trival","status":"publish","type":"product","link":"https:\/\/astehshop.com\/trgovina\/itshop\/bluetooth-zvucnik\/zvucnici-bluetooth-esperanza-trival\/","title":{"rendered":"Zvu\u010dnici BLUETOOTH ESPERANZA TRIVAL"},"content":{"rendered":"<p><u>3W, FM Radio, USB+microSD, BLACK-RED, EP117KR<\/u><\/p>\n<p>Kompaktan be\u017ei\u010dni Bluetooth zvu\u010dnik sa ugra\u0111enim FM radiom omogu\u0107ava reprodukciju zvuka sa ure\u0111aja kao \u0161to su telefoni, tableti, laptopovi i MP3 plejeri, podr\u017eava Bluetooth 3.0 sa dometom do 10 metara, ima izlaznu snagu od 3W, USB port i slot za microSD karticu za MP3\/MP4 fajlove, ugra\u0111enu Li-poly bateriju kapaciteta 400mAh, frekvencijski odziv od 280Hz do 16kHz, puni se na 5V i dimenzija je 150\u00d755\u00d750 mm \u2014 idealan za putovanja i svakodnevnu upotrebu bez kablova.<\/p>\n<p><u><\/u>Za sve dodatne informacije mozete nas kontaktirati na\u00a0<strong>OLX poruke, 065824333 ili Viber<\/strong><\/p>\n<p>&nbsp;<\/p>\n<p>NUDIMO KUPOVINU NOVE ROBE NA RATE:<\/p>\n<p>-DO 18 RATA PREKO MIKROFIN KREDITNA ORGANIZACIJA<\/p>\n<p>-DO 12 RATA PREKO \u0160OPING KARTICE UNICREDIT BANK<\/p>\n<p>&nbsp;<\/p>\n<p>Trgovinska Radnja TECHNO SHOP BN<\/p>\n<p>Nikole Tesle 31a, Bijeljina<\/p>\n<p>(izme\u0111u Moja Apoteka i picerije Park Ne\u0161kovi\u0107)<\/p>\n<p>055\/422-599;\u00a0<strong><u>065\/824-333<\/u><\/strong><\/p>\n<p>Radnim danima 09-19h<\/p>\n<p>Subotom 09-16h<\/p>\n<p>www.technoshopbn.com<\/p>\n<p><a href=\"https:\/\/olx.ba\/artikal\/51187537\/gaming-racunar-pc-i5-10400f-16gb-gtx-1660-ti\">info@technoshopbn.com<\/a><\/p>\n","protected":false},"excerpt":{"rendered":"<p><u>3W, FM Radio, USB+microSD, BLACK-RED, EP117KR<\/u><\/p>\n","protected":false},"featured_media":0,"comment_status":"open","ping_status":"closed","template":"","meta":[],"product_brand":[],"product_cat":[5749],"product_tag":[],"class_list":{"0":"post-11134","1":"product","2":"type-product","3":"status-publish","5":"product_cat-bluetooth-zvucnik","7":"first","8":"instock","9":"shipping-taxable","10":"purchasable","11":"product-type-simple"},"_links":{"self":[{"href":"https:\/\/astehshop.com\/wp-json\/wp\/v2\/product\/11134","targetHints":{"allow":["GET"]}}],"collection":[{"href":"https:\/\/astehshop.com\/wp-json\/wp\/v2\/product"}],"about":[{"href":"https:\/\/astehshop.com\/wp-json\/wp\/v2\/types\/product"}],"replies":[{"embeddable":true,"href":"https:\/\/astehshop.com\/wp-json\/wp\/v2\/comments?post=11134"}],"version-history":[{"count":0,"href":"https:\/\/astehshop.com\/wp-json\/wp\/v2\/product\/11134\/revisions"}],"wp:attachment":[{"href":"https:\/\/astehshop.com\/wp-json\/wp\/v2\/media?parent=11134"}],"wp:term":[{"taxonomy":"product_brand","embeddable":true,"href":"https:\/\/astehshop.com\/wp-json\/wp\/v2\/product_brand?post=11134"},{"taxonomy":"product_cat","embeddable":true,"href":"https:\/\/astehshop.com\/wp-json\/wp\/v2\/product_cat?post=11134"},{"taxonomy":"product_tag","embeddable":true,"href":"https:\/\/astehshop.com\/wp-json\/wp\/v2\/product_tag?post=11134"}],"curies":[{"name":"wp","href":"https:\/\/api.w.org\/{rel}","templated":true}]}}