{"id":10230,"date":"2025-04-12T14:14:30","date_gmt":"2025-04-12T12:14:30","guid":{"rendered":"http:\/\/astehshop.com\/?post_type=product&#038;p=10230"},"modified":"2026-01-10T14:32:33","modified_gmt":"2026-01-10T13:32:33","slug":"gree-cosmo-regular-klima-uredaj-gwh18awdxd-k6dna1a","status":"publish","type":"product","link":"https:\/\/astehshop.com\/index.php\/product\/gree-cosmo-regular-klima-uredaj-gwh18awdxd-k6dna1a\/","title":{"rendered":"Gree Cosmo Regular Klima Ure\u0111aj GWH18AWDXD-K6DNA1A"},"content":{"rendered":"<p>U\u010dinak hla\u0111enja: 5,3kW (1 &#8211; 6,4) kW<\/p>\n<p>U\u010dinak grijanja: 5,6kW (1,2 &#8211; 6,8) kW<\/p>\n<div>Freon : R32<\/p>\n<div>Grije do -25\u00b0C vanjske temperature!<br \/>\nPreporuka za primarno grijanje na vrlo niskim vanjskim temperaturama!<\/div>\n<\/div>\n<p>Prikladno za prostor do 50m2<br \/>\nEnergetska klasa: A++<br \/>\nWi-Fi upravljanje je uklju\u010deno u cijenu<\/p>\n<div>Garancija : 5 godina (3 god. osnovno + 2 god. uz registraciju)<\/div>\n","protected":false},"excerpt":{"rendered":"<p>U\u010dinak hla\u0111enja: 5,3kW (1 &#8211; 6,4) kW<\/p>\n<p>U\u010dinak grijanja: 5,6kW (1,2 &#8211; 6,8) kW<\/p>\n<div>Freon : R32<\/p>\n<div>Grije do -25\u00b0C vanjske temperature!<br \/>\nPreporuka za primarno grijanje na vrlo niskim vanjskim temperaturama!<\/div>\n<\/div>\n<p>Prikladno za prostor do 50m2<br \/>\nEnergetska klasa: A++<br \/>\nWi-Fi upravljanje je uklju\u010deno u cijenu<\/p>\n<div>Garancija : 5 godina (3 god. osnovno + 2 god. uz registraciju)<\/div>\n<div><\/div>\n<div>\n<h2>COSMO REGULAR &#8211; komplet zidna unutarnja i vanjska jedinica<\/h2>\n<h4><\/h4>\n<p>Opremljen Wi-Fi su\u010deljem,\u00a0Gree Cosmo Regular\u00a0omogu\u0107uje Vam daljinsko upravljanje putem pametnog telefona ili tableta, \u0161to zna\u010di da mo\u017eete pode\u0161avati temperaturu i postavke \u010dak i kada niste kod ku\u0107e. Sa\u00a0LED zaslonom, jasno pratite i kontrolirate sve funkcije ure\u0111aja Gree Cosmo Regular dolazi s 7 brzina ventilatora, pru\u017eaju\u0107i Vam mogu\u0107nost prilagodbe protoka zraka prema va\u0161im preferencijama.<\/p>\n<div>\n<div><\/div>\n<div>I-Feel funkcija\u00a0osigurava da uvijek osje\u0107ate optimalnu temperaturu u prostoriji, dok samodijagnoza olak\u0161ava odr\u017eavanje ure\u0111aja.\u00a0Mogu\u0107nost vertikalnog i horizontalnog zakretanja krilaca putem daljinskog upravlja\u010da, \u0161to osigurava ravnomjerno raspore\u0111ivanje zraka po cijeloj prostoriji.<\/div>\n<div>Dodatno,\u00a0Cold Plasma filter\u00a0koristi se za ioniziranje zraka, \u010diste\u0107i ga od ne\u010disto\u0107a i osiguravaju\u0107i svje\u017e i zdrav zrak u va\u0161em domu.<\/div>\n<div><\/div>\n<div>Zimi,\u00a0grija\u010d vanjske jedinice\u00a0osigurava stabilan rad ure\u0111aja \u010dak i u hladnim uvjetima, dok\u00a0inteligentno predzagrijavanje i odmrzavanje\u00a0optimiziraju performanse ure\u0111aja. Uz\u00a0no\u0107ni na\u010din rada\u00a0koji nudi 3 no\u0107ne krivulje, Gree Cosmo Regular klima ure\u0111aj pru\u017ea tihi i ugodan san, bez obzira na vanjske uvjete.<\/div>\n<\/div>\n<div><\/div>\n<div>Uz minimalisti\u010dki izgled i kompaktne dimenzije, Cosmo ure\u0111aji lako se uklapaju u svaki prostor, dodaju\u0107i mu notu elegancije.<\/div>\n<div>Inovativna tehnologija omogu\u0107ava \u0161irok raspon mogu\u0107nosti za grijanje i hla\u0111enje, prilago\u0111avaju\u0107i se Va\u0161im potrebama i osiguravaju\u0107i optimalnu udobnost u svako doba godine.<\/div>\n<div><\/div>\n<div>Zamislite ure\u0111aj koji nije samo izvor svje\u017eine, ve\u0107 i \u010duvar Va\u0161eg zdravlja &#8211; sofisticirana\u00a0funkcija samo\u010di\u0161\u0107enja ispariva\u010da\u00a0na brz i efikasan na\u010din uklanja prljav\u0161tine i sprje\u010dava \u0161irenje neugodnih mirisa iz jedinice. Zahvaljuju\u0107i naprednom\u00a0Cold Plasma\u00a0sustavu filtracije pozdravite se s bakterijama, virusima i alergenima iz zraka te u\u017eivajte u \u010distom i kvalitetnom zraku svaki dan.<\/div>\n<h4>Jedinica Cosmo Regular je opremljena izmjenjiva\u010dem topline s direktnom ekspanzijom freona, ukrasnom maskom besprijekornog dizajna, te svim potrebnim elementima za za\u0161titu, kontrolu i regulaciju ure\u0111aja i temperature.<\/h4>\n<h4>Jedinica je opremljena s be\u017ei\u010dnim daljinskim upravlja\u010dem s LED pozadinskim osvjetljenjem.<\/h4>\n<div>WI-FI SU\u010cELJE<\/div>\n<div>Preuzimanjem Gree + aplikacije na Apple ili Android pametne ure\u0111aje i povez\u030cite svoje ure\u0111aje za upravljanje i kontroliranje ure\u0111aja sa bilo koje lokacije i bilo kada.<\/div>\n<div><\/div>\n<div>LED DISPLAY<\/div>\n<div>U realnom vremenu prikazuje temperaturu prostorije ili \u017eeljenu temperaturu.<\/div>\n<div><\/div>\n<div>7 BRZINA VENTILATORA<\/div>\n<div>7 automatskih brzina ventilatora unutarnje jedinice.<\/div>\n<div><\/div>\n<div>\u00a0I-FEEL FUNKCIJA (FOLLOW ME)<\/div>\n<div>Klima ure\u0111aj automatski prilago\u0111ava temperaturu na \u017eeljenu razinu uz pomo\u0107 dodatnog senzora na daljinskom upravlja\u010du.<\/div>\n<div><\/div>\n<div>SAMODIJAGNOZA &#8211; Detekcija i prikaz gre\u0161ke<\/div>\n<div>Omogu\u0107uje prikazivanje opisa gre\u0161ke radi br\u017eeg i lak\u0161eg rje\u0161avanja nastalog problema.<\/div>\n<div><\/div>\n<div>NO\u0106NI NA\u010cIN RADA (3 NO\u0106NE KRIVULJE)<\/div>\n<div>Kada je no\u0107ni na\u010din rada aktiviran tijekom hla\u0111enja, klima ure\u0111aj automatski podi\u017ee sobnu temperaturu za 1 \u00b0C prva dva sata, nakon \u010dega ostaje fiksna. Kada je tijekom grijanja uklju\u010den no\u0107ni na\u010din rada, klima ure\u0111aj automatski sni\u017eava sobnu temperaturu za 1\u00b0C prva dva sata, nakon \u010dega ostaje fiksna.<\/div>\n<div><\/div>\n<div>VERTIKALNO I HORIZONTALNO ZAKRETANJE KRILACA<\/div>\n<div>Mo\u017eete na daljinskom upravlja\u010du kontrolirati smjer puhanja po vertikali i po horizontali.<\/div>\n<div><\/div>\n<div>COLD PLASMA FILTER ZA IONIZIRANJE ZRAKA<\/div>\n<div>Otpu\u0161ta negativne ione, eliminira neugodne mirise, pra\u0161inu, dim i pelud. Osigurava svje\u017e i \u010dist zrak.<\/div>\n<div><\/div>\n<div>\n<div>GRIJA\u010c VANJSKE JEDINICE<\/div>\n<div>Elektri\u010dni grija\u010d na dnu vanjske jedinice sprje\u010dava smrzavanje kondenzacije na niskim temperaturama.<\/div>\n<\/div>\n<div><\/div>\n<div>\u00a0INTELIGENTNO PREDZAGRIJAVANJE I ODMRZAVANJE<\/div>\n<div>Ukoliko je potrebno, automatski se aktivira otapanje. Pospje\u0161uje u\u010dinkovitost ure\u0111aja pri grijanju i \u0161tedi energiju.<\/div>\n<div><\/div>\n<div><\/div>\n<div><\/div>\n<p>Podru\u010dje rada u hla\u0111enju: od\u00a0-15\u00b0C\u00a0do\u00a0+50\u00b0C,\u00a0podru\u010dje rada u grijanju: od\u00a0-25\u00b0C\u00a0do\u00a0+30\u00b0C.<\/p>\n<p>Maksimalno dozvoljena duljina instalacije izme\u0111u unutarnje i vanjske jedinice je 15 do 25m ovisno o snazi.<\/p>\n<p>Maksimalna visinska razlika izme\u0111u unutarnje i vanjske jedinice do 10m \u010dini ga odli\u010dnim izborom za specifi\u010dne objekte i zahtjevnije situacije.<\/p>\n<\/div>\n<p><a href=\"http:\/\/astehshop.com\/wp-content\/uploads\/2025\/04\/funkcija-samociscenja.jpg\"><img decoding=\"async\" loading=\"lazy\" class=\"alignnone  wp-image-10231\" src=\"http:\/\/astehshop.com\/wp-content\/uploads\/2025\/04\/funkcija-samociscenja-450x253.jpg\" alt=\"\" width=\"617\" height=\"347\" srcset=\"https:\/\/i1.wp.com\/astehshop.com\/wp-content\/uploads\/2025\/04\/funkcija-samociscenja.jpg?resize=450%2C253&amp;ssl=1 450w, https:\/\/i1.wp.com\/astehshop.com\/wp-content\/uploads\/2025\/04\/funkcija-samociscenja.jpg?resize=1024%2C576&amp;ssl=1 1024w, https:\/\/i1.wp.com\/astehshop.com\/wp-content\/uploads\/2025\/04\/funkcija-samociscenja.jpg?resize=768%2C432&amp;ssl=1 768w, https:\/\/i1.wp.com\/astehshop.com\/wp-content\/uploads\/2025\/04\/funkcija-samociscenja.jpg?resize=1536%2C864&amp;ssl=1 1536w, https:\/\/i1.wp.com\/astehshop.com\/wp-content\/uploads\/2025\/04\/funkcija-samociscenja.jpg?resize=300%2C169&amp;ssl=1 300w, https:\/\/i1.wp.com\/astehshop.com\/wp-content\/uploads\/2025\/04\/funkcija-samociscenja.jpg?resize=1170%2C658&amp;ssl=1 1170w, https:\/\/i1.wp.com\/astehshop.com\/wp-content\/uploads\/2025\/04\/funkcija-samociscenja.jpg?resize=128%2C72&amp;ssl=1 128w, https:\/\/i1.wp.com\/astehshop.com\/wp-content\/uploads\/2025\/04\/funkcija-samociscenja.jpg?resize=600%2C338&amp;ssl=1 600w, https:\/\/i1.wp.com\/astehshop.com\/wp-content\/uploads\/2025\/04\/funkcija-samociscenja.jpg?w=1920&amp;ssl=1 1920w\" sizes=\"(max-width: 617px) 100vw, 617px\" \/><\/a><\/p>\n<p>&nbsp;<\/p>\n<div><\/div>\n<div><a href=\"https:\/\/register.deltron.ba\/\">Registruj svoj GREE ure\u0111aj klikom ovdje<\/a><\/div>\n<div><\/div>\n<div>MONTA\u017dA MONO-SPLIT KLIMA URE\u0110AJA jedne unutarnje i jedne vanjske jediniceNa web shopu TechnoShopBN monta\u017ea nije uklju\u010dena u cijenu klima ure\u0111aja.<br \/>\nOvla\u0161tenu monta\u017eu klima ure\u0111aja obavljamo na podru\u010dju Bijeljine i okoline do 20KM<br \/>\nAko \u017eelite ovla\u0161tenu monta\u017eu dodajte je u korpu i platite zajedno sa klima ure\u0111ajem koji izaberete<br \/>\nNakon pla\u0107anja klima ure\u0111aja i ukoliko \u017eelite monta\u017eu, ostavite nam kontakt podatke kako bi Vas monta\u017eer mogao kontaktirati<br \/>\nGarancija monta\u017eu vrijedi do isteka garancije na klima ure\u0111aj.Standardna monta\u017ea mono-split klima ure\u0111aja podrazumijeva monta\u017eu unutarnje i vanjske jedinice na visini do 5 metara, bez upotrebe skele ili auto dizalice.<br \/>\nKod ve\u0107ih visina dodatno se napla\u0107uju visinski radovi ili se anga\u017euje auto korpa ili postavlja skela koju dodatno pla\u0107a i osigurava kupac.<br \/>\nAko je potrebno demontirati i po potrebi ekolo\u0161ki zbrinuti stari klima ure\u0111aj, demonta\u017ea se dodatno pla\u0107a prema<br \/>\nMolimo Vas da nas prema potrebi kontaktirate za detalje kako bi prije izvo\u0111enja dobili sve informacije o potrebnim radovima i cijenihttps:\/\/www.youtube.com\/watch?v=_b35LB9MQMA&nbsp;<\/p>\n<p>U standardnu monta\u017eu klima ure\u0111aja uklju\u010deno je:<\/p>\n<p>Dobava i postavljanje do 3 metra plinskih i elektro instalacija izme\u0111u unutarnje i vanjske jedinice<br \/>\nDobava i postavljanje do 3 metra PVC kanala za postavljanje instalacije izme\u0111u unutarnje i vanjske jedinice \u2013 nadgradno<br \/>\nDobava i postavljanje do 3 metra PVC kanala sa elektri\u010dnim kabelom za napajanje klima ure\u0111aja \u2013 nadgradno<br \/>\nDobava i postavljanje do 3 metra cijevi za odvod vode-kondenzata, slobodnim padom u pripremljeni odvod<br \/>\nDobava i postavljanje 1 par pocin\u010danih nosa\u010da za monta\u017eu vanjske jedinice (ukoliko nosa\u010di ve\u0107 postoje, to ne umanjuje cijenu usluge)<br \/>\nPotro\u0161ni materijal (\u0161arafi, tiplovi, izolacijska traka, vezice, silikon, gips i ostali potrebni materijal za monta\u017eu)<br \/>\n1 probijanje zida fi 55, debljine do 40cm (ukoliko rupa ve\u0107 postoji, to ne umanjuje cijenu usluge)<br \/>\nMonta\u017ea unutarnje i vanjske jedinice<br \/>\nSpajanje plinskih i elektro instalacija na unutarnjoj i vanjskoj jedinici<br \/>\nSpajanje napajanja na postoje\u0107u elektri\u010dnu instalaciju<br \/>\nVakumiranje<br \/>\nPu\u0161tanje u rad<br \/>\nTestiranje rada klime<br \/>\n\u010ci\u0161\u0107enje mijesta rada<br \/>\nOvjera garancije<\/p>\n<p><strong>Ukoliko monta\u017eu obavi osoba ili firma koju anga\u017euje kupac, a koja nije ovla\u0161tena za monta\u017eu klima ure\u0111aja, ista preuzima i odgovornost za eventualne kvarove i neispravnost na ure\u0111aju i monta\u017ei te u tom slu\u010daju Prodavatelj nije odgovoran za nastalu \u0161tetu a kupac gubi garanciju.<\/strong><\/p>\n<\/div>\n","protected":false},"featured_media":10228,"comment_status":"open","ping_status":"closed","template":"","meta":{"_mi_skip_tracking":false,"_exactmetrics_sitenote_active":false,"_exactmetrics_sitenote_note":"","_exactmetrics_sitenote_category":0,"spay_email":""},"product_cat":[2458],"product_tag":[7901,7905,7057,2462],"brands":[{"id":7715,"name":"gree","slug":"gree"}],"df_price":1920,"df_sale_price":"","df_regular_price":1920,"df_image_link":"https:\/\/i1.wp.com\/astehshop.com\/wp-content\/uploads\/2025\/04\/cosmo-regular.png?fit=447%2C450&ssl=1","jetpack_publicize_connections":[],"jetpack_sharing_enabled":true,"jetpack_likes_enabled":true,"jetpack-related-posts":[{"id":10167,"url":"https:\/\/astehshop.com\/index.php\/product\/azuri-console-parapetni-klima-uredaj-azi-fo25vd\/","url_meta":{"origin":10230,"position":0},"title":"AZURI CONSOLE Parapetni KLIMA URE\u0110AJ AZI-FO25VD","date":"6. travnja 2025.","format":false,"excerpt":"Podna unutarnja i vanjska jedinica U\u010dinak hla\u0111enja: 2,7kW (0,70 - 3,40) kW U\u010dinak grijanja: 2,9kW (0,60 - 3,50) kW Prikladno za prostor: do 25m2 Energetska klasa: A++ Wi-Fi upravljanje je uklju\u010deno u cijenu Garancija : 5 godina (3 god. osnovno + 2 god. uz registraciju) AZURI klima ure\u0111aji odlikuju se\u2026","rel":"","context":"Srodne objave","img":{"alt_text":"","src":"https:\/\/i0.wp.com\/astehshop.com\/wp-content\/uploads\/2025\/04\/parapetna-klima.png?fit=867%2C650&ssl=1&resize=350%2C200","width":350,"height":200},"classes":[]},{"id":10170,"url":"https:\/\/astehshop.com\/index.php\/product\/azuri-console-parapetni-klima-uredaj-azi-fo50vd\/","url_meta":{"origin":10230,"position":1},"title":"AZURI Console Parapetni KLIMA URE\u0110AJ AZI-FO50VD","date":"6. travnja 2025.","format":false,"excerpt":"Podna unutarnja i vanjska jedinica U\u010dinak hla\u0111enja: 5,2kW (1,26 - 6,60) kW U\u010dinak grijanja: 5,33kW (1,12 - 6,80) kW Prikladno za prostor: do 50m2 Energetska klasa: A++ Wi-Fi upravljanje je uklju\u010deno u cijenu Garancija : 5 godina (3 god. osnovno + 2 god. uz registraciju) \u00a0 AZURI klima ure\u0111aji odlikuju\u2026","rel":"","context":"Srodne objave","img":{"alt_text":"","src":"https:\/\/i0.wp.com\/astehshop.com\/wp-content\/uploads\/2025\/04\/parapetna-klima.png?fit=867%2C650&ssl=1&resize=350%2C200","width":350,"height":200},"classes":[]},{"id":10243,"url":"https:\/\/astehshop.com\/index.php\/product\/gree-console-parapetna-klima-geh09aa-k6dna1f\/","url_meta":{"origin":10230,"position":2},"title":"Gree Console parapetna klima GEH09AA-K6DNA1F","date":"12. travnja 2025.","format":false,"excerpt":"Podno - parapetna unutarnja i vanjska jedinica U\u010dinak hla\u0111enja:\u00a02,7 (0,70 - 3,40)\u00a0kW U\u010dinak grijanja:\u00a02,9 (0,60 - 3,5)\u00a0kW Grijanje do -22\u00b0C vanjske temperature! Preporuka za primarno grijanje na vrlo niskim vanjskim temperaturama! Prikladno za prostor: 25 m2 Energetska klasa: A++ Wi-Fi upravljanje je uklju\u010deno u cijenu Garancija : 5 godina (3\u2026","rel":"","context":"Srodne objave","img":{"alt_text":"","src":"https:\/\/i1.wp.com\/astehshop.com\/wp-content\/uploads\/2025\/04\/inverter-air-conditioner-gree-geh09-aa-k3-dna1-d-floor-standing-1.png?fit=800%2C800&ssl=1&resize=350%2C200","width":350,"height":200},"classes":[]},{"id":10079,"url":"https:\/\/astehshop.com\/index.php\/product\/gree-klima-uredaj-gwh09avcxb\/","url_meta":{"origin":10230,"position":3},"title":"GREE KLIMA URE\u0110AJ GWH09AVCXB","date":"25. o\u017eujka 2025.","format":false,"excerpt":"Zidna unutarnja i vanjska jedinica U\u010dinak hla\u0111enja: 2,7 (0,85 - 4,0) kW U\u010dinak grijanja: 3,0 (1,0 - 4,6) kW Radni medij: R32 Grije do -25\u00b0C vanjske temperature! Preporuka za primarno grijanje na vrlo niskim vanjskim temperaturama! Prikladno za prostor do 25m2 Energetska klasa: A+++ Garancija : 5 godina (3 god.\u2026","rel":"","context":"Srodne objave","img":{"alt_text":"","src":"https:\/\/i1.wp.com\/astehshop.com\/wp-content\/uploads\/2025\/03\/gree_airy_GWH09AVCXB_1.jpg?fit=1200%2C1197&ssl=1&resize=350%2C200","width":350,"height":200},"classes":[]},{"id":10189,"url":"https:\/\/astehshop.com\/index.php\/product\/azuri-supra-klima-uredaj-azi-wo25vg-multi-split-unutrasnja-jedinica\/","url_meta":{"origin":10230,"position":4},"title":"AZURI Supra KLIMA URE\u0110AJ AZI-WO25VG Multi Split unutra\u0161nja jedinica","date":"6. travnja 2025.","format":false,"excerpt":"Unutarnja zidna jedinica za multi sustav U\u010dinak hla\u0111enja: 2,7 kW (0,45-3,50) kW U\u010dinak grijanja: 3 kW (0,50-4,20) kW Prikladno za prostor: do 25m2 Wi-Fi upravljanje je uklju\u010deno u cijenu Garancija: 5 godina (3 god. osnovno + 2 god. uz registraciju) AZURI klima ure\u0111aji odlikuju se modernim dizajnom i visokom energetskom\u2026","rel":"","context":"Srodne objave","img":{"alt_text":"","src":"https:\/\/i2.wp.com\/astehshop.com\/wp-content\/uploads\/2025\/04\/SUPRA-1.png?fit=1024%2C1024&ssl=1&resize=350%2C200","width":350,"height":200},"classes":[]},{"id":10193,"url":"https:\/\/astehshop.com\/index.php\/product\/azuri-supra-klima-uredaj-azi-wo25vb-unutrasnja-multi-split-jedinica-antracit\/","url_meta":{"origin":10230,"position":5},"title":"AZURI Supra KLIMA URE\u0110AJ AZI-WO25VB Unutra\u0161nja Multi Split jedinica antracit","date":"6. travnja 2025.","format":false,"excerpt":"Unutarnja zidna jedinica za multi sustav U\u010dinak hla\u0111enja: 2,7 kW (0,45-3,50) kW U\u010dinak grijanja: 3 kW (0,50-4,20) kW Prikladno za prostor: do 25m2 Wi-Fi upravljanje je uklju\u010deno u cijenu Garancija : 5 godina (3 god. osnovno + 2 god. uz registraciju) \u00a0 AZURI klima ure\u0111aji odlikuju se modernim dizajnom i\u2026","rel":"","context":"Srodne objave","img":{"alt_text":"","src":"https:\/\/i2.wp.com\/astehshop.com\/wp-content\/uploads\/2025\/04\/supra-black-2-ast-3276390-d.png?fit=1162%2C1120&ssl=1&resize=350%2C200","width":350,"height":200},"classes":[]}],"_links":{"self":[{"href":"https:\/\/astehshop.com\/index.php\/wp-json\/wp\/v2\/product\/10230"}],"collection":[{"href":"https:\/\/astehshop.com\/index.php\/wp-json\/wp\/v2\/product"}],"about":[{"href":"https:\/\/astehshop.com\/index.php\/wp-json\/wp\/v2\/types\/product"}],"replies":[{"embeddable":true,"href":"https:\/\/astehshop.com\/index.php\/wp-json\/wp\/v2\/comments?post=10230"}],"wp:featuredmedia":[{"embeddable":true,"href":"https:\/\/astehshop.com\/index.php\/wp-json\/wp\/v2\/media\/10228"}],"wp:attachment":[{"href":"https:\/\/astehshop.com\/index.php\/wp-json\/wp\/v2\/media?parent=10230"}],"wp:term":[{"taxonomy":"product_cat","embeddable":true,"href":"https:\/\/astehshop.com\/index.php\/wp-json\/wp\/v2\/product_cat?post=10230"},{"taxonomy":"product_tag","embeddable":true,"href":"https:\/\/astehshop.com\/index.php\/wp-json\/wp\/v2\/product_tag?post=10230"}],"curies":[{"name":"wp","href":"https:\/\/api.w.org\/{rel}","templated":true}]}}