{"id":9997,"date":"2025-03-16T13:12:38","date_gmt":"2025-03-16T12:12:38","guid":{"rendered":"http:\/\/astehshop.com\/?post_type=product&#038;p=9997"},"modified":"2025-03-16T13:12:39","modified_gmt":"2025-03-16T12:12:39","slug":"roombanker-detektor-dima-rbss-sm1-868","status":"publish","type":"product","link":"http:\/\/astehshop.com\/index.php\/product\/roombanker-detektor-dima-rbss-sm1-868\/","title":{"rendered":"RoomBanker detektor dima RBSS-SM1-868"},"content":{"rendered":"<p><span class=\"HwtZe\" lang=\"bs\"><span class=\"jCAhz\"><span class=\"ryNqvb\">Detektor dima kontinuirano prati dim i odmah aktivira alarm u po\u010detnoj fazi po\u017eara.<\/span><\/span> <span class=\"jCAhz ChMk0b\"><span class=\"ryNqvb\">Ovaj proizvod je opremljen ugra\u0111enom baterijom koja osigurava dugoro\u010dnu detekciju u stanju pripravnosti u realnom vremenu.<\/span><\/span> <span class=\"jCAhz ChMk0b\"><span class=\"ryNqvb\">Trenutno postoje dva modela, koji podr\u017eavaju RBF protokol i Zigbee protokol, koji mogu zadovoljiti stvarne potrebe instalacije i kori\u0161tenja razli\u010ditih korisnika.<\/span><\/span><\/span><\/p>\n<p>&nbsp;<\/p>\n<p><iframe loading=\"lazy\"  id=\"_ytid_88265\"  width=\"480\" height=\"270\"  data-origwidth=\"480\" data-origheight=\"270\"  src=\"https:\/\/www.youtube.com\/embed\/ox4fAQ98Pj0?enablejsapi=1&#038;autoplay=0&#038;cc_load_policy=0&#038;cc_lang_pref=&#038;iv_load_policy=1&#038;loop=0&#038;modestbranding=0&#038;rel=1&#038;fs=1&#038;playsinline=0&#038;autohide=2&#038;theme=dark&#038;color=red&#038;controls=1&#038;\" class=\"__youtube_prefs__  epyt-is-override  no-lazyload\" title=\"YouTube player\"  allow=\"autoplay; encrypted-media\" allowfullscreen data-no-lazy=\"1\" data-skipgform_ajax_framebjll=\"\"><\/iframe><\/p>\n<p>&nbsp;<\/p>\n","protected":false},"excerpt":{"rendered":"<p><span class=\"HwtZe\" lang=\"bs\"><span class=\"jCAhz\"><span class=\"ryNqvb\">Detektor dima kontinuirano prati dim i odmah aktivira alarm u po\u010detnoj fazi po\u017eara.<\/span><\/span> <span class=\"jCAhz ChMk0b\"><span class=\"ryNqvb\">Ovaj proizvod je opremljen ugra\u0111enom baterijom koja osigurava dugoro\u010dnu detekciju u stanju pripravnosti u realnom vremenu.<\/span><\/span> <span class=\"jCAhz ChMk0b\"><span class=\"ryNqvb\">Trenutno postoje dva modela, koji podr\u017eavaju RBF protokol i Zigbee protokol, koji mogu zadovoljiti stvarne potrebe instalacije i kori\u0161tenja razli\u010ditih korisnika.<\/span><\/span><\/span><\/p>\n","protected":false},"featured_media":9998,"comment_status":"open","ping_status":"closed","template":"","meta":{"_mi_skip_tracking":false,"_exactmetrics_sitenote_active":false,"_exactmetrics_sitenote_note":"","_exactmetrics_sitenote_category":0,"spay_email":""},"product_cat":[7634],"product_tag":[2496,3647,7654,7655,7656],"brands":[{"id":7629,"name":"RoomBanker","slug":"roombanker"}],"df_price":145,"df_sale_price":"","df_regular_price":145,"df_image_link":"https:\/\/i1.wp.com\/astehshop.com\/wp-content\/uploads\/2025\/03\/smoke-detector-rbf-roombanker.jpg?fit=450%2C256","jetpack_publicize_connections":[],"jetpack_sharing_enabled":true,"jetpack_likes_enabled":true,"jetpack-related-posts":[{"id":5803,"url":"http:\/\/astehshop.com\/index.php\/product\/jablotron-sd-283st-zicani-kombinovani-detektor-pozara\/","url_meta":{"origin":9997,"position":0},"title":"Jablotron SD-283ST \u017ei\u010dani kombinovani detektor po\u017eara","date":"9. sije\u010dnja 2022.","format":false,"excerpt":"SD-283ST je analogni detektor po\u017eara sertifikovan prema EN 14604, EN 54-5 i EN 54-7 standardima. Detektor omogu\u0107ava postavljanje razli\u010ditih opcija otkrivanja: dim i povi\u0161ena temperatura, dim ili povi\u0161ena temperatura, samo dim ili samo povi\u0161ena temperatura. Napajanje 12VDC, plus back-up baterije 3x 1.5V AA. \u00a0 \u00a0 URE\u0110AJ SE NAPAJA SA MODULA.\u2026","rel":"","context":"Srodne objave","img":{"alt_text":"","src":"https:\/\/i0.wp.com\/astehshop.com\/wp-content\/uploads\/2022\/01\/SD-283ST-z.-kombinovani-detektor-pozara.png?fit=600%2C569&resize=350%2C200","width":350,"height":200},"classes":[]},{"id":8667,"url":"http:\/\/astehshop.com\/index.php\/product\/wifi-protivpozarni-detektor-dojava-na-telefon\/","url_meta":{"origin":9997,"position":1},"title":"WIFI protivpo\u017earni detektor dojava na telefon","date":"3. prosinca 2023.","format":false,"excerpt":"Aplikacija Push obavijesti i kontrola, kompatibilna sa Smart Life-om i aplikacijom Tuya, omogu\u0107ava pravovremeno otkrivanje opasnosti od po\u017eara ili dima i obavijesti u stvarnom vremenu na va\u0161em pametnom telefonu. Dobijte obavijesti o daljinskim alarmima bez obzira gdje i kada se nalazite, daljinski za\u0161titite svoju ku\u0107u i porodica; \u3010Visoka osjetljivost\u3011 Profesionalni\u2026","rel":"","context":"Srodne objave","img":{"alt_text":"","src":"https:\/\/i1.wp.com\/astehshop.com\/wp-content\/uploads\/2023\/12\/Wifi-Smoke-Detector-525x525-1.jpg?fit=525%2C525&resize=350%2C200","width":350,"height":200},"classes":[]},{"id":6040,"url":"http:\/\/astehshop.com\/index.php\/product\/ja-151m-bezicni-mini-magnetni-detektor\/","url_meta":{"origin":9997,"position":2},"title":"JA-151M Be\u017ei\u010dni mini magnetni detektor","date":"14. velja\u010de 2022.","format":false,"excerpt":"Ovaj detektor otkriva otvaranje vrata ili prozora. Komunikacija sa centralnom jedinicom se odvija be\u017ei\u010dno 868Mhz.Detektor je opremljen poklopcem sa za\u0161titom od sabota\u017ee koji je aktiviran ako se poklopac otvori. Senzor se aktivira nakon \u0161to se permanentni magnet odmakne od senzora. Napajanje: litijumska baterija CR2032 (3 V, 220 mAh)","rel":"","context":"Srodne objave","img":{"alt_text":"","src":"https:\/\/i1.wp.com\/astehshop.com\/wp-content\/uploads\/2022\/02\/JA-151M-Bez.-mini-magnetni-detektor.png?fit=600%2C569&resize=350%2C200","width":350,"height":200},"classes":[]},{"id":4533,"url":"http:\/\/astehshop.com\/index.php\/product\/bezicni-detektor-dima-fiksne-temperature-ajax-fp-bl\/","url_meta":{"origin":9997,"position":3},"title":"Be\u017ei\u010dni detektor dima fiksne temperature AJAX-FP-BL FireProtect","date":"4. svibnja 2020.","format":false,"excerpt":"Model: AJAX FireProtect BL Be\u017ei\u010dni detektor dima, fiksne temperature i naglog pov\u0107anja temperature sa ugra\u0111enom piezzo sirenom 85dB@1m. Crne boje, Be\u017ei\u010dna frekvencija 868MHz, Dvosmjerna be\u017ei\u010dna komunikacija, Dimenzije 132 x 132 x 31 mm, Napajanje baterijsko 2 x CR2 (backup CR2032), 3V, Unutra\u0161nja ugradnja, Detekcija dima, temperature ili nagli porast temperature,\u2026","rel":"","context":"Srodne objave","img":{"alt_text":"","src":"https:\/\/i1.wp.com\/astehshop.com\/wp-content\/uploads\/2020\/05\/AJAX-FP-BL.png?fit=1200%2C630&resize=350%2C200","width":350,"height":200},"classes":[]},{"id":5980,"url":"http:\/\/astehshop.com\/index.php\/product\/jablotron-ja-110p-detektor-pokreta\/","url_meta":{"origin":9997,"position":4},"title":"Jablotron JA-110P Detektor pokreta","date":"13. velja\u010de 2022.","format":false,"excerpt":"JA-110P je PIR detektor pokreta koji je namenjen za za\u0161titu enterijera. Stepen otpornosti se mo\u017ee izabrati na dva nivoa * Napajanje: iz centralne jedinice BUS 12 V (9 - 15 V) * Potro\u0161nja u stanju mirovanja: 5 mA * Visina monta\u017ee: 2,5 m iznad poda * Opseg detekcije: 110 \u00b0\u2026","rel":"","context":"Srodne objave","img":{"alt_text":"","src":"https:\/\/i0.wp.com\/astehshop.com\/wp-content\/uploads\/2022\/02\/JA-110P-Detek.-pokreta.png?fit=600%2C569&resize=350%2C200","width":350,"height":200},"classes":[]},{"id":5982,"url":"http:\/\/astehshop.com\/index.php\/product\/jablotron-ja-112p-detektor-pokreta\/","url_meta":{"origin":9997,"position":5},"title":"Jablotron JA-112P Detektor pokreta","date":"13. velja\u010de 2022.","format":false,"excerpt":"JA-112P je PIR detektor pokreta koji je namenjen za za\u0161titu enterijera. Otkriva kretanje preko temperature ljudskog tela.Stepen otpornosti se mo\u017ee izabrati na dva nivoa * Napajanje: iz centralne jedinice BUS 12 V (9 - 15 V) * Potro\u0161nja u stanju mirovanja: 2 mA * Visina monta\u017ee: 2,5 m iznad poda\u2026","rel":"","context":"Srodne objave","img":{"alt_text":"","src":"https:\/\/i2.wp.com\/astehshop.com\/wp-content\/uploads\/2022\/02\/JA-112P.png?fit=600%2C569&resize=350%2C200","width":350,"height":200},"classes":[]}],"_links":{"self":[{"href":"http:\/\/astehshop.com\/index.php\/wp-json\/wp\/v2\/product\/9997"}],"collection":[{"href":"http:\/\/astehshop.com\/index.php\/wp-json\/wp\/v2\/product"}],"about":[{"href":"http:\/\/astehshop.com\/index.php\/wp-json\/wp\/v2\/types\/product"}],"replies":[{"embeddable":true,"href":"http:\/\/astehshop.com\/index.php\/wp-json\/wp\/v2\/comments?post=9997"}],"wp:featuredmedia":[{"embeddable":true,"href":"http:\/\/astehshop.com\/index.php\/wp-json\/wp\/v2\/media\/9998"}],"wp:attachment":[{"href":"http:\/\/astehshop.com\/index.php\/wp-json\/wp\/v2\/media?parent=9997"}],"wp:term":[{"taxonomy":"product_cat","embeddable":true,"href":"http:\/\/astehshop.com\/index.php\/wp-json\/wp\/v2\/product_cat?post=9997"},{"taxonomy":"product_tag","embeddable":true,"href":"http:\/\/astehshop.com\/index.php\/wp-json\/wp\/v2\/product_tag?post=9997"}],"curies":[{"name":"wp","href":"https:\/\/api.w.org\/{rel}","templated":true}]}}