{"id":9939,"date":"2025-02-09T18:22:28","date_gmt":"2025-02-09T17:22:28","guid":{"rendered":"http:\/\/astehshop.com\/?post_type=product&#038;p=9939"},"modified":"2025-02-09T18:22:29","modified_gmt":"2025-02-09T17:22:29","slug":"tiandy-dualna-kamera-2-mpx-preko-jednog-kabla-tc-c32rn","status":"publish","type":"product","link":"http:\/\/astehshop.com\/index.php\/product\/tiandy-dualna-kamera-2-mpx-preko-jednog-kabla-tc-c32rn\/","title":{"rendered":"Tiandy dualna kamera 2 MPX preko jednog kabla TC-C32RN"},"content":{"rendered":"<p>\u00b7Plasti\u010dno ku\u0107i\u0161te<\/p>\n<p>\u00b7 Do 2MP,1920\u00d71080@30fps<\/p>\n<p>\u00b7S+265\/H.265\/H.264B\/H.264M\/H.264H<\/p>\n<p>\u00b7Boja:0.02Lux@(F1.6,AGC ON),B\/W:0Lux sa IR<\/p>\n<p>\u00b7IR domet do 50m<\/p>\n<p>\u00b7Ugra\u0111eni mikrofon<\/p>\n<p>\u00b7Radni uslovi -30\u2103~60\u2103(-22\u2109~140\u2109), \u226495% RH<\/p>\n<p>\u00b7DC12V\u00b125%,Maks. 7,5 W, PoE: IEEE 802.3af, Maks. 8.5W<\/p>\n<p>\u00b7IP67<\/p>\n","protected":false},"excerpt":{"rendered":"<p>\u00b7Plasti\u010dno ku\u0107i\u0161te<\/p>\n<p>\u00b7 Do 2MP,1920\u00d71080@30fps<\/p>\n<p>\u00b7S+265\/H.265\/H.264B\/H.264M\/H.264H<\/p>\n<p>\u00b7Boja:0.02Lux@(F1.6,AGC ON),B\/W:0Lux sa IR<\/p>\n<p>\u00b7IR domet do 50m<\/p>\n<p>\u00b7Ugra\u0111eni mikrofon<\/p>\n<p>\u00b7Radni uslovi -30\u2103~60\u2103(-22\u2109~140\u2109), \u226495% RH<\/p>\n<p>\u00b7DC12V\u00b125%,Maks. 7,5 W, PoE: IEEE 802.3af, Maks. 8.5W<\/p>\n<p>\u00b7IP67<\/p>\n","protected":false},"featured_media":9940,"comment_status":"open","ping_status":"closed","template":"","meta":{"_mi_skip_tracking":false,"_exactmetrics_sitenote_active":false,"_exactmetrics_sitenote_note":"","_exactmetrics_sitenote_category":0,"spay_email":""},"product_cat":[1037],"product_tag":[7333,7604,7605,7603,7319,6175],"brands":[{"id":7318,"name":"Tiandy","slug":"tiandy"}],"df_price":"","df_sale_price":"","df_regular_price":"","df_image_link":"https:\/\/i1.wp.com\/astehshop.com\/wp-content\/uploads\/2025\/02\/TC-C32RN.png?fit=450%2C321","jetpack_publicize_connections":[],"jetpack_sharing_enabled":true,"jetpack_likes_enabled":true,"jetpack-related-posts":[{"id":9935,"url":"http:\/\/astehshop.com\/index.php\/product\/tiandy-tc-c34qn-bullet-kamera-4-mpx\/","url_meta":{"origin":9939,"position":0},"title":"Tiandy TC-C34QN bullet kamera 4 MPX","date":"9. velja\u010de 2025.","format":false,"excerpt":"Metalno+plasti\u010dno ku\u0107i\u0161te \u00b7 Do 4MP,2560\u00d71440@20fps \u00b7S+265\/H.265\/H.264B\/H.264M\/H.264H \u00b7Boja:0.02Lux@(F1.6,AGC ON),B\/W:0Lux sa IR \u00b7IR domet do 30m \u00b7Ugra\u0111eni mikrofon \u00b7Radni uslovi -30\u2103~60\u2103(-22\u2109~140\u2109), \u226495% RH \u00b7PoE:IEEE 802.3af,Maks. 6W \u00b7IP67","rel":"","context":"Srodne objave","img":{"alt_text":"","src":"https:\/\/i1.wp.com\/astehshop.com\/wp-content\/uploads\/2025\/02\/TC-C34QN-1.png?fit=1200%2C800&resize=350%2C200","width":350,"height":200},"classes":[]},{"id":9937,"url":"http:\/\/astehshop.com\/index.php\/product\/tiandy-turret-kamera-tc-c34xn-4-mpx\/","url_meta":{"origin":9939,"position":1},"title":"Tiandy turret kamera TC-C34XN 4 MPX","date":"9. velja\u010de 2025.","format":false,"excerpt":"\u00b7Ku\u0107i\u0161te od metala + plastike \u00b7 Do 4MP,2560\u00d71440@20fps \u00b7S+265\/H.265\/H.264B\/H.264M\/H.264H \u00b7Boja:0.02Lux@(F1.6,AGC ON),B\/W:0Lux sa IR \u00b7IR domet do 30m \u00b7Ugra\u0111eni mikrofon \u00b7Radni uslovi -30\u2103~60\u2103(-22\u2109~140\u2109), \u226495% RH \u00b7PoE:IEEE 802.3af,Maks. 6W","rel":"","context":"Srodne objave","img":{"alt_text":"","src":"https:\/\/i1.wp.com\/astehshop.com\/wp-content\/uploads\/2025\/02\/TC-C34XN.png?fit=1200%2C800&resize=350%2C200","width":350,"height":200},"classes":[]},{"id":3919,"url":"http:\/\/astehshop.com\/index.php\/product\/hikvision-mrezna-ip-kamera-ds-2cd2t43g0-i5-4-mp\/","url_meta":{"origin":9939,"position":2},"title":"HikVision mre\u017ena IP kamera DS-2CD2T43G2-I5 4 MP","date":"16. velja\u010de 2020.","format":false,"excerpt":"1\/3 Progressive Scan CMOS H.265+\/H.265\/H.264+\/H.264\/MJPEG Color: 0.01 lux @(F1.2, AGC ON), 0lux,25fps\/30fps(2560\u00d71440, 1920\u00d71080) 3 VCA functions 3 streams 3D DNR ICR EXIR IR domet 50m DC12V&PoE Utor za SD\/SDHC\/SDXC slot","rel":"","context":"Srodne objave","img":{"alt_text":"","src":"https:\/\/i0.wp.com\/astehshop.com\/wp-content\/uploads\/2020\/02\/DS-2CD2T23G0-I5.jpg?fit=1200%2C1080&resize=350%2C200","width":350,"height":200},"classes":[]},{"id":3926,"url":"http:\/\/astehshop.com\/index.php\/product\/mrezna-ip-dome-kamera-hikvision-ds-2cd2121g0-i-2-mp\/","url_meta":{"origin":9939,"position":3},"title":"Mre\u017ena IP dome kamera HikVision DS-2CD2121G0-I 2 MP","date":"16. velja\u010de 2020.","format":false,"excerpt":"2MP mre\u017ena dome kamera:1\/3\" Progressive CMOS, ICR, Color: 0.028 Lux @(F2.0 AGC ON), 0lux with IR,1920x1080:25fps(P)\/30fps(N),H.265+\/H.265\/H.264\/MJPEG, DC12V & PoE, 3D DNR, BLC, IR raspon: do 30m, Podr\u017eava utor za sd karticu HIK-Connect cloud service.","rel":"","context":"Srodne objave","img":{"alt_text":"","src":"https:\/\/i2.wp.com\/astehshop.com\/wp-content\/uploads\/2020\/02\/DS-2CD2121G0-I.png?fit=752%2C692&resize=350%2C200","width":350,"height":200},"classes":[]},{"id":3909,"url":"http:\/\/astehshop.com\/index.php\/product\/mrezna-ip-kamera-hikvision-ds-2cd2021g1-i-2-mp\/","url_meta":{"origin":9939,"position":4},"title":"Mre\u017ena IP kamera HikVision DS-2CD2021G1-I 2 MP","date":"16. velja\u010de 2020.","format":false,"excerpt":"1\/3\" Progressive CMOS, ICR, Color: 0.028 Lux @(F2.0 AGC ON), 0lux with IR,1920x1080:25fps(P)\/30fps(N),H.265+\/H.265\/H.264\/MJPEG, DC12V & PoE, 3D DNR, BLC,IR domet do 30m, HIK-Connect cloud service","rel":"","context":"Srodne objave","img":{"alt_text":"","src":"https:\/\/i2.wp.com\/astehshop.com\/wp-content\/uploads\/2020\/02\/DS-2CD2021G1-I.jpg?fit=890%2C900&resize=350%2C200","width":350,"height":200},"classes":[]},{"id":3368,"url":"http:\/\/astehshop.com\/index.php\/product\/dahua-ipc-c35-wifi-ip-kamera-3mpx\/","url_meta":{"origin":9939,"position":5},"title":"Dahua IPC-C35 WIFI IP kamera 3MPX","date":"19. svibnja 2019.","format":false,"excerpt":"3 Megapixel IP & WiFi kamera DAHUA \u2022 CMOS senzor 1\/3\" sa progresivnim skaniranjem \u2022 Osjetljivost : 0.9Lux \/F2.2 (Color), 0Lux\/F2.2(IR on) \u2022 Dan\/ No\u0107: Auto (ICR) \/ kolor\/ B\/W \u2022 Kompresija: H264\/H.264B\/ H.264H\/ MJPEG \u2022 Dva strima \u2022 Glavni strim: 20fps@3M (2048 x1536) & 25\/30fps @1080P (1920 x1080) \u2022\u2026","rel":"","context":"Srodne objave","img":{"alt_text":"","src":"https:\/\/i1.wp.com\/astehshop.com\/wp-content\/uploads\/2019\/05\/ipc-c35.png?fit=384%2C384&resize=350%2C200","width":350,"height":200},"classes":[]}],"_links":{"self":[{"href":"http:\/\/astehshop.com\/index.php\/wp-json\/wp\/v2\/product\/9939"}],"collection":[{"href":"http:\/\/astehshop.com\/index.php\/wp-json\/wp\/v2\/product"}],"about":[{"href":"http:\/\/astehshop.com\/index.php\/wp-json\/wp\/v2\/types\/product"}],"replies":[{"embeddable":true,"href":"http:\/\/astehshop.com\/index.php\/wp-json\/wp\/v2\/comments?post=9939"}],"wp:featuredmedia":[{"embeddable":true,"href":"http:\/\/astehshop.com\/index.php\/wp-json\/wp\/v2\/media\/9940"}],"wp:attachment":[{"href":"http:\/\/astehshop.com\/index.php\/wp-json\/wp\/v2\/media?parent=9939"}],"wp:term":[{"taxonomy":"product_cat","embeddable":true,"href":"http:\/\/astehshop.com\/index.php\/wp-json\/wp\/v2\/product_cat?post=9939"},{"taxonomy":"product_tag","embeddable":true,"href":"http:\/\/astehshop.com\/index.php\/wp-json\/wp\/v2\/product_tag?post=9939"}],"curies":[{"name":"wp","href":"https:\/\/api.w.org\/{rel}","templated":true}]}}