{"id":9865,"date":"2024-12-15T22:17:01","date_gmt":"2024-12-15T21:17:01","guid":{"rendered":"http:\/\/astehshop.com\/?post_type=product&#038;p=9865"},"modified":"2024-12-15T22:17:02","modified_gmt":"2024-12-15T21:17:02","slug":"ceopa-ce-mc11-mikrofon","status":"publish","type":"product","link":"http:\/\/astehshop.com\/index.php\/product\/ceopa-ce-mc11-mikrofon\/","title":{"rendered":"Ceopa CE-MC11 mikrofon"},"content":{"rendered":"<p>Mikrofon sa ugra\u0111enim zvonom<br \/>\n50HZ-12KHZ, impedansa 600 ohms, dimenzije 450x190x130mm, 1,60kg<\/p>\n","protected":false},"excerpt":{"rendered":"<p>Mikrofon sa ugra\u0111enim zvonom<br \/>\n50HZ-12KHZ, impedansa 600 ohms, dimenzije 450x190x130mm, 1,60kg<\/p>\n","protected":false},"featured_media":9866,"comment_status":"open","ping_status":"closed","template":"","meta":{"_mi_skip_tracking":false,"_exactmetrics_sitenote_active":false,"_exactmetrics_sitenote_note":"","_exactmetrics_sitenote_category":0,"spay_email":""},"product_cat":[7557],"product_tag":[7559,7560,7561,5644],"brands":[{"id":7518,"name":"Ceopa","slug":"ceopa"}],"df_price":115,"df_sale_price":"","df_regular_price":115,"df_image_link":"https:\/\/i1.wp.com\/astehshop.com\/wp-content\/uploads\/2024\/12\/Ceopa-CE-MC11-mikrofon.jpg?fit=450%2C253","jetpack_publicize_connections":[],"jetpack_sharing_enabled":true,"jetpack_likes_enabled":true,"jetpack-related-posts":[{"id":9863,"url":"http:\/\/astehshop.com\/index.php\/product\/ceopa-ce-mc10-mikrofon\/","url_meta":{"origin":9865,"position":0},"title":"Ceopa CE-MC10 mikrofon","date":"15. prosinca 2024.","format":false,"excerpt":"Mikrofon sa ugra\u0111enim zvonom 50HZ-12KHZ, impedansa 600 ohms, dimenzije 450x148x120mm, 0,55kg","rel":"","context":"Srodne objave","img":{"alt_text":"","src":"https:\/\/i2.wp.com\/astehshop.com\/wp-content\/uploads\/2024\/12\/Ceopa-CE-MC10-mikrofon.jpg?fit=1200%2C675&resize=350%2C200","width":350,"height":200},"classes":[]},{"id":9868,"url":"http:\/\/astehshop.com\/index.php\/product\/ceopa-ce-u100-bezicni-mikrofon\/","url_meta":{"origin":9865,"position":1},"title":"Ceopa CE-U100 bezicni mikrofon","date":"15. prosinca 2024.","format":false,"excerpt":"Profesionalni UHF be\u017ei\u010dni mikrofon, FM (750-960MHz), LCD display, Osetljivost -90dBm, Raspon 40Hz~20KHz Predajna snaga 10mW (maximum 50mW), Prijemna baza dolazi u kompletu sa 2 mikrofona, napajanje mikrofona 2 AA baterije, domet do 100 metara u idealnim uslovima","rel":"","context":"Srodne objave","img":{"alt_text":"","src":"https:\/\/i2.wp.com\/astehshop.com\/wp-content\/uploads\/2024\/12\/Ceopa-CE-U100-bezicni-mikrofon.jpg?fit=1200%2C675&resize=350%2C200","width":350,"height":200},"classes":[]},{"id":8046,"url":"http:\/\/astehshop.com\/index.php\/product\/bluetooth-zvucnik-12-inca-1-bezicni-mikrofon-karaoke\/","url_meta":{"origin":9865,"position":2},"title":"BLUETOOTH ZVU\u010cNIK 12 INCA +1 BE\u017dI\u010cNI MIKROFON karaoke","date":"13. kolovoza 2023.","format":false,"excerpt":"UZ ZVU\u010cNIK DOLAZI: - 1 BE\u017dI\u010cNI MIKROFON - DALJINSKI - LED OSVJETLJENJE, - USB ULAZ - SD CARD - FM RADIO - BLUETOOTH - AUX IN - MOGU\u0106NOST PRIKLJU\u010cIVANJA GITARE","rel":"","context":"Srodne objave","img":{"alt_text":"","src":"https:\/\/i2.wp.com\/astehshop.com\/wp-content\/uploads\/2023\/08\/k3-12.jpg?fit=1010%2C1068&resize=350%2C200","width":350,"height":200},"classes":[]},{"id":11099,"url":"http:\/\/astehshop.com\/index.php\/product\/mikrofon-esperanza-stage-retro-stil\/","url_meta":{"origin":9865,"position":3},"title":"Mikrofon ESPERANZA STAGE, retro stil","date":"16. srpnja 2025.","format":false,"excerpt":"Vrsta:\u00a0Mikrofon za PC i laptop Frekvencijski opseg:\u00a020Hz \u2013 20kHz Osetljivost:\u00a0-38dB \u00b1 2dB Konektor:\u00a03,5 mm mini Jack Kompatibilnost:\u00a0Svi ure\u0111aji sa ulazom za mikrofon Du\u017eina kabla:\u00a02 metra","rel":"","context":"Srodne objave","img":{"alt_text":"","src":"https:\/\/i2.wp.com\/astehshop.com\/wp-content\/uploads\/2025\/07\/0089932_mikrofon-esperanza-stage-retro-style-crystal-clear-sound-eh181.jpeg?fit=450%2C450&resize=350%2C200","width":350,"height":200},"classes":[]},{"id":5072,"url":"http:\/\/astehshop.com\/index.php\/product\/rampage-gaming-headset-7-1-sa-rgb-osvjetljenjem-i-mikrofonom-za-pc-i-ps4\/","url_meta":{"origin":9865,"position":4},"title":"Rampage gaming headset 7.1 sa RGB osvjetljenjem i mikrofonom za PC i PS4","date":"30. studenoga 2020.","format":false,"excerpt":"Brand: Rampage Model: RM-K27 X-JAMMER Boja: Crna Kompatibilne sa: Windows\/Mac OS\/Linux i Playstation 4 i XBOX Povezivanje: USB, AUX 3,5mm Osvjetljenje: RGB Frekvencijski raspon: 20Hz-20KHz Impedancija: 16 Ohms Struktura: Virtual 7.1 ili Stereo kanal Mikrofon: Da Osjetljivost mikrofona: -38dB \u00b13dB Impedancija mikrofona: 2.2K Ohm Diameter zvu\u010dnika: 50mm Material: Metal, Plastika\u2026","rel":"","context":"Srodne objave","img":{"alt_text":"","src":"https:\/\/i2.wp.com\/astehshop.com\/wp-content\/uploads\/2020\/11\/RM-K27-X-JAMMER.jpg?fit=700%2C500&resize=350%2C200","width":350,"height":200},"classes":[]},{"id":6531,"url":"http:\/\/astehshop.com\/index.php\/product\/auto-radio-sa-ugradenim-zvucnicima-2x10w-usb-rca-vb-p1000\/","url_meta":{"origin":9865,"position":5},"title":"Auto radio sa ugra\u0111enim zvu\u010dnicima, 2x10W, USB, RCA VB P1000","date":"13. studenoga 2022.","format":false,"excerpt":"Auto radio, ugra\u0111eni 2 x \u0161irokopojasni zvu\u010dnici sa subwoofer 1,8\", USB\/SD\/AUX, 2 x 10W, FM radio sa 12 memorijskih mjesta za radio frekvencije, automatsko pretra\u017eivanje, USB utor , microSD memorijska kartica, 2 x RCA, ISO konektor","rel":"","context":"Srodne objave","img":{"alt_text":"","src":"https:\/\/i1.wp.com\/astehshop.com\/wp-content\/uploads\/2022\/11\/VB-P1000-jpg.jpg?fit=1200%2C1115&resize=350%2C200","width":350,"height":200},"classes":[]}],"_links":{"self":[{"href":"http:\/\/astehshop.com\/index.php\/wp-json\/wp\/v2\/product\/9865"}],"collection":[{"href":"http:\/\/astehshop.com\/index.php\/wp-json\/wp\/v2\/product"}],"about":[{"href":"http:\/\/astehshop.com\/index.php\/wp-json\/wp\/v2\/types\/product"}],"replies":[{"embeddable":true,"href":"http:\/\/astehshop.com\/index.php\/wp-json\/wp\/v2\/comments?post=9865"}],"wp:featuredmedia":[{"embeddable":true,"href":"http:\/\/astehshop.com\/index.php\/wp-json\/wp\/v2\/media\/9866"}],"wp:attachment":[{"href":"http:\/\/astehshop.com\/index.php\/wp-json\/wp\/v2\/media?parent=9865"}],"wp:term":[{"taxonomy":"product_cat","embeddable":true,"href":"http:\/\/astehshop.com\/index.php\/wp-json\/wp\/v2\/product_cat?post=9865"},{"taxonomy":"product_tag","embeddable":true,"href":"http:\/\/astehshop.com\/index.php\/wp-json\/wp\/v2\/product_tag?post=9865"}],"curies":[{"name":"wp","href":"https:\/\/api.w.org\/{rel}","templated":true}]}}