{"id":9799,"date":"2024-12-15T16:47:31","date_gmt":"2024-12-15T15:47:31","guid":{"rendered":"http:\/\/astehshop.com\/?post_type=product&#038;p=9799"},"modified":"2024-12-15T16:47:32","modified_gmt":"2024-12-15T15:47:32","slug":"uniview-unv-interfon-sa-2-poziva-poe-oeu-202s-hmk2","status":"publish","type":"product","link":"http:\/\/astehshop.com\/index.php\/product\/uniview-unv-interfon-sa-2-poziva-poe-oeu-202s-hmk2\/","title":{"rendered":"UniView UNV interfon sa 2 poziva POE OEU-202S-HMK2"},"content":{"rendered":"<div class=\"lRu31\" dir=\"ltr\"><span class=\"HwtZe\" lang=\"bs\"><span class=\"jCAhz JpY6Fd\"><span class=\"ryNqvb\">\u2022 Opciona kutija za udubljenje za monta\u017eu na udubljenje. <\/span><\/span><\/span><\/div>\n<div class=\"lRu31\" dir=\"ltr\"><span class=\"HwtZe\" lang=\"bs\"><span class=\"jCAhz\"><span class=\"ryNqvb\">\u2022 <\/span><\/span><\/span><span class=\"HwtZe\" lang=\"bs\"><span class=\"jCAhz\"><span class=\"ryNqvb\">Podr\u017eava izlaznu snagu, koja se mo\u017ee omogu\u0107iti ili onemogu\u0107iti na web interfejsu. <\/span><\/span><\/span><\/div>\n<div class=\"lRu31\" dir=\"ltr\"><span class=\"HwtZe\" lang=\"bs\"><span class=\"jCAhz\"><span class=\"ryNqvb\">\u2022 Omogu\u0107ava umetanje TF kartice radi pro\u0161irenja kapaciteta skladi\u0161tenja. <\/span><\/span><\/span><\/div>\n<div class=\"lRu31\" dir=\"ltr\"><span class=\"HwtZe\" lang=\"bs\"><span class=\"jCAhz\"><span class=\"ryNqvb\">\u2022 Ugra\u0111eni modul grijanja podr\u017eava rad na vrlo niskim temperaturama. <\/span><\/span><\/span><\/div>\n<div class=\"lRu31\" dir=\"ltr\"><span class=\"HwtZe\" lang=\"bs\"><span class=\"jCAhz ChMk0b\"><span class=\"ryNqvb\">\u2022 Metalno ku\u0107i\u0161te. <\/span><\/span><\/span><\/div>\n<div class=\"lRu31\" dir=\"ltr\"><span class=\"HwtZe\" lang=\"bs\"><span class=\"jCAhz ChMk0b\"><span class=\"ryNqvb\">\u2022 Podr\u017eava konfiguraciju serije. <\/span><\/span><\/span><\/div>\n<div class=\"lRu31\" dir=\"ltr\"><span class=\"HwtZe\" lang=\"bs\"><span class=\"jCAhz ChMk0b\"><span class=\"ryNqvb\">\u2022 Podr\u017eava pozive i interfon sa povezanim unutra\u0161njim stanicama i aplikacijama. <\/span><\/span><\/span><\/div>\n<div class=\"lRu31\" dir=\"ltr\"><span class=\"HwtZe\" lang=\"bs\"><span class=\"jCAhz ChMk0b\"><span class=\"ryNqvb\">\u2022 Podr\u017eava video nadzor, sigurnosni alarm i neovla\u0161teni alarm. <\/span><\/span><\/span><\/div>\n<div class=\"lRu31\" dir=\"ltr\"><span class=\"HwtZe\" lang=\"bs\"><span class=\"jCAhz\"><span class=\"ryNqvb\">\u2022 Ugra\u0111en \u010dita\u010d IC kartica.<\/span><\/span><\/span><\/div>\n<div class=\"lRu31\" dir=\"ltr\">\n<div class=\"OvtS8d\"><\/div>\n<div id=\"ow25\"><\/div>\n<\/div>\n<div class=\"UdTY9 WdefRb\" aria-hidden=\"true\" data-location=\"2\">\n<div class=\"kO6q6e\"><\/div>\n<\/div>\n","protected":false},"excerpt":{"rendered":"<div class=\"lRu31\" dir=\"ltr\"><span class=\"HwtZe\" lang=\"bs\"><span class=\"jCAhz JpY6Fd\"><span class=\"ryNqvb\">\u2022 Opciona kutija za udubljenje za monta\u017eu na udubljenje. <\/span><\/span><\/span><\/div>\n<div class=\"lRu31\" dir=\"ltr\"><span class=\"HwtZe\" lang=\"bs\"><span class=\"jCAhz\"><span class=\"ryNqvb\">\u2022 <\/span><\/span><\/span><span class=\"HwtZe\" lang=\"bs\"><span class=\"jCAhz\"><span class=\"ryNqvb\">Podr\u017eava izlaznu snagu, koja se mo\u017ee omogu\u0107iti ili onemogu\u0107iti na web interfejsu. <\/span><\/span><\/span><\/div>\n<div class=\"lRu31\" dir=\"ltr\"><span class=\"HwtZe\" lang=\"bs\"><span class=\"jCAhz\"><span class=\"ryNqvb\">\u2022 Omogu\u0107ava umetanje TF kartice radi pro\u0161irenja kapaciteta skladi\u0161tenja. <\/span><\/span><\/span><\/div>\n<div class=\"lRu31\" dir=\"ltr\"><span class=\"HwtZe\" lang=\"bs\"><span class=\"jCAhz\"><span class=\"ryNqvb\">\u2022 Ugra\u0111eni modul grijanja podr\u017eava rad na vrlo niskim temperaturama. <\/span><\/span><\/span><\/div>\n<div class=\"lRu31\" dir=\"ltr\"><span class=\"HwtZe\" lang=\"bs\"><span class=\"jCAhz ChMk0b\"><span class=\"ryNqvb\">\u2022 Metalno ku\u0107i\u0161te. <\/span><\/span><\/span><\/div>\n<div class=\"lRu31\" dir=\"ltr\"><span class=\"HwtZe\" lang=\"bs\"><span class=\"jCAhz ChMk0b\"><span class=\"ryNqvb\">\u2022 Podr\u017eava konfiguraciju serije. <\/span><\/span><\/span><\/div>\n<div class=\"lRu31\" dir=\"ltr\"><span class=\"HwtZe\" lang=\"bs\"><span class=\"jCAhz ChMk0b\"><span class=\"ryNqvb\">\u2022 Podr\u017eava pozive i interfon sa povezanim unutra\u0161njim stanicama i aplikacijama. <\/span><\/span><\/span><\/div>\n<div class=\"lRu31\" dir=\"ltr\"><span class=\"HwtZe\" lang=\"bs\"><span class=\"jCAhz ChMk0b\"><span class=\"ryNqvb\">\u2022 Podr\u017eava video nadzor, sigurnosni alarm i neovla\u0161teni alarm. <\/span><\/span><\/span><\/div>\n<div class=\"lRu31\" dir=\"ltr\"><span class=\"HwtZe\" lang=\"bs\"><span class=\"jCAhz\"><span class=\"ryNqvb\">\u2022 Ugra\u0111en \u010dita\u010d IC kartica.<\/span><\/span><\/span><\/div>\n<div class=\"lRu31\" dir=\"ltr\">\n<div class=\"OvtS8d\"><\/div>\n<div id=\"ow25\"><\/div>\n<\/div>\n<div class=\"UdTY9 WdefRb\" aria-hidden=\"true\" data-location=\"2\">\n<div class=\"kO6q6e\"><\/div>\n<\/div>\n","protected":false},"featured_media":9800,"comment_status":"open","ping_status":"closed","template":"","meta":{"_mi_skip_tracking":false,"_exactmetrics_sitenote_active":false,"_exactmetrics_sitenote_note":"","_exactmetrics_sitenote_category":0,"spay_email":""},"product_cat":[2593],"product_tag":[7494,7491,3106,7495,7492,7496,7493,7497],"brands":[{"id":6129,"name":"UNV","slug":"unv"}],"df_price":359,"df_sale_price":"","df_regular_price":359,"df_image_link":"https:\/\/i2.wp.com\/astehshop.com\/wp-content\/uploads\/2024\/12\/OEU-202S-HMK2.jpg?fit=450%2C307","jetpack_publicize_connections":[],"jetpack_sharing_enabled":true,"jetpack_likes_enabled":true,"jetpack-related-posts":[{"id":9801,"url":"http:\/\/astehshop.com\/index.php\/product\/uniview-unv-interfon-sa-4-poziva-poe-oeu-202s-hmk4\/","url_meta":{"origin":9799,"position":0},"title":"UniView UNV interfon sa 4 poziva POE OEU-202S-HMK4","date":"15. prosinca 2024.","format":false,"excerpt":"\u2022 Opciona kutija za udubljenje za monta\u017eu na udubljenje. \u2022 Podr\u017eava izlaznu snagu, koja se mo\u017ee omogu\u0107iti ili onemogu\u0107iti na web interfejsu. \u2022 Omogu\u0107ava umetanje TF kartice radi pro\u0161irenja kapaciteta skladi\u0161tenja. \u2022 Ugra\u0111eni modul grijanja podr\u017eava rad na vrlo niskim temperaturama. \u2022 Metalno ku\u0107i\u0161te. \u2022 Podr\u017eava konfiguraciju serije. \u2022 Podr\u017eava\u2026","rel":"","context":"Srodne objave","img":{"alt_text":"","src":"https:\/\/i2.wp.com\/astehshop.com\/wp-content\/uploads\/2024\/12\/OEU-202S-HMK4.jpg?fit=510%2C348&resize=350%2C200","width":350,"height":200},"classes":[]},{"id":11899,"url":"http:\/\/astehshop.com\/index.php\/product\/cloud-upravljivi-unv-uniview-poe-switch-gigabitni-16-portni-nsw3000-17gt1gp1gc-poe-in\/","url_meta":{"origin":9799,"position":1},"title":"Cloud upravljivi UNV UniView POE switch gigabitni 16 portni NSW3000-17GT1GP1GC-POE-IN","date":"31. listopada 2025.","format":false,"excerpt":"\u2022 Podr\u017eava objedinjenu konfiguraciju, upravljanje i pretra\u017eivanje na softveru, \u0161to je prakti\u010dno za brzi rad i odr\u017eavanje vi\u0161e ure\u0111aja; podr\u017eava automatsko otkrivanje povezanih video ure\u0111aja i generiranje mre\u017ene topologije na softveru. \u2022 Podr\u017eava web prijavu i konfiguraciju i upravljanje ure\u0111ajima na web su\u010delju. \u2022 Podr\u017eava posjetu oblaku skeniranjem QR koda.\u2026","rel":"","context":"Srodne objave","img":{"alt_text":"","src":"https:\/\/i2.wp.com\/astehshop.com\/wp-content\/uploads\/2025\/10\/NSW3000-17GT1GP1GC-POE-IN.png?fit=600%2C338&resize=350%2C200","width":350,"height":200},"classes":[]},{"id":8561,"url":"http:\/\/astehshop.com\/index.php\/product\/unv-mrezni-snimac-64-kanala-nvr308-64x\/","url_meta":{"origin":9799,"position":2},"title":"UNV mre\u017eni snima\u010d 64 kanala NVR308-64X","date":"10. studenoga 2023.","format":false,"excerpt":"Podr\u017eava Ultra H.265\/H.265\/H.264 video formate 16\/32\/64-kanalni ulaz Podr\u017eava glavne kamere ONVIF uskla\u0111enosti (profil S, profil G, profil T) i RTSP protokole Podr\u017eava 2-kanalni HDMI, 1-kanalni VGA. HDMI1 i HDMI2 do 4K (3840x2160) rezolucije HDMI1, HDMI2, VGA nezavisni izlazi Snimanje rezolucije do 12 megapiksela Podr\u017eava RAID 0, 1, 5, 6, 10\u2026","rel":"","context":"Srodne objave","img":{"alt_text":"","src":"https:\/\/i0.wp.com\/astehshop.com\/wp-content\/uploads\/2023\/11\/NVR308-64X.jpg?fit=510%2C348&resize=350%2C200","width":350,"height":200},"classes":[]},{"id":7136,"url":"http:\/\/astehshop.com\/index.php\/product\/partizan-security-wifi-roto-kamera-fullhd-iph-2sp-ir-1-1-3-mpx\/","url_meta":{"origin":9799,"position":3},"title":"Partizan Security WIFI roto kamera FullHD IPH-2SP-IR 1.1 3 MPX","date":"27. prosinca 2022.","format":false,"excerpt":"Video kamera Cloud Robot FullHD IPH-2SP-IR 1.1 odli\u010dna je odluka za kreiranje sistema nadzora u stanu, privatnoj ku\u0107i ili malom uredu. Ovaj model je opremljen modernom matricom koja omogu\u0107ava snimanje videa u 3.0 MP FullHD rezoluciji i objektivom sa \u0161irokim uglom gledanja. Tu je i infracrveno osvjetljenje s dometom do\u2026","rel":"","context":"Srodne objave","img":{"alt_text":"","src":"https:\/\/i1.wp.com\/astehshop.com\/wp-content\/uploads\/2022\/12\/2.0MP-Cloud-Robot-IPH-2SP-IR.jpg?fit=1200%2C1192&resize=350%2C200","width":350,"height":200},"classes":[]},{"id":11134,"url":"http:\/\/astehshop.com\/index.php\/product\/zvucnici-bluetooth-esperanza-trival\/","url_meta":{"origin":9799,"position":4},"title":"Zvu\u010dnici BLUETOOTH ESPERANZA TRIVAL","date":"17. srpnja 2025.","format":false,"excerpt":"3W, FM Radio, USB+microSD, BLACK-RED, EP117KR","rel":"","context":"Srodne objave","img":{"alt_text":"","src":"","width":0,"height":0},"classes":[]},{"id":7964,"url":"http:\/\/astehshop.com\/index.php\/product\/itc-t-775w-5-incni-dvosmjerni-30w-zvucnik-za-montiranje-na-zid\/","url_meta":{"origin":9799,"position":5},"title":"ITC T-775W 5-in\u010dni dvosmjerni 30W zvu\u010dnik za montiranje na zid","date":"16. lipnja 2023.","format":false,"excerpt":"T-775 je zidni zvu\u010dnik sa ugra\u0111enim transformatorom od 70v\/100v. Tehnika transformatora 70v\/100v smanjuje gubitke u liniji na ve\u0107oj udaljenosti i omogu\u0107ava lako paralelno povezivanje vi\u0161e zvu\u010dnika. Ugra\u0111eni 5\u201d+1,5\u201d dvosmjerni drajver zvu\u010dnika je dizajniran za \u0161irok frekventni odziv 130-15kHz, RMS izlazne snage 30 vati su pogodne za ve\u0107inu aplikacija. Metalna re\u0161etka,\u2026","rel":"","context":"Srodne objave","img":{"alt_text":"","src":"https:\/\/i2.wp.com\/astehshop.com\/wp-content\/uploads\/2023\/06\/T-775W.jpg?fit=930%2C948&resize=350%2C200","width":350,"height":200},"classes":[]}],"_links":{"self":[{"href":"http:\/\/astehshop.com\/index.php\/wp-json\/wp\/v2\/product\/9799"}],"collection":[{"href":"http:\/\/astehshop.com\/index.php\/wp-json\/wp\/v2\/product"}],"about":[{"href":"http:\/\/astehshop.com\/index.php\/wp-json\/wp\/v2\/types\/product"}],"replies":[{"embeddable":true,"href":"http:\/\/astehshop.com\/index.php\/wp-json\/wp\/v2\/comments?post=9799"}],"wp:featuredmedia":[{"embeddable":true,"href":"http:\/\/astehshop.com\/index.php\/wp-json\/wp\/v2\/media\/9800"}],"wp:attachment":[{"href":"http:\/\/astehshop.com\/index.php\/wp-json\/wp\/v2\/media?parent=9799"}],"wp:term":[{"taxonomy":"product_cat","embeddable":true,"href":"http:\/\/astehshop.com\/index.php\/wp-json\/wp\/v2\/product_cat?post=9799"},{"taxonomy":"product_tag","embeddable":true,"href":"http:\/\/astehshop.com\/index.php\/wp-json\/wp\/v2\/product_tag?post=9799"}],"curies":[{"name":"wp","href":"https:\/\/api.w.org\/{rel}","templated":true}]}}