{"id":9795,"date":"2024-12-15T16:39:10","date_gmt":"2024-12-15T15:39:10","guid":{"rendered":"http:\/\/astehshop.com\/?post_type=product&#038;p=9795"},"modified":"2024-12-15T16:39:12","modified_gmt":"2024-12-15T15:39:12","slug":"uniview-interfon-unutrasnji-monitor-wifi-oei-372s-h-w","status":"publish","type":"product","link":"http:\/\/astehshop.com\/index.php\/product\/uniview-interfon-unutrasnji-monitor-wifi-oei-372s-h-w\/","title":{"rendered":"UniView interfon unutra\u0161nji monitor WIFI OEI-372S-H-W"},"content":{"rendered":"<p><span class=\"HwtZe\" lang=\"bs\"><span class=\"jCAhz ChMk0b\"><span class=\"ryNqvb\">\u010cvrsto ABS ku\u0107i\u0161te i staklena plo\u010da. <\/span><\/span><\/span><\/p>\n<p><span class=\"HwtZe\" lang=\"bs\"><span class=\"jCAhz ChMk0b\"><span class=\"ryNqvb\">1024*600 HD ekran osetljiv na dodir. <\/span><\/span><\/span><\/p>\n<p><span class=\"HwtZe\" lang=\"bs\"><span class=\"jCAhz ChMk0b\"><span class=\"ryNqvb\">Daljinsko otvaranje povezanih vrata, otvaranje jednim klju\u010dem. <\/span><\/span><\/span><\/p>\n<p><span class=\"HwtZe\" lang=\"bs\"><span class=\"jCAhz ChMk0b\"><span class=\"ryNqvb\">Nadzor mre\u017ene kamere, sigurnosni alarm.<\/span><\/span><\/span><\/p>\n","protected":false},"excerpt":{"rendered":"<p><span class=\"HwtZe\" lang=\"bs\"><span class=\"jCAhz ChMk0b\"><span class=\"ryNqvb\">\u010cvrsto ABS ku\u0107i\u0161te i staklena plo\u010da. <\/span><\/span><\/span><\/p>\n<p><span class=\"HwtZe\" lang=\"bs\"><span class=\"jCAhz ChMk0b\"><span class=\"ryNqvb\">1024*600 HD ekran osetljiv na dodir. <\/span><\/span><\/span><\/p>\n<p><span class=\"HwtZe\" lang=\"bs\"><span class=\"jCAhz ChMk0b\"><span class=\"ryNqvb\">Daljinsko otvaranje povezanih vrata, otvaranje jednim klju\u010dem. <\/span><\/span><\/span><\/p>\n<p><span class=\"HwtZe\" lang=\"bs\"><span class=\"jCAhz ChMk0b\"><span class=\"ryNqvb\">Nadzor mre\u017ene kamere, sigurnosni alarm.<\/span><\/span><\/span><\/p>\n","protected":false},"featured_media":9796,"comment_status":"open","ping_status":"closed","template":"","meta":{"_mi_skip_tracking":false,"_exactmetrics_sitenote_active":false,"_exactmetrics_sitenote_note":"","_exactmetrics_sitenote_category":0,"spay_email":""},"product_cat":[2593],"product_tag":[7487,3110,7485,7486],"brands":[{"id":6129,"name":"UNV","slug":"unv"}],"df_price":229,"df_sale_price":"","df_regular_price":229,"df_image_link":"https:\/\/i1.wp.com\/astehshop.com\/wp-content\/uploads\/2024\/12\/OEI-372S-H-W.jpg?fit=450%2C307","jetpack_publicize_connections":[],"jetpack_sharing_enabled":true,"jetpack_likes_enabled":true,"jetpack-related-posts":[{"id":7198,"url":"http:\/\/astehshop.com\/index.php\/product\/pametna-brava-sigurnosna-brava-tuya-zf18\/","url_meta":{"origin":9795,"position":0},"title":"Pametna brava sigurnosna brava Tuya ZF18","date":"28. sije\u010dnja 2023.","format":false,"excerpt":"Pametna brava sigurnosna brava Tuya ZF18 sa otiskom prsta pin kodom karticom aplikacijom Tuya ili TT LOCK klju\u010d za otvaranje u slu\u010daju nedostatka baterije mikro usb konektor punjiva baterija unutar brave povezivanje na va\u0161u wifi mre\u017eu jednostavno pode\u0161avanje i kontrola otvaranje na lice ostavljanje poruka automatsko otvaranje digitalni monitor sa\u2026","rel":"","context":"Srodne objave","img":{"alt_text":"","src":"https:\/\/i1.wp.com\/astehshop.com\/wp-content\/uploads\/2023\/01\/pametna-brava-tuya-zf18.png?fit=1106%2C684&resize=350%2C200","width":350,"height":200},"classes":[]},{"id":7200,"url":"http:\/\/astehshop.com\/index.php\/product\/pametna-brava-sigurnosna-brava-tuya-zf12\/","url_meta":{"origin":9795,"position":1},"title":"Pametna brava sigurnosna brava Tuya ZF12","date":"28. sije\u010dnja 2023.","format":false,"excerpt":"Pametna brava sigurnosna brava Tuya ZF12 sa otiskom prsta pin kodom karticom aplikacijom Tuya ili TT LOCK klju\u010d za otvaranje u slu\u010daju nedostatka baterije mikro usb konektor punjiva baterija unutar brave povezivanje na va\u0161u wifi mre\u017eu jednostavno pode\u0161avanje i kontrola otvaranje na lice ostavljanje poruka automatsko otvaranje digitalni monitor sa\u2026","rel":"","context":"Srodne objave","img":{"alt_text":"","src":"https:\/\/i0.wp.com\/astehshop.com\/wp-content\/uploads\/2023\/01\/zf12-sigurnosna-brava.png?fit=1068%2C708&resize=350%2C200","width":350,"height":200},"classes":[]},{"id":9797,"url":"http:\/\/astehshop.com\/index.php\/product\/uniview-unv-vanjski-interfon-sa-jednim-pozivom-wifi-oeu-201b-hmk-w\/","url_meta":{"origin":9795,"position":2},"title":"UniView UNV vanjski interfon sa jednim pozivom WIFI OEU-201b-hmk-w","date":"15. prosinca 2024.","format":false,"excerpt":"Prednja plo\u010da: Plastika Podr\u017eava\u00a0 konfiguraciju Podr\u017eava interkom pozive povezanim unutarnjim jedinicama ili APP-ovima Podr\u017eava funkciju pra\u0107enja, sigurnosni alarm, neovla\u0161teni alarm Podr\u0161ka za Wi-Fi Ugra\u0111en \u010dita\u010d IC kartica \u00a0","rel":"","context":"Srodne objave","img":{"alt_text":"","src":"https:\/\/i2.wp.com\/astehshop.com\/wp-content\/uploads\/2024\/12\/uniview-1-poziv.jpg?fit=510%2C348&resize=350%2C200","width":350,"height":200},"classes":[]},{"id":5317,"url":"http:\/\/astehshop.com\/index.php\/product\/zicni-video-interfon-7-lcd-elektro-otvaranje-vrata\/","url_meta":{"origin":9795,"position":3},"title":"\u017di\u010dni video interfon, 7&#8243; LCD elektro otvaranje vrata","date":"10. listopada 2021.","format":false,"excerpt":"Kolor video interfon, mogu\u010dnost pro\u0161irenja u svestran sustav sigurnosti, 7\" (17,5 cm) izuzetno tanak monitor rezolucije 800 x 480 i vanjska jedinica sa kamerom. Pro\u0161irivost: 2 vanjske jedinice sa kamerom, 3 unutarnje jedinice s monitorom, 2 nadzorne kamere, 2 senzora za otvaranje brave, televizijski izlaz. Snimanje video zapisa i fotografisanje\u2026","rel":"","context":"Srodne objave","img":{"alt_text":"","src":"https:\/\/i2.wp.com\/astehshop.com\/wp-content\/uploads\/2021\/10\/slika-1854472-60c388661f635-velika.jpg?fit=1152%2C1044&resize=350%2C200","width":350,"height":200},"classes":[]},{"id":4003,"url":"http:\/\/astehshop.com\/index.php\/product\/paradox-gs250-detektor-pokreta-po-vise-osi\/","url_meta":{"origin":9795,"position":4},"title":"Paradox GS250 detektor pokreta po vi\u0161e osi","date":"18. velja\u010de 2020.","format":false,"excerpt":"\u2022 Akcelerometar po vi\u0161e osi \u2022 Dvostruki anti-sabota\u017eni prekida\u010d za uklanjanje ili otvaranje ure\u0111aja \u2022 Prilagodljiva osjetljivost \u2022 LED prikaz stanja (pokret, tamper, prijava na sustav) \u2022 Nadzor stanja baterije i RF smetnji \u2022 Energy Save Mode","rel":"","context":"Srodne objave","img":{"alt_text":"","src":"https:\/\/i2.wp.com\/astehshop.com\/wp-content\/uploads\/2020\/02\/GS250.png?fit=328%2C355&resize=350%2C200","width":350,"height":200},"classes":[]},{"id":4736,"url":"http:\/\/astehshop.com\/index.php\/product\/plasticno-kuciste-za-kameru-b116-video-nadzor\/","url_meta":{"origin":9795,"position":5},"title":"Plasti\u010dno ku\u0107i\u0161te za kameru B116 video nadzor","date":"26. rujna 2020.","format":false,"excerpt":"Plasti\u010dno ku\u0107i\u0161te za kameru B116 video nadzor","rel":"","context":"Srodne objave","img":{"alt_text":"","src":"https:\/\/i1.wp.com\/astehshop.com\/wp-content\/uploads\/2020\/09\/Plasticno-kuciste-B116.jpg?fit=800%2C800&resize=350%2C200","width":350,"height":200},"classes":[]}],"_links":{"self":[{"href":"http:\/\/astehshop.com\/index.php\/wp-json\/wp\/v2\/product\/9795"}],"collection":[{"href":"http:\/\/astehshop.com\/index.php\/wp-json\/wp\/v2\/product"}],"about":[{"href":"http:\/\/astehshop.com\/index.php\/wp-json\/wp\/v2\/types\/product"}],"replies":[{"embeddable":true,"href":"http:\/\/astehshop.com\/index.php\/wp-json\/wp\/v2\/comments?post=9795"}],"wp:featuredmedia":[{"embeddable":true,"href":"http:\/\/astehshop.com\/index.php\/wp-json\/wp\/v2\/media\/9796"}],"wp:attachment":[{"href":"http:\/\/astehshop.com\/index.php\/wp-json\/wp\/v2\/media?parent=9795"}],"wp:term":[{"taxonomy":"product_cat","embeddable":true,"href":"http:\/\/astehshop.com\/index.php\/wp-json\/wp\/v2\/product_cat?post=9795"},{"taxonomy":"product_tag","embeddable":true,"href":"http:\/\/astehshop.com\/index.php\/wp-json\/wp\/v2\/product_tag?post=9795"}],"curies":[{"name":"wp","href":"https:\/\/api.w.org\/{rel}","templated":true}]}}