{"id":9736,"date":"2024-11-24T17:39:53","date_gmt":"2024-11-24T16:39:53","guid":{"rendered":"http:\/\/astehshop.com\/?post_type=product&#038;p=9736"},"modified":"2024-11-24T17:39:54","modified_gmt":"2024-11-24T16:39:54","slug":"mrezni-kabel-60cm-sl-cat606bk-crni","status":"publish","type":"product","link":"http:\/\/astehshop.com\/index.php\/product\/mrezni-kabel-60cm-sl-cat606bk-crni\/","title":{"rendered":"Mre\u017eni kabel 60cm SL-CAT606BK Crni"},"content":{"rendered":"<p>Mre\u017eni kabel 60cm<\/p>\n<p>Proizvo\u0111a\u010d: S-Link<br \/>\nModel: SL-CAT606BK<br \/>\nBoja: Crna<br \/>\nDu\u017eina: 60cm<br \/>\nKategorija: CAT 6<\/p>\n","protected":false},"excerpt":{"rendered":"<p>Mre\u017eni kabel 60cm<\/p>\n<p>Proizvo\u0111a\u010d: S-Link<br \/>\nModel: SL-CAT606BK<br \/>\nBoja: Crna<br \/>\nDu\u017eina: 60cm<br \/>\nKategorija: CAT 6<\/p>\n","protected":false},"featured_media":9737,"comment_status":"open","ping_status":"closed","template":"","meta":{"_mi_skip_tracking":false,"_exactmetrics_sitenote_active":false,"_exactmetrics_sitenote_note":"","_exactmetrics_sitenote_category":0,"spay_email":""},"product_cat":[3684],"product_tag":[435,3186,7457,3177,7456],"brands":[],"df_price":3,"df_sale_price":"","df_regular_price":3,"df_image_link":"https:\/\/i1.wp.com\/astehshop.com\/wp-content\/uploads\/2024\/11\/Mrezni-kabel-60cm-SL-CAT606BK-Crni.jpg?fit=450%2C450","jetpack_publicize_connections":[],"jetpack_sharing_enabled":true,"jetpack_likes_enabled":true,"jetpack-related-posts":[{"id":9740,"url":"http:\/\/astehshop.com\/index.php\/product\/mrezni-kabel-10m-cat6-sl-cat610bl\/","url_meta":{"origin":9736,"position":0},"title":"Mre\u017eni kabel 10m CAT6 SL-CAT610BL","date":"24. studenoga 2024.","format":false,"excerpt":"Mre\u017eni kabel 10m CAT6 SL-CAT610BL","rel":"","context":"Srodne objave","img":{"alt_text":"","src":"https:\/\/i2.wp.com\/astehshop.com\/wp-content\/uploads\/2024\/11\/Mrezni-kabel-10m-CAT6-SL-CAT610BL.jpg?fit=700%2C500&resize=350%2C200","width":350,"height":200},"classes":[]},{"id":5391,"url":"http:\/\/astehshop.com\/index.php\/product\/mrezni-kabal-cat5e-outdoor-vanjski-305-metara-bunt\/","url_meta":{"origin":9736,"position":1},"title":"Mre\u017eni kabal CAT5E-OUTDOOR vanjski 305 metara bunt","date":"11. listopada 2021.","format":false,"excerpt":"UTP Cat5e outdoor cable, Conductor: 0.5mm CCA, Boja: Crna Du\u017eina: 305m\/drveni kolut, te\u017eina: 9,925 kg","rel":"","context":"Srodne objave","img":{"alt_text":"","src":"https:\/\/i2.wp.com\/astehshop.com\/wp-content\/uploads\/2021\/10\/ccs-cat5e-utp-cable-lszh-outer-sheath.jpg?fit=800%2C800&resize=350%2C200","width":350,"height":200},"classes":[]},{"id":5840,"url":"http:\/\/astehshop.com\/index.php\/product\/rj-45-konektori-sl-cob8p-100-komada\/","url_meta":{"origin":9736,"position":2},"title":"RJ-45 Konektori SL-COB8P 100 komada","date":"23. sije\u010dnja 2022.","format":false,"excerpt":"RJ-45 Konektori Proizvo\u0111a\u010d: S-Link Model: SL-COB8P Pakiranje 100 Komada Tip: CAT 5 RJ45","rel":"","context":"Srodne objave","img":{"alt_text":"","src":"https:\/\/i2.wp.com\/astehshop.com\/wp-content\/uploads\/2022\/01\/RJ-45-Konektori-SL-COB8P.jpg?fit=700%2C500&resize=350%2C200","width":350,"height":200},"classes":[]},{"id":5392,"url":"http:\/\/astehshop.com\/index.php\/product\/mrezni-kabal-cat6e-outdoor-vanjski-305-metara-bunt\/","url_meta":{"origin":9736,"position":3},"title":"Mre\u017eni kabal CAT6E-OUTDOOR vanjski 305 Metara bunt","date":"11. listopada 2021.","format":false,"excerpt":"UTP Cat6 outdoor cable, Conductor: 0.5mm CCA, Boja: Crna, Du\u017eina: 305m\/drveni kolut, te\u017eina: 11,075 kg","rel":"","context":"Srodne objave","img":{"alt_text":"","src":"https:\/\/i2.wp.com\/astehshop.com\/wp-content\/uploads\/2021\/10\/ccs-cat5e-utp-cable-lszh-outer-sheath.jpg?fit=800%2C800&resize=350%2C200","width":350,"height":200},"classes":[]},{"id":5833,"url":"http:\/\/astehshop.com\/index.php\/product\/s-link-sl-4131a-krone-pliers\/","url_meta":{"origin":9736,"position":4},"title":"S-Link SL-4131A Krone Pliers","date":"23. sije\u010dnja 2022.","format":false,"excerpt":"Impact and punch own tool - Phone Krone Pliers Proizvo\u0111a\u010d: S-link Model: SL-4131A Boja: siva","rel":"","context":"Srodne objave","img":{"alt_text":"","src":"https:\/\/i2.wp.com\/astehshop.com\/wp-content\/uploads\/2022\/01\/S-Link-SL-4131A-Krone-Pliers.jpg?fit=700%2C500&resize=350%2C200","width":350,"height":200},"classes":[]},{"id":5390,"url":"http:\/\/astehshop.com\/index.php\/product\/mrezni-kabal-ftp-cat6-305-metara\/","url_meta":{"origin":9736,"position":5},"title":"Mre\u017eni kabal FTP-CAT6 305 metara","date":"11. listopada 2021.","format":false,"excerpt":"FTP Cat6 lan cable, Conductor: 0.5mm CCA, Boja: Plava, Du\u017eina: 305m\/kutija, Pakovanje: CPU kutija, te\u017eina: 10,15 kg","rel":"","context":"Srodne objave","img":{"alt_text":"","src":"https:\/\/i2.wp.com\/astehshop.com\/wp-content\/uploads\/2021\/10\/ccs-cat5e-utp-cable-lszh-outer-sheath.jpg?fit=800%2C800&resize=350%2C200","width":350,"height":200},"classes":[]}],"_links":{"self":[{"href":"http:\/\/astehshop.com\/index.php\/wp-json\/wp\/v2\/product\/9736"}],"collection":[{"href":"http:\/\/astehshop.com\/index.php\/wp-json\/wp\/v2\/product"}],"about":[{"href":"http:\/\/astehshop.com\/index.php\/wp-json\/wp\/v2\/types\/product"}],"replies":[{"embeddable":true,"href":"http:\/\/astehshop.com\/index.php\/wp-json\/wp\/v2\/comments?post=9736"}],"wp:featuredmedia":[{"embeddable":true,"href":"http:\/\/astehshop.com\/index.php\/wp-json\/wp\/v2\/media\/9737"}],"wp:attachment":[{"href":"http:\/\/astehshop.com\/index.php\/wp-json\/wp\/v2\/media?parent=9736"}],"wp:term":[{"taxonomy":"product_cat","embeddable":true,"href":"http:\/\/astehshop.com\/index.php\/wp-json\/wp\/v2\/product_cat?post=9736"},{"taxonomy":"product_tag","embeddable":true,"href":"http:\/\/astehshop.com\/index.php\/wp-json\/wp\/v2\/product_tag?post=9736"}],"curies":[{"name":"wp","href":"https:\/\/api.w.org\/{rel}","templated":true}]}}