{"id":9732,"date":"2024-11-24T13:45:51","date_gmt":"2024-11-24T12:45:51","guid":{"rendered":"http:\/\/astehshop.com\/?post_type=product&#038;p=9732"},"modified":"2024-11-24T13:45:53","modified_gmt":"2024-11-24T12:45:53","slug":"raspberry-pi-5-model-b-8gb","status":"publish","type":"product","link":"http:\/\/astehshop.com\/index.php\/product\/raspberry-pi-5-model-b-8gb\/","title":{"rendered":"Raspberry Pi 5 Model B 8GB"},"content":{"rendered":"<div class=\"row\">\n<div class=\"col-xs-12\">\n<div class=\"opis\">Raspberry Pi 5 temelji se na fenomenalnom uspjehu Raspberry Pi 4.<br \/>\nU usporedbi sa svojim prethodnikom, pru\u017ea 2-3x pove\u0107anje CPU performansi i zna\u010dajno pobolj\u0161anje GPU performansi, zajedno s pobolj\u0161anjima kamere, zaslona i USB su\u010delja .<\/p>\n<p>Ova pobolj\u0161anja su\u010delja osigurava \u010dip RP1 I\/O kontrolera, koji je interno dizajnirao Raspberry Pi.<br \/>\nDakle, po prvi put postoji pravi Raspberry Pi silikon u njihovom vode\u0107em proizvodu!<\/p>\n<p>Raspberry Pi 5 ima nekoliko zna\u010dajnih pobolj\u0161anja u odnosu na prethodne modele, uklju\u010duju\u0107i:<\/p>\n<p>Gumb za napajanje na plo\u010di<br \/>\n2-3 puta br\u017ee zahvaljuju\u0107i novom procesoru<br \/>\nBr\u017ei pristup SD kartici<br \/>\n2 priklju\u010dka za kameru\/zaslon (omogu\u0107uju spajanje in2 zaslonain ILI in2 kamerein ILI in1 kamere i 1 zaslonain)<br \/>\nRTC mogu\u0107nost s baterijskim modulom koji se prodaje odvojeno<br \/>\nPCIe 2.0 x1 su\u010delje za PCIe HAT koji se prodaje zasebno, \u0161to omogu\u0107uje brze mogu\u0107nosti pro\u0161irenja<br \/>\nOdvojeni FAN priklju\u010dak, dr\u017ee\u0107i GPIO priklju\u010dke dostupnima kada koristite ventilator<br \/>\nOdvojeni UART konektor za Raspberry Pi Debug Probe<\/p>\n<p>Tehni\u010dki podaci:<br \/>\n2,4 GHz \u010detverojezgreni, 64-bitni Arm Cortex-A76 CPU, s 512 KB L2 predmemorije i 2 MB dijeljene L3 predmemorije<br \/>\nVideoCore VII GPU<br \/>\nLPDDR4X-4267 SDRAM (samo 4 GB i 8 GB dostupno pri lansiranju)<br \/>\n2,4 GHz i 5,0 GHz 802.11ac Wi-Fi<br \/>\nBluetooth 5.0 \/ Bluetooth Low Energy (BLE)<br \/>\nUtor za mikro SD karticu, s podr\u0161kom za SDR104 na\u010din rada velike brzine<br \/>\n2 \u00d7 USB 3.0 priklju\u010dka, podr\u017eavaju istovremeni rad od 5 Gbps<br \/>\n2 \u00d7 USB 2.0 porta<br \/>\nGigabit Ethernet, s PoE+ podr\u0161kom (Napomena: ovo zahtijeva NOVI PoE+ HAT)<br \/>\n2 \u00d7 4 trake MIPI primopredajnici za kameru\/zaslon<br \/>\nPCIe 2.0 x1 su\u010delje za brze periferije<\/p>\n<p>Raspberry Pi je revolucionarna platforma koja je promijenila na\u010din na koji ljudi pristupaju programiranju, elektronici i stvaranju inovativnih projekata. Kao jedan od najpopularnijih jednokarti\u010dnih ra\u010dunara, Raspberry Pi je postao omiljeni alat za hobiste, studente, edukatore i profesionalce \u0161irom svijeta. Raspberry Pi kombinira mo\u0107an hardver, jednostavnost kori\u0161tenja i fleksibilnost kako bi omogu\u0107io \u0161irok spektar mogu\u0107nosti. Bilo da se radi o stvaranju IoT (Internet of Things) ure\u0111aja, robotskih projekata, multimedijalnih centara ili razvoju softvera, Raspberry Pi nudi sve potrebne alate i resurse. Jedna od najve\u0107ih prednosti Raspberry Pi platforme je njezina otvorenost i podr\u0161ka \u0161iroke zajednice korisnika. Postoji mno\u0161tvo projekata, tutorijala i foruma gdje korisnici mogu razmjenjivati ideje, rje\u0161avati probleme i inspirirati se me\u0111usobno. Raspberry Pi je stvorio prostor za kreativnost, inovacije i suradnju. Raspberry Pi dolazi s razli\u010ditim dodacima i modulima koji omogu\u0107uju pro\u0161irenje funkcionalnosti. Bilo da se radi o dodavanju senzora, kamera, zaslona ili be\u017ei\u010dne povezivosti, Raspberry Pi je prilagodljiv i pru\u017ea mogu\u0107nost da prilagodi\u0161 svoj projekt prema svojim potrebama.<\/p><\/div>\n<\/div>\n<\/div>\n<div class=\"row\">\n<div class=\"col-xs-12\">\n<div class=\"categories-switch-list\">\n<div>\n<hr \/>\n<\/div>\n<\/div>\n<\/div>\n<\/div>\n","protected":false},"excerpt":{"rendered":"<div class=\"row\">\n<div class=\"col-xs-12\">\n<div class=\"opis\">Raspberry Pi 5 temelji se na fenomenalnom uspjehu Raspberry Pi 4.<br \/>\nU usporedbi sa svojim prethodnikom, pru\u017ea 2-3x pove\u0107anje CPU performansi i zna\u010dajno pobolj\u0161anje GPU performansi, zajedno s pobolj\u0161anjima kamere, zaslona i USB su\u010delja .<\/p>\n<p>Ova pobolj\u0161anja su\u010delja osigurava \u010dip RP1 I\/O kontrolera, koji je interno dizajnirao Raspberry Pi.<br \/>\nDakle, po prvi put postoji pravi Raspberry Pi silikon u njihovom vode\u0107em proizvodu!<\/p>\n<p>Raspberry Pi 5 ima nekoliko zna\u010dajnih pobolj\u0161anja u odnosu na prethodne modele, uklju\u010duju\u0107i:<\/p>\n<p>Gumb za napajanje na plo\u010di<br \/>\n2-3 puta br\u017ee zahvaljuju\u0107i novom procesoru<br \/>\nBr\u017ei pristup SD kartici<br \/>\n2 priklju\u010dka za kameru\/zaslon (omogu\u0107uju spajanje in2 zaslonain ILI in2 kamerein ILI in1 kamere i 1 zaslonain)<br \/>\nRTC mogu\u0107nost s baterijskim modulom koji se prodaje odvojeno<br \/>\nPCIe 2.0 x1 su\u010delje za PCIe HAT koji se prodaje zasebno, \u0161to omogu\u0107uje brze mogu\u0107nosti pro\u0161irenja<br \/>\nOdvojeni FAN priklju\u010dak, dr\u017ee\u0107i GPIO priklju\u010dke dostupnima kada koristite ventilator<br \/>\nOdvojeni UART konektor za Raspberry Pi Debug Probe<\/p>\n<p>Tehni\u010dki podaci:<br \/>\n2,4 GHz \u010detverojezgreni, 64-bitni Arm Cortex-A76 CPU, s 512 KB L2 predmemorije i 2 MB dijeljene L3 predmemorije<br \/>\nVideoCore VII GPU<br \/>\nLPDDR4X-4267 SDRAM (samo 4 GB i 8 GB dostupno pri lansiranju)<br \/>\n2,4 GHz i 5,0 GHz 802.11ac Wi-Fi<br \/>\nBluetooth 5.0 \/ Bluetooth Low Energy (BLE)<br \/>\nUtor za mikro SD karticu, s podr\u0161kom za SDR104 na\u010din rada velike brzine<br \/>\n2 \u00d7 USB 3.0 priklju\u010dka, podr\u017eavaju istovremeni rad od 5 Gbps<br \/>\n2 \u00d7 USB 2.0 porta<br \/>\nGigabit Ethernet, s PoE+ podr\u0161kom (Napomena: ovo zahtijeva NOVI PoE+ HAT)<br \/>\n2 \u00d7 4 trake MIPI primopredajnici za kameru\/zaslon<br \/>\nPCIe 2.0 x1 su\u010delje za brze periferije<\/p>\n<p>Raspberry Pi je revolucionarna platforma koja je promijenila na\u010din na koji ljudi pristupaju programiranju, elektronici i stvaranju inovativnih projekata. Kao jedan od najpopularnijih jednokarti\u010dnih ra\u010dunara, Raspberry Pi je postao omiljeni alat za hobiste, studente, edukatore i profesionalce \u0161irom svijeta. Raspberry Pi kombinira mo\u0107an hardver, jednostavnost kori\u0161tenja i fleksibilnost kako bi omogu\u0107io \u0161irok spektar mogu\u0107nosti. Bilo da se radi o stvaranju IoT (Internet of Things) ure\u0111aja, robotskih projekata, multimedijalnih centara ili razvoju softvera, Raspberry Pi nudi sve potrebne alate i resurse. Jedna od najve\u0107ih prednosti Raspberry Pi platforme je njezina otvorenost i podr\u0161ka \u0161iroke zajednice korisnika. Postoji mno\u0161tvo projekata, tutorijala i foruma gdje korisnici mogu razmjenjivati ideje, rje\u0161avati probleme i inspirirati se me\u0111usobno. Raspberry Pi je stvorio prostor za kreativnost, inovacije i suradnju. Raspberry Pi dolazi s razli\u010ditim dodacima i modulima koji omogu\u0107uju pro\u0161irenje funkcionalnosti. Bilo da se radi o dodavanju senzora, kamera, zaslona ili be\u017ei\u010dne povezivosti, Raspberry Pi je prilagodljiv i pru\u017ea mogu\u0107nost da prilagodi\u0161 svoj projekt prema svojim potrebama.<\/p><\/div>\n<\/div>\n<\/div>\n<div class=\"row\">\n<div class=\"col-xs-12\">\n<div class=\"categories-switch-list\">\n<div>\n<hr \/>\n<\/div>\n<\/div>\n<\/div>\n<\/div>\n","protected":false},"featured_media":9733,"comment_status":"open","ping_status":"closed","template":"","meta":{"_mi_skip_tracking":false,"_exactmetrics_sitenote_active":false,"_exactmetrics_sitenote_note":"","_exactmetrics_sitenote_category":0,"spay_email":""},"product_cat":[156],"product_tag":[7450,7448,7446,7447,7449],"brands":[],"df_price":269,"df_sale_price":"","df_regular_price":269,"df_image_link":"https:\/\/i0.wp.com\/astehshop.com\/wp-content\/uploads\/2024\/11\/Raspberry-Pi-5-Model-B-8GB.jpg?fit=365%2C450","jetpack_publicize_connections":[],"jetpack_sharing_enabled":true,"jetpack_likes_enabled":true,"jetpack-related-posts":[{"id":8066,"url":"http:\/\/astehshop.com\/index.php\/product\/pretvarac-napona-sa-12v-na-220v-2000w\/","url_meta":{"origin":9732,"position":0},"title":"PRETVARAC NAPONA SA 12V NA 220V 2000W","date":"13. kolovoza 2023.","format":false,"excerpt":"PRETVARAC SE PRIKLJUCI SA KABLOVIMA KOJI DOLAZE U OVOM SETU NA AKUMULATOR 12V ILI AUTO PUNJAC A NA DRUGOJ STRANI PRETVARACA SE NALAZI UTIKAC SA IZLAZOM OD 220V U KOJI MOZETE PRIKLJUCITI I PRODUZNO KABLO SAMIM TIM IMATE MOGUCNOST PRIKLJUCENJA VISE UREDJAJA. \u00a0 IDEALAN ZA CENTRALNA GRIJANJA, MEJSTA GDJE NEMATE\u2026","rel":"","context":"Srodne objave","img":{"alt_text":"","src":"https:\/\/i1.wp.com\/astehshop.com\/wp-content\/uploads\/2023\/08\/inverter-dc-to-ac.jpg?fit=1200%2C831&resize=350%2C200","width":350,"height":200},"classes":[]},{"id":8067,"url":"http:\/\/astehshop.com\/index.php\/product\/pretvarac-napona-sa-12v-na-220v-3000w\/","url_meta":{"origin":9732,"position":1},"title":"PRETVARAC NAPONA SA 12V NA 220V 3000W","date":"13. kolovoza 2023.","format":false,"excerpt":"PRETVARAC SE PRIKLJUCI SA KABLOVIMA KOJI DOLAZE U OVOM SETU NA AKUMULATOR 12V ILI AUTO PUNJAC A NA DRUGOJ STRANI PRETVARACA SE NALAZI UTIKAC SA IZLAZOM OD 220V U KOJI MOZETE PRIKLJUCITI I PRODUZNO KABLO SAMIM TIM IMATE MOGUCNOST PRIKLJUCENJA VISE UREDJAJA. IDEALAN ZA CENTRALNA GRIJANJA, MEJSTA GDJE NEMATE ELEKTRICNU\u2026","rel":"","context":"Srodne objave","img":{"alt_text":"","src":"https:\/\/i1.wp.com\/astehshop.com\/wp-content\/uploads\/2023\/08\/3000w.jpg?fit=771%2C696&resize=350%2C200","width":350,"height":200},"classes":[]},{"id":8059,"url":"http:\/\/astehshop.com\/index.php\/product\/pretvarac-napona-sa-12v-na-220v-300w\/","url_meta":{"origin":9732,"position":2},"title":"PRETVARAC NAPONA SA 12V NA 220V 300W","date":"13. kolovoza 2023.","format":false,"excerpt":"PRETVARAC SE PRIKLJUCI SA KABLOVIMA KOJI DOLAZE U OVOM SETU NA AKUMULATOR 12V ILI AUTO PUNJAC A NA DRUGOJ STRANI PRETVARACA SE NALAZI UTIKAC SA IZLAZOM OD 220V U KOJI MOZETE PRIKLJUCITI I PRODUZNO KABLO SAMIM TIM IMATE MOGUCNOST PRIKLJUCENJA VISE UREDJAJA. \u00a0 IDEALAN ZA CENTRALNA GRIJANJA, MEJSTA GDJE NEMATE\u2026","rel":"","context":"Srodne objave","img":{"alt_text":"","src":"https:\/\/i1.wp.com\/astehshop.com\/wp-content\/uploads\/2023\/08\/inverter-dc-to-ac.jpg?fit=1200%2C831&resize=350%2C200","width":350,"height":200},"classes":[]},{"id":8064,"url":"http:\/\/astehshop.com\/index.php\/product\/pretvarac-napona-sa-12v-na-220v-1500w\/","url_meta":{"origin":9732,"position":3},"title":"PRETVARAC NAPONA SA 12V NA 220V 1500W","date":"13. kolovoza 2023.","format":false,"excerpt":"PRETVARAC SE PRIKLJUCI SA KABLOVIMA KOJI DOLAZE U OVOM SETU NA AKUMULATOR 12V ILI AUTO PUNJAC A NA DRUGOJ STRANI PRETVARACA SE NALAZI UTIKAC SA IZLAZOM OD 220V U KOJI MOZETE PRIKLJUCITI I PRODUZNO KABLO SAMIM TIM IMATE MOGUCNOST PRIKLJUCENJA VISE UREDJAJA. \u00a0 IDEALAN ZA CENTRALNA GRIJANJA, MEJSTA GDJE NEMATE\u2026","rel":"","context":"Srodne objave","img":{"alt_text":"","src":"https:\/\/i1.wp.com\/astehshop.com\/wp-content\/uploads\/2023\/08\/inverter-dc-to-ac.jpg?fit=1200%2C831&resize=350%2C200","width":350,"height":200},"classes":[]},{"id":8062,"url":"http:\/\/astehshop.com\/index.php\/product\/pretvarac-napona-sa-12v-na-220v-1000w\/","url_meta":{"origin":9732,"position":4},"title":"PRETVARAC NAPONA SA 12V NA 220V 1000W","date":"13. kolovoza 2023.","format":false,"excerpt":"PRETVARAC SE PRIKLJUCI SA KABLOVIMA KOJI DOLAZE U OVOM SETU NA AKUMULATOR 12V ILI AUTO PUNJAC A NA DRUGOJ STRANI PRETVARACA SE NALAZI UTIKAC SA IZLAZOM OD 220V U KOJI MOZETE PRIKLJUCITI I PRODUZNO KABLO SAMIM TIM IMATE MOGUCNOST PRIKLJUCENJA VISE UREDJAJA. \u00a0 IDEALAN ZA CENTRALNA GRIJANJA, MEJSTA GDJE NEMATE\u2026","rel":"","context":"Srodne objave","img":{"alt_text":"","src":"https:\/\/i1.wp.com\/astehshop.com\/wp-content\/uploads\/2023\/08\/inverter-dc-to-ac.jpg?fit=1200%2C831&resize=350%2C200","width":350,"height":200},"classes":[]},{"id":8070,"url":"http:\/\/astehshop.com\/index.php\/product\/pretvarac-napona-sa-12v-na-220v-4000w\/","url_meta":{"origin":9732,"position":5},"title":"PRETVARAC NAPONA SA 12V NA 220V 4000W","date":"13. kolovoza 2023.","format":false,"excerpt":"PRETVARAC SE PRIKLJUCI SA KABLOVIMA KOJI DOLAZE U OVOM SETU NA AKUMULATOR 12V ILI AUTO PUNJAC A NA DRUGOJ STRANI PRETVARACA SE NALAZI UTIKAC SA IZLAZOM OD 220V U KOJI MOZETE PRIKLJUCITI I PRODUZNO KABLO SAMIM TIM IMATE MOGUCNOST PRIKLJUCENJA VISE UREDJAJA. IDEALAN ZA CENTRALNA GRIJANJA, MEJSTA GDJE NEMATE ELEKTRICNU\u2026","rel":"","context":"Srodne objave","img":{"alt_text":"","src":"https:\/\/i1.wp.com\/astehshop.com\/wp-content\/uploads\/2023\/08\/3000w.jpg?fit=771%2C696&resize=350%2C200","width":350,"height":200},"classes":[]}],"_links":{"self":[{"href":"http:\/\/astehshop.com\/index.php\/wp-json\/wp\/v2\/product\/9732"}],"collection":[{"href":"http:\/\/astehshop.com\/index.php\/wp-json\/wp\/v2\/product"}],"about":[{"href":"http:\/\/astehshop.com\/index.php\/wp-json\/wp\/v2\/types\/product"}],"replies":[{"embeddable":true,"href":"http:\/\/astehshop.com\/index.php\/wp-json\/wp\/v2\/comments?post=9732"}],"wp:featuredmedia":[{"embeddable":true,"href":"http:\/\/astehshop.com\/index.php\/wp-json\/wp\/v2\/media\/9733"}],"wp:attachment":[{"href":"http:\/\/astehshop.com\/index.php\/wp-json\/wp\/v2\/media?parent=9732"}],"wp:term":[{"taxonomy":"product_cat","embeddable":true,"href":"http:\/\/astehshop.com\/index.php\/wp-json\/wp\/v2\/product_cat?post=9732"},{"taxonomy":"product_tag","embeddable":true,"href":"http:\/\/astehshop.com\/index.php\/wp-json\/wp\/v2\/product_tag?post=9732"}],"curies":[{"name":"wp","href":"https:\/\/api.w.org\/{rel}","templated":true}]}}