{"id":9730,"date":"2024-11-24T11:02:09","date_gmt":"2024-11-24T10:02:09","guid":{"rendered":"http:\/\/astehshop.com\/?post_type=product&#038;p=9730"},"modified":"2024-11-24T11:02:10","modified_gmt":"2024-11-24T10:02:10","slug":"playstation-5-slim-d-ch-gratis-destruction-allstars-ea-sports-fifa-25","status":"publish","type":"product","link":"http:\/\/astehshop.com\/index.php\/product\/playstation-5-slim-d-ch-gratis-destruction-allstars-ea-sports-fifa-25\/","title":{"rendered":"Playstation 5 Slim D ch + gratis Destruction AllStars + EA Sports FIFA 25"},"content":{"rendered":"<p><strong>PLAYSTATION 5 SLIM D CHASSIS<\/strong><br \/>\nUz konzolu PS5\u00ae igra\u010di dobiju sna\u017enu tehnologiju igre koja se nalazi unutar ugla\u0111enog i kompaktnog dizajna konzole.<br \/>\nOmiljena igra neka vam je spremna i \u010deka da usko\u010dite i igrate uz 1 TB SSD pohrane koja je ugra\u0111ena.<br \/>\nNa konzoli PS5\u00ae mo\u017ee se igrati vi\u0161e od 4000 PS4\u00ae igara. Uz zna\u010dajku Game Boost mo\u017eete \u010dak u\u017eivati u br\u017eim i gla\u0111im promjenama kadrova u nekim od najboljih igra za konzolu PS4.<br \/>\nPri postavljanju potrebna je internetska veza kako biste uparili diskovni pogon i konzolu PS5\u00ae.<br \/>\n<strong>IZRAZITO BRZ SSD DISK<\/strong><br \/>\nIzvucite najvi\u0161e iz vremena provedenog u igri uz gotovo trenuta\u010dno u\u010ditavanje instaliranih igara za PS5&#x2122;.<br \/>\n<strong>INTEGRIRANI ULAZNO-IZLAZNI SUSTAV<\/strong><br \/>\nPrilago\u0111ena integracija sustava konzole PS5&#x2122; omogu\u0107uje kreatorima da povla\u010de podatke sa SSD diska tako brzo da sada mogu stvarati igre na na\u010dine koji su prije bili nezamislivi.<br \/>\n<strong>PRA\u0106ENJE ZRAKA SVJETLOSTI<\/strong><br \/>\nUronite u svjetove na novoj razini realnosti u kojoj je svaka zraka svjetlosti pojedina\u010dno simulirana pa sjene i odrazi u podr\u017eanim igrama za PS5&#x2122; nalikuju pravima.<br \/>\n<strong>DO 120 SLI\u010cICA U SEKUNDI UZ IZLAZNU FREKVENCIJU OD 120 HZ<\/strong><br \/>\nU\u017eivajte u ujedna\u010denom i te\u010dnom igranju pri visokom broju sli\u010dica u sekundi koji za kompatibilne igre mo\u017ee dose\u0107i 120 sli\u010dica uz podr\u0161ku za izlaznu frekvenciju od 120 Hz na 4K zaslonima.<br \/>\n<strong>TEHNOLOGIJA HDR<\/strong><br \/>\nNa HDR televizorima podr\u017eane se igre za PS5&#x2122; prikazuju u nevjerojatno \u017eivopisnom i uvjerljivom rasponu boja.<br \/>\n<strong>TEMPEST 3D AUDIOTECH<\/strong><br \/>\nUronite u zvu\u010dne krajolike u kojima se \u010dini da zvuk dolazi iz svih smjerova. Tempest 3D AudioTech u podr\u017eanim igrama putem slu\u0161alica ili zvu\u010dnika televizora uistinu o\u017eivljava va\u0161e okru\u017eenje.<br \/>\n<strong>ADAPTIVNI OKIDA\u010cI<\/strong><br \/>\nSvladajte sveobuhvatne adaptivne okida\u010de s dinami\u010dkim razinama otpora koji simuliraju fizi\u010dki udar onoga \u0161to se doga\u0111a u odabranim igrama za PS5&#x2122;.<br \/>\n<strong>PAKIRANJE SADR\u017dI:<\/strong><br \/>\nPS5&#x2122; konzola (1TB SSD) \u2013 Blu-Ray \u201cDisk\u201d verzija \u2013 D Chassis (CFI-2016)<br \/>\nPS5 DualSense Wireless controller<br \/>\nHDMI\u00ae kabel<br \/>\nKabel za napajanje<br \/>\nUSB kabel za punjenje kontrolera<\/p>\n<p><strong>GRATIS EA Sports FIFA 25 PS5<\/strong><br \/>\nUdru\u017eite se u 5v5 Rush, novom na\u010dinu igranja s prijateljima u Football Ultimate Team&#x2122;, Clubs i Kick-Off s brzim igranjem malih strana.<br \/>\nRevizija takti\u010dkih temelja u igri donosi ve\u0107u strate\u0161ku kontrolu i realisti\u010dnije kolektivno kretanje na razini tima. FC IQ tako\u0111er koristi novi AI model, pokretan podacima iz stvarnog svijeta, kako bi utjecao na taktiku igra\u010da kroz potpuno nove Uloge igra\u010da.<br \/>\nOdaberite svoj omiljeni predmet za igra\u010da i udru\u017eite se s prijateljima u 5v5 Rush utakmicama. Promijenite svoj stil igre jednim pritiskom na gumb kori\u0161tenjem menad\u017eerskih stavki i prona\u0111ite savr\u0161enu sinergiju izme\u0111u svojih stavki igra\u010da na temelju odre\u0111enih uloga igra\u010da.<br \/>\nPro\u017eivite najve\u0107e pri\u010de iz stvarnog svijeta uz Live Start Points** (sti\u017ee kao a\u017euriranje nakon lansiranja); ponovno napisati pri\u010de o pro\u0161lim IKONAMA s dana\u0161njim timovima u karijeri igra\u010da; i igrajte autenti\u010dno iskustvo \u017eenske karijere koriste\u0107i klub ili igra\u010dicu iz pet najboljih \u017eenskih liga. **Bit \u0107e objavljeno s a\u017euriranjem nakon lansiranja. Za vi\u0161e detalja i dostupnost posjetite ea.com\/games\/ea-sports-fc\/fc-25\/disclaimers.<br \/>\nIgrajte, pobje\u0111ujte i napredujte s prijateljima na vi\u0161e na\u010dina nego ikada prije. Pove\u017eite se s klupskim kolegama u svom novom klubu i pogledajte avatare prijatelja kada u\u0111u u na\u010din rada. Podignite svoj klub do novih visina s Facilities i poka\u017eite svoje vje\u0161tine u Clubs Rushu.<br \/>\nDo\u017eivite nenadma\u0161nu autenti\u010dnost u EA SPORTS FC&#x2122; 25 s najvjerodostojnijim iskustvom najve\u0107ih nogometnih natjecanja, klubova i zvijezda, s 19 000+ igra\u010da u 700+ timova na vi\u0161e od 120 stadiona i preko 30 liga. EA SPORTS FC&#x2122; 25 jedino je mjesto gdje mo\u017eete igrati legendarnu UEFA Ligu prvaka, UEFA Europsku ligu, UEFA Europsku konferencijsku ligu, CONMEBOL Libertadores, Premier ligu, Bundesligu i LALIGU EA SPORTS, sve u istoj igri, plus UEFA Women&#8217;s Liga prvaka, Barclays \u017eenska Super liga, Nacionalna \u017eenska nogometna liga, D1 Arkema, Liga F i Google Pixel Frauen-Bundesliga.<\/p>\n<p><strong>GRATIS Destruction AllStars PS5<\/strong><br \/>\nThe roar of the crowd\u2026 the growl of the engines\u2026 the crunch of metal\u2026 stars and cars collide in the global phenomenon Destruction AllStars. Master mayhem as you pile on the damage from behind the wheel or on foot with jaw-dropping parkour, signature vehicles and exceptional abilities.<br \/>\nBECOME AN ALLSTAR<br \/>\nHeroes\u2026 icons\u2026 global sensations &#8211; sixteen fearless, charismatic AllStars make up the roster of international competitors vying for the Global Destruction Federation Championship. These guys are pay-per-view and pay-per-wreck quality. Main eventers and headliners. Known across the world. Utilise each Allstar\u2019s abilities to tailor your tactics and play style \u2013 exploit their agility, speed or strength to wreck and evade rivals with powerful skills and parkour, switch between vehicles or leap onto speeding cars in heart-stopping takeover attempts.<br \/>\nDRIVE DESTRUCTION<br \/>\nPile-on the destruction from behind the wheel or leap into the arena with a breath-taking reel of parkour action by dodging attacks, taking over vehicles or using abilities to disrupt the onslaught of incoming vehicles. Cause enough mayhem to power up your Destruction AllStar\u2019s game-changing hero vehicle fuelled with special abilities.<br \/>\nMASTER THE MAYHEM<br \/>\nThe AllStars roster is packed with fearless daredevils who fought to get to the pinnacle of their sport through masterful skills, precise timing and cunning tactics. Each competition features specific objectives and targets you need to hit as you direct and tailor the force, impact, speed and power of your destruction.<br \/>\nCHALLENGES SERIES<br \/>\nExperience unique single-player game modes based around an AllStar and their Rival to earn valuable skins and cosmetics for the featured AllStars.<\/p>\n","protected":false},"excerpt":{"rendered":"<p><strong>PLAYSTATION 5 SLIM D CHASSIS<\/strong><br \/>\nUz konzolu PS5\u00ae igra\u010di dobiju sna\u017enu tehnologiju igre koja se nalazi unutar ugla\u0111enog i kompaktnog dizajna konzole.<br \/>\nOmiljena igra neka vam je spremna i \u010deka da usko\u010dite i igrate uz 1 TB SSD pohrane koja je ugra\u0111ena.<br \/>\nNa konzoli PS5\u00ae mo\u017ee se igrati vi\u0161e od 4000 PS4\u00ae igara. Uz zna\u010dajku Game Boost mo\u017eete \u010dak u\u017eivati u br\u017eim i gla\u0111im promjenama kadrova u nekim od najboljih igra za konzolu PS4.<br \/>\nPri postavljanju potrebna je internetska veza kako biste uparili diskovni pogon i konzolu PS5\u00ae.<br \/>\n<strong>IZRAZITO BRZ SSD DISK<\/strong><br \/>\nIzvucite najvi\u0161e iz vremena provedenog u igri uz gotovo trenuta\u010dno u\u010ditavanje instaliranih igara za PS5&#x2122;.<br \/>\n<strong>INTEGRIRANI ULAZNO-IZLAZNI SUSTAV<\/strong><br \/>\nPrilago\u0111ena integracija sustava konzole PS5&#x2122; omogu\u0107uje kreatorima da povla\u010de podatke sa SSD diska tako brzo da sada mogu stvarati igre na na\u010dine koji su prije bili nezamislivi.<br \/>\n<strong>PRA\u0106ENJE ZRAKA SVJETLOSTI<\/strong><br \/>\nUronite u svjetove na novoj razini realnosti u kojoj je svaka zraka svjetlosti pojedina\u010dno simulirana pa sjene i odrazi u podr\u017eanim igrama za PS5&#x2122; nalikuju pravima.<br \/>\n<strong>DO 120 SLI\u010cICA U SEKUNDI UZ IZLAZNU FREKVENCIJU OD 120 HZ<\/strong><br \/>\nU\u017eivajte u ujedna\u010denom i te\u010dnom igranju pri visokom broju sli\u010dica u sekundi koji za kompatibilne igre mo\u017ee dose\u0107i 120 sli\u010dica uz podr\u0161ku za izlaznu frekvenciju od 120 Hz na 4K zaslonima.<br \/>\n<strong>TEHNOLOGIJA HDR<\/strong><br \/>\nNa HDR televizorima podr\u017eane se igre za PS5&#x2122; prikazuju u nevjerojatno \u017eivopisnom i uvjerljivom rasponu boja.<br \/>\n<strong>TEMPEST 3D AUDIOTECH<\/strong><br \/>\nUronite u zvu\u010dne krajolike u kojima se \u010dini da zvuk dolazi iz svih smjerova. Tempest 3D AudioTech u podr\u017eanim igrama putem slu\u0161alica ili zvu\u010dnika televizora uistinu o\u017eivljava va\u0161e okru\u017eenje.<br \/>\n<strong>ADAPTIVNI OKIDA\u010cI<\/strong><br \/>\nSvladajte sveobuhvatne adaptivne okida\u010de s dinami\u010dkim razinama otpora koji simuliraju fizi\u010dki udar onoga \u0161to se doga\u0111a u odabranim igrama za PS5&#x2122;.<br \/>\n<strong>PAKIRANJE SADR\u017dI:<\/strong><br \/>\nPS5&#x2122; konzola (1TB SSD) \u2013 Blu-Ray \u201cDisk\u201d verzija \u2013 D Chassis (CFI-2016)<br \/>\nPS5 DualSense Wireless controller<br \/>\nHDMI\u00ae kabel<br \/>\nKabel za napajanje<br \/>\nUSB kabel za punjenje kontrolera<\/p>\n<p><strong>GRATIS EA Sports FIFA 25 PS5<\/strong><br \/>\nUdru\u017eite se u 5v5 Rush, novom na\u010dinu igranja s prijateljima u Football Ultimate Team&#x2122;, Clubs i Kick-Off s brzim igranjem malih strana.<br \/>\nRevizija takti\u010dkih temelja u igri donosi ve\u0107u strate\u0161ku kontrolu i realisti\u010dnije kolektivno kretanje na razini tima. FC IQ tako\u0111er koristi novi AI model, pokretan podacima iz stvarnog svijeta, kako bi utjecao na taktiku igra\u010da kroz potpuno nove Uloge igra\u010da.<br \/>\nOdaberite svoj omiljeni predmet za igra\u010da i udru\u017eite se s prijateljima u 5v5 Rush utakmicama. Promijenite svoj stil igre jednim pritiskom na gumb kori\u0161tenjem menad\u017eerskih stavki i prona\u0111ite savr\u0161enu sinergiju izme\u0111u svojih stavki igra\u010da na temelju odre\u0111enih uloga igra\u010da.<br \/>\nPro\u017eivite najve\u0107e pri\u010de iz stvarnog svijeta uz Live Start Points** (sti\u017ee kao a\u017euriranje nakon lansiranja); ponovno napisati pri\u010de o pro\u0161lim IKONAMA s dana\u0161njim timovima u karijeri igra\u010da; i igrajte autenti\u010dno iskustvo \u017eenske karijere koriste\u0107i klub ili igra\u010dicu iz pet najboljih \u017eenskih liga. **Bit \u0107e objavljeno s a\u017euriranjem nakon lansiranja. Za vi\u0161e detalja i dostupnost posjetite ea.com\/games\/ea-sports-fc\/fc-25\/disclaimers.<br \/>\nIgrajte, pobje\u0111ujte i napredujte s prijateljima na vi\u0161e na\u010dina nego ikada prije. Pove\u017eite se s klupskim kolegama u svom novom klubu i pogledajte avatare prijatelja kada u\u0111u u na\u010din rada. Podignite svoj klub do novih visina s Facilities i poka\u017eite svoje vje\u0161tine u Clubs Rushu.<br \/>\nDo\u017eivite nenadma\u0161nu autenti\u010dnost u EA SPORTS FC&#x2122; 25 s najvjerodostojnijim iskustvom najve\u0107ih nogometnih natjecanja, klubova i zvijezda, s 19 000+ igra\u010da u 700+ timova na vi\u0161e od 120 stadiona i preko 30 liga. EA SPORTS FC&#x2122; 25 jedino je mjesto gdje mo\u017eete igrati legendarnu UEFA Ligu prvaka, UEFA Europsku ligu, UEFA Europsku konferencijsku ligu, CONMEBOL Libertadores, Premier ligu, Bundesligu i LALIGU EA SPORTS, sve u istoj igri, plus UEFA Women&#8217;s Liga prvaka, Barclays \u017eenska Super liga, Nacionalna \u017eenska nogometna liga, D1 Arkema, Liga F i Google Pixel Frauen-Bundesliga.<\/p>\n<p><strong>GRATIS Destruction AllStars PS5<\/strong><br \/>\nThe roar of the crowd\u2026 the growl of the engines\u2026 the crunch of metal\u2026 stars and cars collide in the global phenomenon Destruction AllStars. Master mayhem as you pile on the damage from behind the wheel or on foot with jaw-dropping parkour, signature vehicles and exceptional abilities.<br \/>\nBECOME AN ALLSTAR<br \/>\nHeroes\u2026 icons\u2026 global sensations &#8211; sixteen fearless, charismatic AllStars make up the roster of international competitors vying for the Global Destruction Federation Championship. These guys are pay-per-view and pay-per-wreck quality. Main eventers and headliners. Known across the world. Utilise each Allstar\u2019s abilities to tailor your tactics and play style \u2013 exploit their agility, speed or strength to wreck and evade rivals with powerful skills and parkour, switch between vehicles or leap onto speeding cars in heart-stopping takeover attempts.<br \/>\nDRIVE DESTRUCTION<br \/>\nPile-on the destruction from behind the wheel or leap into the arena with a breath-taking reel of parkour action by dodging attacks, taking over vehicles or using abilities to disrupt the onslaught of incoming vehicles. Cause enough mayhem to power up your Destruction AllStar\u2019s game-changing hero vehicle fuelled with special abilities.<br \/>\nMASTER THE MAYHEM<br \/>\nThe AllStars roster is packed with fearless daredevils who fought to get to the pinnacle of their sport through masterful skills, precise timing and cunning tactics. Each competition features specific objectives and targets you need to hit as you direct and tailor the force, impact, speed and power of your destruction.<br \/>\nCHALLENGES SERIES<br \/>\nExperience unique single-player game modes based around an AllStar and their Rival to earn valuable skins and cosmetics for the featured AllStars.<\/p>\n","protected":false},"featured_media":9731,"comment_status":"open","ping_status":"closed","template":"","meta":{"_mi_skip_tracking":false,"_exactmetrics_sitenote_active":false,"_exactmetrics_sitenote_note":"","_exactmetrics_sitenote_category":0,"spay_email":""},"product_cat":[156],"product_tag":[7445],"brands":[],"df_price":1390,"df_sale_price":"","df_regular_price":1390,"df_image_link":"https:\/\/i0.wp.com\/astehshop.com\/wp-content\/uploads\/2024\/11\/ps5.jpg?fit=400%2C379","jetpack_publicize_connections":[],"jetpack_sharing_enabled":true,"jetpack_likes_enabled":true,"jetpack-related-posts":[{"id":7643,"url":"http:\/\/astehshop.com\/index.php\/product\/igraca-konzola-playstation-5amd-ryzen-zen-216gb-825gb-ssd\/","url_meta":{"origin":9730,"position":0},"title":"Igra\u0107a konzola PlayStation 5,AMD Ryzen Zen 2,16GB, 825GB SSD","date":"30. travnja 2023.","format":false,"excerpt":"Igra\u0107a konzola PlayStation 5,AMD Ryzen Zen 2,16GB, 825GB SSD Igra nema ograni\u010denja!!! U\u017eivajte u munjevitom u\u010ditavanju uz ultra-brzi SSD, realisti\u010dnije iskustvo igranja s hapti\u010dkim povratnim informacijama, prilagodljive tipke za okidanje i 3D zvuk, te potpuno novu generaciju nevjerovatnih PlayStation igara. \u200bIskoristite snagu prilago\u0111enog CPU-a, GPU-a i SSD-a sa ugra\u0111enim I\/O\u2026","rel":"","context":"Srodne objave","img":{"alt_text":"","src":"https:\/\/i2.wp.com\/astehshop.com\/wp-content\/uploads\/2023\/04\/playstation-5.png?fit=1200%2C1171&resize=350%2C200","width":350,"height":200},"classes":[]},{"id":10360,"url":"http:\/\/astehshop.com\/index.php\/product\/ea-sports-fc-25-ps5\/","url_meta":{"origin":9730,"position":1},"title":"EA SPORTS FC 25 PS5","date":"12. svibnja 2025.","format":false,"excerpt":"EA SPORTS FC 25 PS5 Za sve dodatne informacije mozete nas kontaktirati na OLX poruke, 065824333 ili Viber \u00a0 \u00a0NUDIMO KUPOVINU NOVE ROBE NA RATE: -DO 18 RATA PREKO MIKROFIN KREDITNA ORGANIZACIJA -DO 12 RATA PREKO \u0160OPING KARTICE UNICREDIT BANK","rel":"","context":"Srodne objave","img":{"alt_text":"","src":"https:\/\/i2.wp.com\/astehshop.com\/wp-content\/uploads\/2025\/05\/img-1747042602-b9c9a9a1609a.jpg?fit=900%2C900&resize=350%2C200","width":350,"height":200},"classes":[]},{"id":11527,"url":"http:\/\/astehshop.com\/index.php\/product\/gta-5-ps5\/","url_meta":{"origin":9730,"position":2},"title":"GTA 5 PS5","date":"19. kolovoza 2025.","format":false,"excerpt":"Za sve dodatne informacije mozete nas kontaktirati na\u00a0OLX poruke, 065824333 ili Viber NUDIMO KUPOVINU NOVE ROBE NA RATE: -DO 18 RATA PREKO MIKROFIN KREDITNA ORGANIZACIJA -DO 12 RATA PREKO \u0160OPING KARTICE UNICREDIT BANK \u00a0 Trgovinska Radnja TECHNO SHOP BN Nikole Tesle 31a, Bijeljina (izme\u0111u Moja Apoteka i picerije Park Ne\u0161kovi\u0107)\u2026","rel":"","context":"Srodne objave","img":{"alt_text":"","src":"https:\/\/i0.wp.com\/astehshop.com\/wp-content\/uploads\/2025\/08\/30756-GTA-5-PS5-1.webp?fit=450%2C450&resize=350%2C200","width":350,"height":200},"classes":[]},{"id":11529,"url":"http:\/\/astehshop.com\/index.php\/product\/ea-sport-fc-ps5\/","url_meta":{"origin":9730,"position":3},"title":"EA SPORT FC PS5","date":"19. kolovoza 2025.","format":false,"excerpt":"Za sve dodatne informacije mozete nas kontaktirati na\u00a0OLX poruke, 065824333 ili Viber NUDIMO KUPOVINU NOVE ROBE NA RATE: -DO 18 RATA PREKO MIKROFIN KREDITNA ORGANIZACIJA -DO 12 RATA PREKO \u0160OPING KARTICE UNICREDIT BANK \u00a0 Trgovinska Radnja TECHNO SHOP BN Nikole Tesle 31a, Bijeljina (izme\u0111u Moja Apoteka i picerije Park Ne\u0161kovi\u0107)\u2026","rel":"","context":"Srodne objave","img":{"alt_text":"","src":"https:\/\/i2.wp.com\/astehshop.com\/wp-content\/uploads\/2025\/08\/0131379_ea-sports-fc-25-ps5_550.png?fit=550%2C550&resize=350%2C200","width":350,"height":200},"classes":[]},{"id":11533,"url":"http:\/\/astehshop.com\/index.php\/product\/need-for-speed-unbound-ps5\/","url_meta":{"origin":9730,"position":4},"title":"NEED FOR SPEED UNBOUND PS5","date":"19. kolovoza 2025.","format":false,"excerpt":"Za sve dodatne informacije mozete nas kontaktirati na\u00a0OLX poruke, 065824333 ili Viber NUDIMO KUPOVINU NOVE ROBE NA RATE: -DO 18 RATA PREKO MIKROFIN KREDITNA ORGANIZACIJA -DO 12 RATA PREKO \u0160OPING KARTICE UNICREDIT BANK \u00a0 Trgovinska Radnja TECHNO SHOP BN Nikole Tesle 31a, Bijeljina (izme\u0111u Moja Apoteka i picerije Park Ne\u0161kovi\u0107)\u2026","rel":"","context":"Srodne objave","img":{"alt_text":"","src":"https:\/\/i2.wp.com\/astehshop.com\/wp-content\/uploads\/2025\/08\/32945-Need-for-Speed-Unbound-PS5-1-1.webp?fit=450%2C450&resize=350%2C200","width":350,"height":200},"classes":[]},{"id":11557,"url":"http:\/\/astehshop.com\/index.php\/product\/charging-station-ps5-v2-dualsense\/","url_meta":{"origin":9730,"position":5},"title":"CHARGING STATION PS5 V2 DUALSENSE","date":"20. kolovoza 2025.","format":false,"excerpt":"Istovremeno punjenje dva PS5 DualSense kontrolera, LED indikatori za pra\u0107enje statusa punjenja, kabal du\u017eine 5 metara.","rel":"","context":"Srodne objave","img":{"alt_text":"","src":"https:\/\/i2.wp.com\/astehshop.com\/wp-content\/uploads\/2025\/08\/39046-BigBen-Playstation-5-DualSense-Charging-Station-V2-1.webp?fit=450%2C450&resize=350%2C200","width":350,"height":200},"classes":[]}],"_links":{"self":[{"href":"http:\/\/astehshop.com\/index.php\/wp-json\/wp\/v2\/product\/9730"}],"collection":[{"href":"http:\/\/astehshop.com\/index.php\/wp-json\/wp\/v2\/product"}],"about":[{"href":"http:\/\/astehshop.com\/index.php\/wp-json\/wp\/v2\/types\/product"}],"replies":[{"embeddable":true,"href":"http:\/\/astehshop.com\/index.php\/wp-json\/wp\/v2\/comments?post=9730"}],"wp:featuredmedia":[{"embeddable":true,"href":"http:\/\/astehshop.com\/index.php\/wp-json\/wp\/v2\/media\/9731"}],"wp:attachment":[{"href":"http:\/\/astehshop.com\/index.php\/wp-json\/wp\/v2\/media?parent=9730"}],"wp:term":[{"taxonomy":"product_cat","embeddable":true,"href":"http:\/\/astehshop.com\/index.php\/wp-json\/wp\/v2\/product_cat?post=9730"},{"taxonomy":"product_tag","embeddable":true,"href":"http:\/\/astehshop.com\/index.php\/wp-json\/wp\/v2\/product_tag?post=9730"}],"curies":[{"name":"wp","href":"https:\/\/api.w.org\/{rel}","templated":true}]}}