{"id":9722,"date":"2024-11-24T10:47:37","date_gmt":"2024-11-24T09:47:37","guid":{"rendered":"http:\/\/astehshop.com\/?post_type=product&#038;p=9722"},"modified":"2025-10-06T19:55:58","modified_gmt":"2025-10-06T17:55:58","slug":"kvarcna-grijalica-kumtel-lx-2819-1200w-elektricna","status":"publish","type":"product","link":"http:\/\/astehshop.com\/index.php\/product\/kvarcna-grijalica-kumtel-lx-2819-1200w-elektricna\/","title":{"rendered":"Kvarcna grijalica Kumtel LX-2819 1200W, elektri\u010dna"},"content":{"rendered":"<p>Snaga grijanja: 1200 W<br \/>\nBroj grija\u010da: 2<br \/>\nPovr\u0161ina grijanja: 12 m\u00b2<br \/>\nPodna grijalica<br \/>\nSigurnost od prevrtanja<br \/>\nBoja artikla: crna<br \/>\nDimenzije artikla: 505 x 255 x 125 mm<br \/>\nZahvaljuju\u0107i kvarcnim cijevima, ure\u0111aj mo\u017ee izravno zagrijavati objekte i ljude u svojoj blizini<br \/>\nKvarcna tehnologija s direktnim na\u010dinom grijanja omogu\u0107uje vrlo u\u010dinkovit rad s optimalnom potro\u0161njom energije<br \/>\nDva kvarcna grija\u010da omogu\u0107uju postavljanje dvaju razli\u010ditih razina grijanja<br \/>\nSigurnosni re\u0161etkasti sistem osigurava sigurnost ure\u0111aja i korisnika<br \/>\nRu\u010dka za no\u0161enje omogu\u0107uje jednostavno preno\u0161enje ure\u0111aja gdje god je potrebno<\/p>\n","protected":false},"excerpt":{"rendered":"<p>Snaga grijanja: 1200 W<br \/>\nBroj grija\u010da: 2<br \/>\nPovr\u0161ina grijanja: 12 m\u00b2<br \/>\nPodna grijalica<br \/>\nSigurnost od prevrtanja<br \/>\nBoja artikla: crna<br \/>\nDimenzije artikla: 505 x 255 x 125 mm<br \/>\nZahvaljuju\u0107i kvarcnim cijevima, ure\u0111aj mo\u017ee izravno zagrijavati objekte i ljude u svojoj blizini<br \/>\nKvarcna tehnologija s direktnim na\u010dinom grijanja omogu\u0107uje vrlo u\u010dinkovit rad s optimalnom potro\u0161njom energije<br \/>\nDva kvarcna grija\u010da omogu\u0107uju postavljanje dvaju razli\u010ditih razina grijanja<br \/>\nSigurnosni re\u0161etkasti sistem osigurava sigurnost ure\u0111aja i korisnika<br \/>\nRu\u010dka za no\u0161enje omogu\u0107uje jednostavno preno\u0161enje ure\u0111aja gdje god je potrebno<\/p>\n","protected":false},"featured_media":9723,"comment_status":"open","ping_status":"closed","template":"","meta":{"_mi_skip_tracking":false,"_exactmetrics_sitenote_active":false,"_exactmetrics_sitenote_note":"","_exactmetrics_sitenote_category":0,"spay_email":""},"product_cat":[656],"product_tag":[7440,1871,7439,7438,7441],"brands":[],"df_price":"","df_sale_price":"","df_regular_price":"","df_image_link":"https:\/\/i2.wp.com\/astehshop.com\/wp-content\/uploads\/2024\/11\/3100QF20STR09_10979.png?fit=450%2C450","jetpack_publicize_connections":[],"jetpack_sharing_enabled":true,"jetpack_likes_enabled":true,"jetpack-related-posts":[{"id":9720,"url":"http:\/\/astehshop.com\/index.php\/product\/konvektorska-grijalica-kumtel-hc-2947-2500w-elektricna\/","url_meta":{"origin":9722,"position":0},"title":"Konvektorska grijalica Kumtel HC-2947 2500W, elektri\u010dna","date":"24. studenoga 2024.","format":false,"excerpt":"Snaga: 2500 W Napon: 220 - 240 V Podesivi termostat 2 postavke topline: 1250 W \/ 2500 W Mogu\u0107nost monta\u017ee na zid Pokrivenost grijanja na otvorenom: 20 m\u00b2 Pokrivenost grijanja u zatvorenom: 30 m\u00b2 Sigurna, tiha, lagana sa posebnim sustavom koji osigurava u\u010dinkovito grijanje Boja artikla: bijela","rel":"","context":"Srodne objave","img":{"alt_text":"","src":"https:\/\/i0.wp.com\/astehshop.com\/wp-content\/uploads\/2024\/11\/Konvektorska-grijalica-Kumtel-HC-2947-2500W-elektricna.png?fit=800%2C800&resize=350%2C200","width":350,"height":200},"classes":[]},{"id":8269,"url":"http:\/\/astehshop.com\/index.php\/product\/kupatilska-grijalica-green-tech-1200w-kvarcna-elektricna\/","url_meta":{"origin":9722,"position":1},"title":"Kupatilska grijalica Green Tech 1200W, kvarcna, elektri\u010dna","date":"24. rujna 2023.","format":false,"excerpt":"Snaga grija\u010da: 1200 W 2 postavke topline: 600 \/ 1200 W Za\u0161tita od pregrijavanja (automatsko isklju\u010divanje u slu\u010daju pregrijavanja: da, termostat za za\u0161titu od previsoke temperature: da) Vrsta kontrole: mehani\u010dka Na\u010din kontrole: prekida\u010d na povla\u010denje Prikaz postavki snage Tajmer: ne Daljinski upravlja\u010d: ne Automatski prekida\u010d: ne IP stupanj: IP21 Povr\u0161ina\u2026","rel":"","context":"Srodne objave","img":{"alt_text":"","src":"https:\/\/i1.wp.com\/astehshop.com\/wp-content\/uploads\/2023\/09\/HBS-1200_5207.png?fit=1134%2C1030&resize=350%2C200","width":350,"height":200},"classes":[]},{"id":9507,"url":"http:\/\/astehshop.com\/index.php\/product\/kvarcna-grijalica-iskra-qh-1200cr\/","url_meta":{"origin":9722,"position":2},"title":"KVARCNA GRIJALICA ISKRA QH-1200CR","date":"21. rujna 2024.","format":false,"excerpt":"\u2022 Napon: 220V-240V~50Hz \u2022 Snaga: 1000W-1200W \u2022 2 snage grijanja: \u2013 snaga 1: 600W \u2013 snaga 2: 1200W \u2022 Zidna monta\u017ea \u2022 \u0160paga za povla\u010denje za uklju\u010divanje \u2022 Za\u0161tita od vlage (IPX4) \u2022 Dimenzije pakiranja (v mm): 570 (D) x 130 (\u0160) x 162 (V)","rel":"","context":"Srodne objave","img":{"alt_text":"","src":"https:\/\/i2.wp.com\/astehshop.com\/wp-content\/uploads\/2024\/09\/kvarcna-grijalica-1.jpg?fit=970%2C1020&resize=350%2C200","width":350,"height":200},"classes":[]},{"id":9493,"url":"http:\/\/astehshop.com\/index.php\/product\/iskra-konvektorska-grijalica-dl01s\/","url_meta":{"origin":9722,"position":3},"title":"ISKRA KONVEKTORSKA GRIJALICA DL01S","date":"21. rujna 2024.","format":false,"excerpt":"\u2022 Napon: 220V-240V~50\/60Hz \u2022 Snaga: 1700W-2000W \u2022 3 snage grijanja: \u2013 snaga 1: 750W \u2013 snaga 2: 1250W \u2013 snaga 3: 2000W \u2022 Ventilator \u2022 Samostoje\u0107i \u2022 Funkcija \u010duvanja toplote \u2022 Termi\u010dka za\u0161tita \u2022 Termostat \u2022 Indikator stanja \u2022 S nosivim ru\u010dkama","rel":"","context":"Srodne objave","img":{"alt_text":"","src":"https:\/\/i1.wp.com\/astehshop.com\/wp-content\/uploads\/2024\/09\/iskra-grijalica-jeftina.png?fit=800%2C800&resize=350%2C200","width":350,"height":200},"classes":[]},{"id":9491,"url":"http:\/\/astehshop.com\/index.php\/product\/grijalica-konvektor-dl08-turbo-i-tajmer-iskra\/","url_meta":{"origin":9722,"position":4},"title":"GRIJALICA KONVEKTOR DL08 TURBO I TAJMER ISKRA","date":"21. rujna 2024.","format":false,"excerpt":"\u2022 Napon: 220V-240V~50\/60Hz \u2022 Snaga: 1700W-2000W \u2022 3 snage grijanja: \u2013 snaga 1: 750W \u2013 snaga 2: 1250W \u2013 snaga 3: 2000W \u2022 Ventilator \u2022 Samostoje\u0107i \u2022 Funkcija \u010duvanja toplote \u2022 Termi\u010dka za\u0161tita \u2022 Termostat \u2022 Indikator stanja \u2022 S nosivim ru\u010dkama \u2022 Timer","rel":"","context":"Srodne objave","img":{"alt_text":"","src":"https:\/\/i2.wp.com\/astehshop.com\/wp-content\/uploads\/2024\/09\/GRIJALICA-KONVEKTOR-DL08-TURBO-I-TAJMER-ISKRA-1.png?fit=800%2C800&resize=350%2C200","width":350,"height":200},"classes":[]},{"id":6691,"url":"http:\/\/astehshop.com\/index.php\/product\/grijalica-konvektor-2000-w-zln6258\/","url_meta":{"origin":9722,"position":5},"title":"Grijalica, konvektor, 2000 W ZLN6258","date":"19. studenoga 2022.","format":false,"excerpt":"Elektri\u010dna panel grijalica, snaga 2000 W, samostoje\u0107i ili monta\u017ea na zid, sustav grijanja bez smanjivanja razine kisika u prostoriji, 2 opcije snage, podesivi termostat Siguran, tih, lagan, dekorativan","rel":"","context":"Srodne objave","img":{"alt_text":"","src":"https:\/\/i0.wp.com\/astehshop.com\/wp-content\/uploads\/2022\/11\/8682744806258.jpg?fit=1200%2C1128&resize=350%2C200","width":350,"height":200},"classes":[]}],"_links":{"self":[{"href":"http:\/\/astehshop.com\/index.php\/wp-json\/wp\/v2\/product\/9722"}],"collection":[{"href":"http:\/\/astehshop.com\/index.php\/wp-json\/wp\/v2\/product"}],"about":[{"href":"http:\/\/astehshop.com\/index.php\/wp-json\/wp\/v2\/types\/product"}],"replies":[{"embeddable":true,"href":"http:\/\/astehshop.com\/index.php\/wp-json\/wp\/v2\/comments?post=9722"}],"wp:featuredmedia":[{"embeddable":true,"href":"http:\/\/astehshop.com\/index.php\/wp-json\/wp\/v2\/media\/9723"}],"wp:attachment":[{"href":"http:\/\/astehshop.com\/index.php\/wp-json\/wp\/v2\/media?parent=9722"}],"wp:term":[{"taxonomy":"product_cat","embeddable":true,"href":"http:\/\/astehshop.com\/index.php\/wp-json\/wp\/v2\/product_cat?post=9722"},{"taxonomy":"product_tag","embeddable":true,"href":"http:\/\/astehshop.com\/index.php\/wp-json\/wp\/v2\/product_tag?post=9722"}],"curies":[{"name":"wp","href":"https:\/\/api.w.org\/{rel}","templated":true}]}}