{"id":9600,"date":"2024-11-16T18:04:18","date_gmt":"2024-11-16T17:04:18","guid":{"rendered":"http:\/\/astehshop.com\/?post_type=product&#038;p=9600"},"modified":"2024-11-16T18:04:19","modified_gmt":"2024-11-16T17:04:19","slug":"tiandy-ip-dome-kamera-5-mpx-tc-c35xs","status":"publish","type":"product","link":"http:\/\/astehshop.com\/index.php\/product\/tiandy-ip-dome-kamera-5-mpx-tc-c35xs\/","title":{"rendered":"Tiandy IP dome kamera 5 MPX TC-C35XS"},"content":{"rendered":"<p>IP Dome kamera 5 Mpx,<br \/>\nTrue WDR 120dB,<br \/>\nobjektiv 2.8 mm,<br \/>\nMicroSD slot,<br \/>\nmax. 512GB,<br \/>\nIR domet 30 m,<br \/>\nIP66,<br \/>\nugra\u0111en mikrofon,<br \/>\nnapajanje 12 VDC \/ PoE.<br \/>\nPodr\u017eava video analitiku.<\/p>\n<p><iframe loading=\"lazy\"  id=\"_ytid_68439\"  width=\"480\" height=\"270\"  data-origwidth=\"480\" data-origheight=\"270\"  src=\"https:\/\/www.youtube.com\/embed\/DXr8k6e7XDc?enablejsapi=1&#038;autoplay=0&#038;cc_load_policy=0&#038;cc_lang_pref=&#038;iv_load_policy=1&#038;loop=0&#038;modestbranding=0&#038;rel=1&#038;fs=1&#038;playsinline=0&#038;autohide=2&#038;theme=dark&#038;color=red&#038;controls=1&#038;\" class=\"__youtube_prefs__  epyt-is-override  no-lazyload\" title=\"YouTube player\"  allow=\"autoplay; encrypted-media\" allowfullscreen data-no-lazy=\"1\" data-skipgform_ajax_framebjll=\"\"><\/iframe><\/p>\n<p>&nbsp;<\/p>\n","protected":false},"excerpt":{"rendered":"<p>IP Dome kamera 5 Mpx,<br \/>\nTrue WDR 120dB,<br \/>\nobjektiv 2.8 mm,<br \/>\nMicroSD slot,<br \/>\nmax. 512GB,<br \/>\nIR domet 30 m,<br \/>\nIP66,<br \/>\nugra\u0111en mikrofon,<br \/>\nnapajanje 12 VDC \/ PoE.<br \/>\nPodr\u017eava video analitiku.<\/p>\n<p>https:\/\/www.youtube.com\/watch?v=DXr8k6e7XDc<\/p>\n","protected":false},"featured_media":9601,"comment_status":"open","ping_status":"closed","template":"","meta":{"_mi_skip_tracking":false,"_exactmetrics_sitenote_active":false,"_exactmetrics_sitenote_note":"","_exactmetrics_sitenote_category":0,"spay_email":""},"product_cat":[131],"product_tag":[7337,3162,598,468,477,7336,474,7338,394],"brands":[],"df_price":"","df_sale_price":"","df_regular_price":"","df_image_link":"https:\/\/i0.wp.com\/astehshop.com\/wp-content\/uploads\/2024\/11\/TC-C35XS-technoshopbn.jpg?fit=450%2C306","jetpack_publicize_connections":[],"jetpack_sharing_enabled":true,"jetpack_likes_enabled":true,"jetpack-related-posts":[{"id":9598,"url":"http:\/\/astehshop.com\/index.php\/product\/tiandy-ip-kamera-5-mpx-tc-c35ws\/","url_meta":{"origin":9600,"position":0},"title":"Tiandy ip kamera 5 MPX TC-C35WS","date":"16. studenoga 2024.","format":false,"excerpt":"IP Bullet kamera 5 Mpx, True WDR 120 dB, objektiv 2.8 mm, MicroSD slot, max. 512GB, IR domet 50 m, IP67, ugra\u0111en mikrofon, napajanje 12 VDC \/ PoE. Podr\u017eava tripwire and perimetar. https:\/\/www.youtube.com\/watch?v=DZyEl1KJNo8 \u00a0 \u00a0","rel":"","context":"Srodne objave","img":{"alt_text":"","src":"https:\/\/i2.wp.com\/img.youtube.com\/vi\/DZyEl1KJNo8\/0.jpg?resize=350%2C200","width":350,"height":200},"classes":[]},{"id":9595,"url":"http:\/\/astehshop.com\/index.php\/product\/tiandy-panorama-kamera-tc-c382v-8-mpx\/","url_meta":{"origin":9600,"position":1},"title":"Tiandy panorama kamera TC-C382V 8 MPX","date":"16. studenoga 2024.","format":false,"excerpt":"IP Bullet Panoramic kamera 8 Mpx, Polar day, True WDR 120dB, objektiv 2.8 mm, MicroSD utor, max. 512GB, IP67, ugra\u0111en mikrofon, ugra\u0111en zvu\u010dnik, napajanje 12 VDC \/ PoE. Podr\u017eava video analitiku. \u00a0 https:\/\/www.youtube.com\/watch?v=xhATNQ84siY \u00a0 \u00a0 \u00a0","rel":"","context":"Srodne objave","img":{"alt_text":"","src":"https:\/\/i1.wp.com\/astehshop.com\/wp-content\/uploads\/2024\/11\/TC-C382V-technoshopbn-scaled.jpg?fit=1200%2C900&resize=350%2C200","width":350,"height":200},"classes":[]},{"id":9592,"url":"http:\/\/astehshop.com\/index.php\/product\/tiandy-wifi-kamera-tc-h363n-dualna-dvije-u-jednoj\/","url_meta":{"origin":9600,"position":2},"title":"Tiandy wifi kamera TC-H363N Dualna &#8211; dvije u jednoj","date":"16. studenoga 2024.","format":false,"excerpt":"IP Wifi PT kamera 6 Mpx (3 Mpx + 3 Mpx), DWDR, objektiv 4 mm, MicroSD utor, max. 512GB, IR domet 50 m, IP66, ugra\u0111en mikrofon, napajanje 12 VDC (u kompletu), auto-tracking. \u00a0 https:\/\/www.youtube.com\/watch?v=3lOVRq2AlZA \u00a0","rel":"","context":"Srodne objave","img":{"alt_text":"","src":"https:\/\/i2.wp.com\/astehshop.com\/wp-content\/uploads\/2024\/11\/TC-H363N-sajt-scaled.jpg?fit=1200%2C800&resize=350%2C200","width":350,"height":200},"classes":[]},{"id":5766,"url":"http:\/\/astehshop.com\/index.php\/product\/hikvision-dome-kamera-wdr-5-mpx-ds-2ce76h8t-itmf\/","url_meta":{"origin":9600,"position":3},"title":"HikVision dome kamera WDR 5 MPX DS-2CE76H8T-ITMF","date":"9. sije\u010dnja 2022.","format":false,"excerpt":"Turret TVI video kamera, rezolucije 5Mpx, objektiv 2.8 mm, osjetljivost 0.003Lux@F1.2, WDR, IR cut filter, 1 HD analog output TVI\/AHD\/CVI\/CVBS, 3D-DNR, napajanje 12VDC, CoC, IP67","rel":"","context":"Srodne objave","img":{"alt_text":"","src":"https:\/\/i0.wp.com\/astehshop.com\/wp-content\/uploads\/2022\/01\/DS-2CE76H0T-ITMF-1.jpg?fit=800%2C909&resize=350%2C200","width":350,"height":200},"classes":[]},{"id":12272,"url":"http:\/\/astehshop.com\/index.php\/product\/hikvision-ds-2ce70d8t-itmfs\/","url_meta":{"origin":9600,"position":4},"title":"HikVision DS-2CE70D8T-ITMFS","date":"26. velja\u010de 2026.","format":false,"excerpt":"Turret kamera 2MP sa objektivom 2,8 mm Do 20 m IR udaljenosti WDR od 130 dB Ugra\u0111en mikrofon Napajanje: 12 VDC \u00b1 25%, max. 5.4 W Odgovaraju\u0107i nosa\u010d: DS-1280ZJ-XS","rel":"","context":"Srodne objave","img":{"alt_text":"","src":"https:\/\/i1.wp.com\/astehshop.com\/wp-content\/uploads\/2026\/02\/DS-2CE70D8T-ITMFS.jpg?fit=800%2C800&resize=350%2C200","width":350,"height":200},"classes":[]},{"id":5763,"url":"http:\/\/astehshop.com\/index.php\/product\/hikvision-dome-analogna-kamera-5-mpx-ds-2ce76h0t-itmf\/","url_meta":{"origin":9600,"position":5},"title":"HikVision dome analogna kamera 5 MPX DS-2CE76H0T-ITMF","date":"9. sije\u010dnja 2022.","format":false,"excerpt":"Dome TVI video kamera, rezolucije 5Mpx@20fps, objektiv 2.8 mm, osjetljivost 0.01 Lux@F1.2, D-WDR, EXIR IR LED dometa do 30m, napajanje 12VDC, CoC, IP67, 4u1.","rel":"","context":"Srodne objave","img":{"alt_text":"","src":"https:\/\/i0.wp.com\/astehshop.com\/wp-content\/uploads\/2022\/01\/DS-2CE76H0T-ITMF-1.jpg?fit=800%2C909&resize=350%2C200","width":350,"height":200},"classes":[]}],"_links":{"self":[{"href":"http:\/\/astehshop.com\/index.php\/wp-json\/wp\/v2\/product\/9600"}],"collection":[{"href":"http:\/\/astehshop.com\/index.php\/wp-json\/wp\/v2\/product"}],"about":[{"href":"http:\/\/astehshop.com\/index.php\/wp-json\/wp\/v2\/types\/product"}],"replies":[{"embeddable":true,"href":"http:\/\/astehshop.com\/index.php\/wp-json\/wp\/v2\/comments?post=9600"}],"wp:featuredmedia":[{"embeddable":true,"href":"http:\/\/astehshop.com\/index.php\/wp-json\/wp\/v2\/media\/9601"}],"wp:attachment":[{"href":"http:\/\/astehshop.com\/index.php\/wp-json\/wp\/v2\/media?parent=9600"}],"wp:term":[{"taxonomy":"product_cat","embeddable":true,"href":"http:\/\/astehshop.com\/index.php\/wp-json\/wp\/v2\/product_cat?post=9600"},{"taxonomy":"product_tag","embeddable":true,"href":"http:\/\/astehshop.com\/index.php\/wp-json\/wp\/v2\/product_tag?post=9600"}],"curies":[{"name":"wp","href":"https:\/\/api.w.org\/{rel}","templated":true}]}}