{"id":9580,"date":"2024-10-31T10:46:04","date_gmt":"2024-10-31T09:46:04","guid":{"rendered":"http:\/\/astehshop.com\/?post_type=product&#038;p=9580"},"modified":"2024-10-31T10:47:04","modified_gmt":"2024-10-31T09:47:04","slug":"laptop-hp-elitebook-850-g3-156-16gb","status":"publish","type":"product","link":"http:\/\/astehshop.com\/index.php\/product\/laptop-hp-elitebook-850-g3-156-16gb\/","title":{"rendered":"LAPTOP HP ELITEBOOK 850 G3 15,6&#8243; 16GB"},"content":{"rendered":"<p><strong><u>POLOVAN LAPTOP HP ELITEBOOK 850 G3<\/u><\/strong><\/p>\n<p>BIZNIS LAPTOP PREMIUM KVALITETA!<\/p>\n<p>DVIJE GRAFIKE, METALNO KU\u0106I\u0160TE<\/p>\n<ul>\n<li><strong>Ekran: 15,6&#8243; IPS FHD 1920&#215;1080<\/strong><\/li>\n<li><strong>Procesor: Intel Core i5-6300U<\/strong><\/li>\n<li><strong>Ram: DDR4 16GB<\/strong><\/li>\n<li><strong>SSD 256GB<\/strong><\/li>\n<li><strong>Grafika: Grafika Integrisana Intel 3.9GB<\/strong><\/li>\n<li><strong>Windows 11, MS Office&#8230;<\/strong><\/li>\n<li><strong>Garancija: 6 mjeseci<\/strong><\/li>\n<\/ul>\n<p>Za sve dodatne informacije mozete nas kontaktirati na OLX poruke, 065824333 ili Viber<\/p>\n<p><strong>\u00a0NUDIMO KUPOVINU NOVE ROBE NA RATE:<\/strong><\/p>\n<p><strong>-DO 18 RATA PREKO MIKROFIN KREDITNA ORGANIZACIJA<\/strong><\/p>\n<p><strong>-DO 12 RATA PREKO \u0160OPING KARTICE UNICREDIT BANK<\/strong><\/p>\n<p>Trgovinska Radnja<\/p>\n<p>TECHNO SHOP BN<\/p>\n<p>Nikole Tesle 31a, Bijeljina<\/p>\n<p>(izme\u0111u Moja Apoteka i picerije Park Ne\u0161kovi\u0107)<\/p>\n<p>055\/422-599<\/p>\n<p>065\/824-333<\/p>\n<p>Radnim danima 09-19h<\/p>\n<p>Subotom 09-16h<\/p>\n<p>www.technoshopbn.com<\/p>\n<p>info@technoshopbn.com<\/p>\n","protected":false},"excerpt":{"rendered":"<p>BIZNIS LAPTOP PREMIUM KVALITETA!<\/p>\n<p>DVIJE GRAFIKE, METALNO KU\u0106I\u0160TE<\/p>\n<ul>\n<li><strong>Ekran: 15,6&#8243; IPS FHD 1920&#215;1080<\/strong><\/li>\n<li><strong>Procesor: Intel Core i5-6300U<\/strong><\/li>\n<li><strong>Ram: DDR4 16GB<\/strong><\/li>\n<li><strong>SSD 256GB<\/strong><\/li>\n<li><strong>Grafika: Grafika Integrisana Intel 3.9GB<\/strong><\/li>\n<li><strong>Windows 11, MS Office&#8230;<\/strong><\/li>\n<li><strong>Garancija: 6 mjeseci<\/strong><\/li>\n<\/ul>\n","protected":false},"featured_media":9581,"comment_status":"open","ping_status":"closed","template":"","meta":{"_mi_skip_tracking":false,"_exactmetrics_sitenote_active":false,"_exactmetrics_sitenote_note":"","_exactmetrics_sitenote_category":0,"spay_email":""},"product_cat":[158],"product_tag":[],"brands":[{"id":5149,"name":"HP","slug":"hp"}],"df_price":449,"df_sale_price":"","df_regular_price":449,"df_image_link":"https:\/\/i1.wp.com\/astehshop.com\/wp-content\/uploads\/2024\/10\/850g3-front.jpg?fit=450%2C302","jetpack_publicize_connections":[],"jetpack_sharing_enabled":true,"jetpack_likes_enabled":true,"jetpack-related-posts":[{"id":8681,"url":"http:\/\/astehshop.com\/index.php\/product\/laptop-hp-elitebook-850-g3-156-i5-ssd-8gb\/","url_meta":{"origin":9580,"position":0},"title":"LAPTOP HP Elitebook 850 G3 15,6&#8243; i5 SSD 8GB","date":"4. prosinca 2023.","format":false,"excerpt":"Model: 800 G3 Procesor: i5-6300U up to 3.30GHz RAM: 8GB DDR4 Pohrana: 250GB M.2 NVMe SSD Metalno ku\u0107i\u0161te Optika: Da Grafika: Intel Rezolucija: 1920x1080 Veli\u010dina: 15,6\" Webcam: \u221aBlueTooth: da; Fingerprint Reader: DA; WiFi: \u221a","rel":"","context":"Srodne objave","img":{"alt_text":"","src":"https:\/\/i2.wp.com\/astehshop.com\/wp-content\/uploads\/2023\/12\/img-1699867139-142df0195e91.webp?fit=520%2C382&resize=350%2C200","width":350,"height":200},"classes":[]},{"id":10288,"url":"http:\/\/astehshop.com\/index.php\/product\/praznicna-akcija-laptop-hp-15-6-i5-8gb-ssd-250gb\/","url_meta":{"origin":9580,"position":1},"title":"PRAZNI\u010cNA AKCIJA!  HP 650 G1 , 15.6&#8243; i5 8GB SSD 250GB","date":"17. travnja 2025.","format":false,"excerpt":"POLOVAN LAPTOP HP 650 G1 15,6\" BIZNIS LAPTOP PREMIUM KVALITETA! METALNO KU\u0106I\u0160TE Ekran: 15,6\" FHD 1920x1080 Procesor: Intel Core i5-4210M Ram: DDR3 8GB SSD 250GB Nov! Grafika: Intel HD 4000 up to 2.7GB Windows 10, MS Office... Garancija: 6 mjeseci","rel":"","context":"Srodne objave","img":{"alt_text":"","src":"https:\/\/i0.wp.com\/astehshop.com\/wp-content\/uploads\/2025\/04\/cbb20bb8439a675c508b7601c90a6f92.webp?fit=680%2C850&resize=350%2C200","width":350,"height":200},"classes":[]},{"id":8238,"url":"http:\/\/astehshop.com\/index.php\/product\/polovan-laptop-hp-elitebook-450-g3-156\/","url_meta":{"origin":9580,"position":2},"title":"POLOVAN LAPTOP HP ELITEBOOK 450 G3 15,6&#8243;","date":"1. rujna 2023.","format":false,"excerpt":"Ekran: 15,6\" FHD 1920x1080 LED Procesor: Intel i5-6440HQ Quad Ram: DDR4 12GB 2666MHz SSD: M.2 NVMe 250GB Grafika: Intel UHD up to 4GB","rel":"","context":"Srodne objave","img":{"alt_text":"","src":"https:\/\/i1.wp.com\/astehshop.com\/wp-content\/uploads\/2023\/09\/61cV2WblOcL.jpg?fit=1200%2C900&resize=350%2C200","width":350,"height":200},"classes":[]},{"id":11087,"url":"http:\/\/astehshop.com\/index.php\/product\/laptop-lenovo-l390-yoga-i5-8365u\/","url_meta":{"origin":9580,"position":3},"title":"LAPTOP Lenovo L390 Yoga i5-8365U","date":"15. srpnja 2025.","format":false,"excerpt":"Ekran: 13,3\" IPS FHD 1920x1080 Procesor: Intel Core i5-8250U Ram: DDR4 8GB SSD 256GB M.2 NVMe Grafika: Grafika Integrisana Intel 3.9GB Windows 11, MS Office... Garancija: 6 mjeseci","rel":"","context":"Srodne objave","img":{"alt_text":"","src":"https:\/\/i0.wp.com\/astehshop.com\/wp-content\/uploads\/2025\/07\/img-1752599813-f3cd00e59d2b.jpg?fit=700%2C497&resize=350%2C200","width":350,"height":200},"classes":[]},{"id":9948,"url":"http:\/\/astehshop.com\/index.php\/product\/9948\/","url_meta":{"origin":9580,"position":4},"title":"Detaljni opis POLOVAN LAPTOP Lenovo\u2026","date":"5. o\u017eujka 2025.","format":false,"excerpt":"POLOVAN LAPTOP Lenovo ThinkPad T490 BIZNIS LAPTOP PREMIUM KVALITETA! MAGNEZIJUMSKO KU\u0106I\u0160TE Ekran: 14,1\" IPS FHD 1920x1080 Procesor: Intel Core i5-8365 4\/8 Cores Ram: DDR4 24GB SSD 512GB NVMe Grafika: Intel up to 8GB Windows 11, MS Office... Garancija: 6 mjeseci","rel":"","context":"Srodne objave","img":{"alt_text":"","src":"https:\/\/i2.wp.com\/astehshop.com\/wp-content\/uploads\/2025\/03\/Lenovo-Thinkpad-T490.jpg?fit=650%2C650&resize=350%2C200","width":350,"height":200},"classes":[]},{"id":8253,"url":"http:\/\/astehshop.com\/index.php\/product\/laptop-dell-e7470-i5-6300u-16gb-250gb-ssd\/","url_meta":{"origin":9580,"position":5},"title":"LAPTOP DELL E7470 i5-6300U 16GB 250GB SSD","date":"9. rujna 2023.","format":false,"excerpt":"14.1 inch FHD 1920x1080 OLED Intel Core i5-6300U 6th gen 16GB DDR4 2666MHz 256GB SSD M.2 NVMe Windows 10 ili 11 po \u017eelji wifi : AC 1x1+BT 4.2 \/ Type-C x1 NFC, otisak prsta.... HD Webcam ID","rel":"","context":"Srodne objave","img":{"alt_text":"","src":"https:\/\/i1.wp.com\/astehshop.com\/wp-content\/uploads\/2023\/09\/img-1694265877-c0e82a2d8089.jpg?fit=600%2C800&resize=350%2C200","width":350,"height":200},"classes":[]}],"_links":{"self":[{"href":"http:\/\/astehshop.com\/index.php\/wp-json\/wp\/v2\/product\/9580"}],"collection":[{"href":"http:\/\/astehshop.com\/index.php\/wp-json\/wp\/v2\/product"}],"about":[{"href":"http:\/\/astehshop.com\/index.php\/wp-json\/wp\/v2\/types\/product"}],"replies":[{"embeddable":true,"href":"http:\/\/astehshop.com\/index.php\/wp-json\/wp\/v2\/comments?post=9580"}],"wp:featuredmedia":[{"embeddable":true,"href":"http:\/\/astehshop.com\/index.php\/wp-json\/wp\/v2\/media\/9581"}],"wp:attachment":[{"href":"http:\/\/astehshop.com\/index.php\/wp-json\/wp\/v2\/media?parent=9580"}],"wp:term":[{"taxonomy":"product_cat","embeddable":true,"href":"http:\/\/astehshop.com\/index.php\/wp-json\/wp\/v2\/product_cat?post=9580"},{"taxonomy":"product_tag","embeddable":true,"href":"http:\/\/astehshop.com\/index.php\/wp-json\/wp\/v2\/product_tag?post=9580"}],"curies":[{"name":"wp","href":"https:\/\/api.w.org\/{rel}","templated":true}]}}