{"id":9426,"date":"2024-06-23T11:19:49","date_gmt":"2024-06-23T09:19:49","guid":{"rendered":"http:\/\/astehshop.com\/?post_type=product&#038;p=9426"},"modified":"2026-01-15T09:53:31","modified_gmt":"2026-01-15T08:53:31","slug":"imou-wifi-kamera-cruiser-2-ipc-gs7ep-5mowe","status":"publish","type":"product","link":"http:\/\/astehshop.com\/index.php\/product\/imou-wifi-kamera-cruiser-2-ipc-gs7ep-5mowe\/","title":{"rendered":"Imou wifi kamera Cruiser 2 ipc-gs7ep-5mowe"},"content":{"rendered":"<p>Cruiser pru\u017ea pra\u0107enje u\u017eivo od 5MP sa izborom 3,6mm objektiva, sa 5MP 3K pra\u0107enjem u\u017eivo i 0~340\u00b0 pan &amp; 0~90\u00b0tilt funkcijama, Cruiser 2 5MP osigurava da svaki kutak va\u0161eg doma bude potpuno pokriven. Podr\u017eava \u010detiri re\u017eima no\u0107nog vida za jasno\u0107u poput dana \u010dak i u mrklom mraku. Sa IP66 certifikatom, kamera se mo\u017ee koristiti na otvorenom u razli\u010ditim vremenskim uvjetima. Sa ugra\u0111enim reflektorom i sigurnosnom sirenom, Cruiser 2 5 MP aktivno dr\u017ei nepo\u017eeljne posjetitelje podalje od onoga do \u010dega vam je stalo.<\/p>\n<p>3K QHD slika<br \/>\nPametni no\u0107ni vid u punoj boji<br \/>\nPanoramic Pan &amp; Tilt<br \/>\nPokre\u0107e IMOU SENSE&#x2122;<br \/>\nSmart Tracking<br \/>\nIP66 Otpornost na vremenske uslove<\/p>\n","protected":false},"excerpt":{"rendered":"<p>Cruiser pru\u017ea pra\u0107enje u\u017eivo od 5MP sa izborom 3,6mm objektiva, sa 5MP 3K pra\u0107enjem u\u017eivo i 0~340\u00b0 pan &amp; 0~90\u00b0tilt funkcijama, Cruiser 2 5MP osigurava da svaki kutak va\u0161eg doma bude potpuno pokriven. Podr\u017eava \u010detiri re\u017eima no\u0107nog vida za jasno\u0107u poput dana \u010dak i u mrklom mraku. Sa IP66 certifikatom, kamera se mo\u017ee koristiti na otvorenom u razli\u010ditim vremenskim uvjetima. Sa ugra\u0111enim reflektorom i sigurnosnom sirenom, Cruiser 2 5 MP aktivno dr\u017ei nepo\u017eeljne posjetitelje podalje od onoga do \u010dega vam je stalo.<\/p>\n<p>3K QHD slika<br \/>\nPametni no\u0107ni vid u punoj boji<br \/>\nPanoramic Pan &amp; Tilt<br \/>\nPokre\u0107e IMOU SENSE&#x2122;<br \/>\nSmart Tracking<br \/>\nIP66 Otpornost na vremenske uslove<\/p>\n","protected":false},"featured_media":9427,"comment_status":"open","ping_status":"closed","template":"","meta":{"_mi_skip_tracking":false,"_exactmetrics_sitenote_active":false,"_exactmetrics_sitenote_note":"","_exactmetrics_sitenote_category":0,"spay_email":""},"product_cat":[135],"product_tag":[7246,7245,3002,421,7247,5994,7248,476,474,1183],"brands":[{"id":2045,"name":"Dahua","slug":"dahua"}],"df_price":"","df_sale_price":"","df_regular_price":"","df_image_link":"https:\/\/i0.wp.com\/astehshop.com\/wp-content\/uploads\/2024\/06\/52875_camera_ngoai_troi_ip_wifi_imou_ipc_gs7ep_5m0we_5mp_406f91045c8245b38982b4bf2a11ad65_master.jpg?fit=450%2C450","jetpack_publicize_connections":[],"jetpack_sharing_enabled":true,"jetpack_likes_enabled":true,"jetpack-related-posts":[{"id":9785,"url":"http:\/\/astehshop.com\/index.php\/product\/imou-ipc-s6dp-5m0web-e27-sijalica-5-mpx-wifi-kamera\/","url_meta":{"origin":9426,"position":0},"title":"Imou IPC-S6DP-5M0WEB-E27  sijalica 5 MPX wifi Kamera","date":"2. prosinca 2024.","format":false,"excerpt":"Bulb Cam pru\u017ea pra\u0107enje u\u017eivo od 5MP sa izborom opcije so\u010diva od 2,8mm, sa funkcijama 0~340\u00b0pan & 0~90\u00b0tilt, Bulb Cam 5MP osigurava da svaki kutak va\u0161eg doma bude potpuno pokriven. Podr\u017eava no\u0107ni vid u punoj boji za jasno\u0107u kao dan \u010dak i u potpunom mraku. Na\u010din ugradnje navojnog nosa\u010da vam\u2026","rel":"","context":"Srodne objave","img":{"alt_text":"","src":"https:\/\/i0.wp.com\/astehshop.com\/wp-content\/uploads\/2024\/12\/IPC-S6DP-5M0WEB-E27.jpg?fit=700%2C700&resize=350%2C200","width":350,"height":200},"classes":[]},{"id":7546,"url":"http:\/\/astehshop.com\/index.php\/product\/dahua-imou-cruiser-4-mpx-ipc-s42fp-roto-full-color-kamera\/","url_meta":{"origin":9426,"position":1},"title":"Dahua Imou Cruiser 4 MPX IPC-S42FP roto FULL color kamera + gratis 64 GB kartica","date":"2. travnja 2023.","format":false,"excerpt":"Imou Cruiser 4 MPX Slika u boji uvijek ako to \u017eelite pra\u0107enje detekcija ljudi dvosmjerna komunikacija sirena dupla antena 8 x digitalni zum Snimanje na mikro sd karticu ili na cloud Pri\u010dajte sa va\u0161om djecom ma gdje da se nalazite Cruiser 4MP pru\u017ea pra\u0107enje u\u017eivo od 4MP sa izborom opcije\u2026","rel":"","context":"Srodne objave","img":{"alt_text":"","src":"https:\/\/i1.wp.com\/astehshop.com\/wp-content\/uploads\/2023\/04\/cruiser-4-mpx-sa-gratis-memorijskom-1.jpg?fit=669%2C629&resize=350%2C200","width":350,"height":200},"classes":[]},{"id":9962,"url":"http:\/\/astehshop.com\/index.php\/product\/ipc-s7cp-5m0we-wifi-roto-kamera-imou\/","url_meta":{"origin":9426,"position":2},"title":"IPC-S7CP-5M0WE WIFI roto kamera IMOU","date":"16. o\u017eujka 2025.","format":false,"excerpt":"Najnovije iz bogate Imou ponude, Cruiser 2C pru\u017ea 5MP pra\u0107enje u\u017eivo uz pan pomicanje 0~355\u00b0 i nagib od 0~90\u00b0. Ova rotacijska kamera osigurava svaki kutak va\u0161eg doma. Podr\u017eava \u010detiri na\u010dina no\u0107nog vida za jasno\u0107u kao danju, \u010dak i u mrklom mraku. Zahvaljuju\u0107i IP66 certifikatu, kamera se mo\u017ee koristiti na otvorenom\u2026","rel":"","context":"Srodne objave","img":{"alt_text":"","src":"https:\/\/i1.wp.com\/astehshop.com\/wp-content\/uploads\/2025\/03\/IPC-S7CP-5M0WE-1.png?fit=450%2C450&resize=350%2C200","width":350,"height":200},"classes":[]},{"id":9968,"url":"http:\/\/astehshop.com\/index.php\/product\/ipc-k7fp-5h0we-wifi-roto-kamera-imou\/","url_meta":{"origin":9426,"position":3},"title":"IPC-K7FP-5H0WE WIFI roto kamera IMOU","date":"16. o\u017eujka 2025.","format":false,"excerpt":"IMOU Cruiser SC 5MP IPC-K7FP-5H0WE-EU je napredna IP kamera dizajnirana za sigurnosni nadzor unutra\u0161njih i vanjskih prostora. Sa rezolucijom od 5MP (2880x1620) i 3.6mm fiksnim objektivom, omogu\u0107ava visoku jasno\u0107u slike i \u0161iroki ugao gledanja.Kamera je opremljena inteligentnim funkcijama kao \u0161to su detekcija ljudi, pametan no\u0107ni vid u \u010detiri moda, AI\u2026","rel":"","context":"Srodne objave","img":{"alt_text":"","src":"https:\/\/i0.wp.com\/astehshop.com\/wp-content\/uploads\/2025\/03\/IPC-K7FP-5H0WE-WIFI-roto-kamera-IMOU-1.jpg?fit=1200%2C1200&resize=350%2C200","width":350,"height":200},"classes":[]},{"id":9959,"url":"http:\/\/astehshop.com\/index.php\/product\/ipc-a42p-l-imou-wifi-roto-kamera\/","url_meta":{"origin":9426,"position":4},"title":"IPC-A42P-L Imou WIFI roto kamera","date":"16. o\u017eujka 2025.","format":false,"excerpt":"4MP QHD pra\u0107enjem u\u017eivo i zna\u010dajkama paniranja od 0~355\u00b0 i -5~80\u00b0nagiba, Ranger 2 4MP osigurava potpuno pokrivanje svakog kutka va\u0161eg doma. Human Detection brzo pronalazi ljude na slikama i odmah vam \u0161alje obavijest. Privacy Mode poma\u017ee u za\u0161titi va\u0161e osobne privatnosti kada ste kod ku\u0107e, a funkcija pametnog pra\u0107enja omogu\u0107uje\u2026","rel":"","context":"Srodne objave","img":{"alt_text":"","src":"https:\/\/i1.wp.com\/astehshop.com\/wp-content\/uploads\/2025\/03\/3-IPC-A42P-L-1.jpg?fit=225%2C225&resize=350%2C200","width":350,"height":200},"classes":[]},{"id":9424,"url":"http:\/\/astehshop.com\/index.php\/product\/imou-cruiser-dual-10-mpx-ipc-s7xp-10m0wed\/","url_meta":{"origin":9426,"position":5},"title":"Imou Cruiser dual 10 MPX ipc-s7xp-10m0wed","date":"23. lipnja 2024.","format":false,"excerpt":"IPC-S7XP-10M0WED-IMOU Cruiser Dual Imou | 10PM be\u017ei\u010dna Wi-Fi kamera na otvorenom (5Mp fiksna 3,6mm + 5Mp PT motorizirana), 8X digitalni zum. Opremljen IMOU SENSE algoritmom, 4 na\u010dina no\u0107nog vida (Smart, Full Color, Infrared, Off) do 30M, Active Deterrence (integrirana 110dB sirena i reflektor), Smart funkcije: Smart Tracking (automatsko pra\u0107enje kretanja)\u2026","rel":"","context":"Srodne objave","img":{"alt_text":"","src":"https:\/\/i1.wp.com\/astehshop.com\/wp-content\/uploads\/2024\/06\/imou-cruiser-dual-ip-camera-3mp-5mp-ipc-s7xp-8m0wed-0360b-imou.png?fit=1200%2C1131&resize=350%2C200","width":350,"height":200},"classes":[]}],"_links":{"self":[{"href":"http:\/\/astehshop.com\/index.php\/wp-json\/wp\/v2\/product\/9426"}],"collection":[{"href":"http:\/\/astehshop.com\/index.php\/wp-json\/wp\/v2\/product"}],"about":[{"href":"http:\/\/astehshop.com\/index.php\/wp-json\/wp\/v2\/types\/product"}],"replies":[{"embeddable":true,"href":"http:\/\/astehshop.com\/index.php\/wp-json\/wp\/v2\/comments?post=9426"}],"wp:featuredmedia":[{"embeddable":true,"href":"http:\/\/astehshop.com\/index.php\/wp-json\/wp\/v2\/media\/9427"}],"wp:attachment":[{"href":"http:\/\/astehshop.com\/index.php\/wp-json\/wp\/v2\/media?parent=9426"}],"wp:term":[{"taxonomy":"product_cat","embeddable":true,"href":"http:\/\/astehshop.com\/index.php\/wp-json\/wp\/v2\/product_cat?post=9426"},{"taxonomy":"product_tag","embeddable":true,"href":"http:\/\/astehshop.com\/index.php\/wp-json\/wp\/v2\/product_tag?post=9426"}],"curies":[{"name":"wp","href":"https:\/\/api.w.org\/{rel}","templated":true}]}}