{"id":9369,"date":"2024-06-11T09:15:43","date_gmt":"2024-06-11T07:15:43","guid":{"rendered":"http:\/\/astehshop.com\/?post_type=product&#038;p=9369"},"modified":"2026-01-14T18:50:25","modified_gmt":"2026-01-14T17:50:25","slug":"dahua-android-tv-43-ltv43-sa200","status":"publish","type":"product","link":"http:\/\/astehshop.com\/index.php\/product\/dahua-android-tv-43-ltv43-sa200\/","title":{"rendered":"Dahua android TV 43&#8221; LTV43-SA200"},"content":{"rendered":"","protected":false},"excerpt":{"rendered":"","protected":false},"featured_media":9370,"comment_status":"open","ping_status":"closed","template":"","meta":{"_mi_skip_tracking":false,"_exactmetrics_sitenote_active":false,"_exactmetrics_sitenote_note":"","_exactmetrics_sitenote_category":0,"spay_email":""},"product_cat":[2011],"product_tag":[7147,392,7146,4187,7148,2333],"brands":[{"id":2045,"name":"Dahua","slug":"dahua"}],"df_price":"","df_sale_price":"","df_regular_price":"","df_image_link":"https:\/\/i0.wp.com\/astehshop.com\/wp-content\/uploads\/2024\/06\/dahua-ltv43-sa200.jpg?fit=450%2C450","jetpack_publicize_connections":[],"jetpack_sharing_enabled":true,"jetpack_likes_enabled":true,"jetpack-related-posts":[{"id":9367,"url":"http:\/\/astehshop.com\/index.php\/product\/dahua-43-inca-ltv43-sd200-fhd-android-tv\/","url_meta":{"origin":9369,"position":0},"title":"DAHUA 43 in\u010da LTV43-SD200 FHD Android TV","date":"11. lipnja 2024.","format":false,"excerpt":"Budite deo ne\u010deg sjajnog Ponosni smo na ono \u0161to radimo i ko smo. U Dahua Technology, bic\u0301ete okru\u017eeni timom koji je posvec\u0301en, bistar i entuzijasti\u010dan u pogledu tehnologije i bezbednosnih re\u0161enja. Uvek poku\u0161avamo da prona\u0111emo nove na\u010dine da pobolj\u0161amo na\u0161u metodologiju, na\u0161e operacije i podignemo standarde u na\u0161oj industriji. Mi\u2026","rel":"","context":"Srodne objave","img":{"alt_text":"","src":"https:\/\/i0.wp.com\/astehshop.com\/wp-content\/uploads\/2024\/06\/LTV32-SD100_21_thumb.png?fit=400%2C400&resize=350%2C200","width":350,"height":200},"classes":[]},{"id":9371,"url":"http:\/\/astehshop.com\/index.php\/product\/dahua-58-inca-ltv58-sd400-uhd-android-tv\/","url_meta":{"origin":9369,"position":1},"title":"DAHUA 58 in\u010da LTV58-SD400 UHD Android TV","date":"11. lipnja 2024.","format":false,"excerpt":"Karakteristike Energetska klasa G Ekran Veli\u010dina ekrana 58 in\u010da (147cm) Rezolucija 4K Ultra HD (3.840 x 2.160) Tip ekrana LED Pozadinsko osvetljenje Direct LED Nativni kontrast 5.000:1 Osve\u017eavanje 60Hz Osvetljenje 300 nita Odnos stranica 16:9 Uglovi gledanja 178 stepeni vertikalni, 178 stepeni horizontalni Paleta boja 1.07 milijardi boja Ostalo Odziv\u2026","rel":"","context":"Srodne objave","img":{"alt_text":"","src":"https:\/\/i2.wp.com\/astehshop.com\/wp-content\/uploads\/2024\/06\/219868.jpg?fit=748%2C604&resize=350%2C200","width":350,"height":200},"classes":[]},{"id":7519,"url":"http:\/\/astehshop.com\/index.php\/product\/imou-dahua-wifi-kamera-ipc-f22p\/","url_meta":{"origin":9369,"position":2},"title":"Imou Dahua WiFi kamera IPC-F22P","date":"1. travnja 2023.","format":false,"excerpt":"Pametna WIFI bullet kamera IMOU 2 MPX SD kartica maksimalno do 128 GB Ugra\u0111en mikrofon Detekcija pokreta Detekcija ljudi IP67 Uz kameru dolazi adapter 12v 1A Podr\u017eava Android i Iphone Besplatna IMOU aplikacija","rel":"","context":"Srodne objave","img":{"alt_text":"","src":"https:\/\/i2.wp.com\/astehshop.com\/wp-content\/uploads\/2023\/04\/camera-bullet-2-mp-2.8mm-ortam-2c-ipc-f22p-d-imou-1.jpg?fit=721%2C673&resize=350%2C200","width":350,"height":200},"classes":[]},{"id":9373,"url":"http:\/\/astehshop.com\/index.php\/product\/dahua-50-ltv50-sd400-uhd-android-tv\/","url_meta":{"origin":9369,"position":3},"title":"DAHUA 50&#8243; LTV50-SD400 UHD Android TV","date":"11. lipnja 2024.","format":false,"excerpt":"Karakteristike Energetska klasa G Ekran Veli\u010dina ekrana 50 in\u010da (127cm) Rezolucija 4K Ultra HD (3.840 x 2.160) Tip ekrana LED Pozadinsko osvetljenje Direct LED Nativni kontrast 5.000:1 Osve\u017eavanje 60Hz Osvetljenje 300 nita Odnos stranica 16:9 Uglovi gledanja 178 stepeni horizontalni, 178 stepeni vertikalni Paleta boja 1.07 milijardi boja Ostalo Odziv\u2026","rel":"","context":"Srodne objave","img":{"alt_text":"","src":"https:\/\/i1.wp.com\/astehshop.com\/wp-content\/uploads\/2024\/06\/LTV32-SD100_1_1701345107.jpg?fit=1200%2C832&resize=350%2C200","width":350,"height":200},"classes":[]},{"id":7521,"url":"http:\/\/astehshop.com\/index.php\/product\/imou-dahua-wifi-kamera-ipc-g22\/","url_meta":{"origin":9369,"position":4},"title":"Imou Dahua WiFi kamera IPC-G22","date":"1. travnja 2023.","format":false,"excerpt":"Pametna WIFI bullet kamera IMOU 2 MPX SD kartica maksimalno do 128 GB Ugra\u0111en mikrofon Detekcija pokreta Detekcija ljudi IP67 Uz kameru dolazi adapter 12v 1A Podr\u017eava Android i Iphone Besplatna IMOU aplikacija","rel":"","context":"Srodne objave","img":{"alt_text":"","src":"https:\/\/i2.wp.com\/astehshop.com\/wp-content\/uploads\/2023\/04\/ipc-g22-imou.png?fit=834%2C726&resize=350%2C200","width":350,"height":200},"classes":[]},{"id":7529,"url":"http:\/\/astehshop.com\/index.php\/product\/dahua-imou-wifi-ip-kamera-ipc-g42p-4-mpx\/","url_meta":{"origin":9369,"position":5},"title":"Dahua Imou WIFI ip kamera IPC-G42P 4 MPX","date":"1. travnja 2023.","format":false,"excerpt":"Pametna WIFI bullet kamera IMOU 4 MPX SD kartica maksimalno do 128 GB Ugra\u0111en mikrofon Detekcija pokreta Detekcija ljudi IP67 Uz kameru dolazi adapter 12v 1A Podr\u017eava Android i Iphone Besplatna IMOU aplikacija","rel":"","context":"Srodne objave","img":{"alt_text":"","src":"https:\/\/i1.wp.com\/astehshop.com\/wp-content\/uploads\/2023\/04\/ipc-g42p-imou.jpg?fit=800%2C800&resize=350%2C200","width":350,"height":200},"classes":[]}],"_links":{"self":[{"href":"http:\/\/astehshop.com\/index.php\/wp-json\/wp\/v2\/product\/9369"}],"collection":[{"href":"http:\/\/astehshop.com\/index.php\/wp-json\/wp\/v2\/product"}],"about":[{"href":"http:\/\/astehshop.com\/index.php\/wp-json\/wp\/v2\/types\/product"}],"replies":[{"embeddable":true,"href":"http:\/\/astehshop.com\/index.php\/wp-json\/wp\/v2\/comments?post=9369"}],"wp:featuredmedia":[{"embeddable":true,"href":"http:\/\/astehshop.com\/index.php\/wp-json\/wp\/v2\/media\/9370"}],"wp:attachment":[{"href":"http:\/\/astehshop.com\/index.php\/wp-json\/wp\/v2\/media?parent=9369"}],"wp:term":[{"taxonomy":"product_cat","embeddable":true,"href":"http:\/\/astehshop.com\/index.php\/wp-json\/wp\/v2\/product_cat?post=9369"},{"taxonomy":"product_tag","embeddable":true,"href":"http:\/\/astehshop.com\/index.php\/wp-json\/wp\/v2\/product_tag?post=9369"}],"curies":[{"name":"wp","href":"https:\/\/api.w.org\/{rel}","templated":true}]}}