{"id":9212,"date":"2024-03-19T18:06:39","date_gmt":"2024-03-19T17:06:39","guid":{"rendered":"http:\/\/astehshop.com\/?post_type=product&#038;p=9212"},"modified":"2026-01-14T18:51:55","modified_gmt":"2026-01-14T17:51:55","slug":"tablet-za-djecu-k20-medo-kids","status":"publish","type":"product","link":"http:\/\/astehshop.com\/index.php\/product\/tablet-za-djecu-k20-medo-kids\/","title":{"rendered":"Tablet za djecu K20 Medo kids"},"content":{"rendered":"<p>Djeca dnevno provode i po nekoliko sati ispred ekrana pametnih telefona i tableta. Istovremeno, izlo\u017eena su raznim sadr\u017eajima, vrlo \u010desto bez roditeljskog nadzora i bez kontrole sadr\u017eaja vezanog uz dobnu granicu.<\/p>\n<p>Kako biste djetetu omogu\u0107ili kvalitetan sadr\u017eaj, edukaciju i korisne savjete rje\u0161enje nudi softver iWawa posebno prilago\u0111en djeci \u2013 djeca \u0107e nau\u010diti logi\u010dki zaklju\u010divati, brojati na engleskom, igrati jednostavnije igre i tako razvijati motori\u010dke sposobnosti, ali i rje\u0161avati lak\u0161e zadatke, igrati interaktivne igre\u2026<\/p>\n<p>Softver iWawa je dio novog meanIT Tablet K20 Medo Kids, tableta prilago\u0111enog djeci. Pokre\u0107e ga Android 12 te na zaslonu od 7 in\u010da roditelji svojoj djeci mogu ograni\u010diti pristup i ukupno vrijeme koje \u0107e djeca provesti gledaju\u0107i u razne sadr\u017eaje. Roditelji mogu ograni\u010diti i kojim aplikacijama dijete mo\u017ee pristupiti.<\/p>\n<p>Pri tome \u0107e djeci od pomo\u0107i biti sklopivi dr\u017ea\u010d za vertikalnu poziciju kako bi im ruke bile slobodne i neoptere\u0107ene dr\u017eanjem tableta. Ne\u0107e im biti niti potreban naslon na stolu ili u krevetu dok igraju igre i gledaju razne sadr\u017eaje.<\/p>\n<p>Niti roditelji ne\u0107e imati nikakve neprilike s tablet ra\u010dunalom jer je meanIT Tablet K20 Medo Kids za\u0161ti\u0107en \u2013 gumirano ku\u0107i\u0161te sprje\u010dava o\u0161te\u0107enja ku\u0107i\u0161ta i smanjuje mogu\u0107nost da se dijete ozlijedi. Uz bateriju kapaciteta 3000 mAh tablet \u0107e se mo\u0107i dugo koristiti izme\u0111u dva punjenja, a prilo\u017eeni punja\u010d omogu\u0107uje jednostavno punjenje.<\/p>\n<p>U meanIT tablet ugra\u0111ena su 2 GB radne memorije, \u0161to \u0107e uz Android 12 Go verziju biti dovoljno za ugodan i brz rad jer je operativni sustav posebno prilago\u0111en ure\u0111ajima s manje radne memorije. 16 GB memorije bit \u0107e dovoljno za ve\u0107inu potreba, a memorija je pro\u0161iriva microSD karticama.<\/p>\n<p>Ugra\u0111ene su i prednja i stra\u017enja kamera kako bi se mogli obavljati video pozivi i u\u010diti fotografirati. Simpati\u010dni tablet Medo bit \u0107e najbolji prijatelj va\u0161em djetetu koje \u0107e se kvalitetno zabavljati i u\u010diti korisne stvari, bez ikakvog roditeljskog straha.<\/p>\n<p>\u2022 Kids tablet prilago\u0111en za djecu<br \/>\n\u2022 Software prilago\u0111en djeci (software iWawa)<br \/>\n\u2022 Interaktivne igre i sadr\u017eaji<br \/>\n\u2022 Gumirano ku\u010di\u0161te , sklopivi dr\u017ea\u010d za vertikalnu poziciju<br \/>\n\u2022 Zaslon 7 \u201d IPS (1024x600px)<br \/>\n\u2022 CPU Quad-core<br \/>\n\u2022 2GB RAM +16GB interna memorija-pro\u0161iriva<br \/>\n\u2022 Wi-Fi, BT mre\u017ea, G sensor<br \/>\n\u2022 Kamera 2MP + prednja 0,3MP<br \/>\n\u2022 Android 12<br \/>\n\u2022 Baterija 3000mAh<\/p>\n<p><iframe loading=\"lazy\"  id=\"_ytid_13563\"  width=\"480\" height=\"270\"  data-origwidth=\"480\" data-origheight=\"270\"  src=\"https:\/\/www.youtube.com\/embed\/Zp6zfFqz_vM?enablejsapi=1&#038;autoplay=0&#038;cc_load_policy=0&#038;cc_lang_pref=&#038;iv_load_policy=1&#038;loop=0&#038;modestbranding=0&#038;rel=1&#038;fs=1&#038;playsinline=0&#038;autohide=2&#038;theme=dark&#038;color=red&#038;controls=1&#038;\" class=\"__youtube_prefs__  epyt-is-override  no-lazyload\" title=\"YouTube player\"  allow=\"autoplay; encrypted-media\" allowfullscreen data-no-lazy=\"1\" data-skipgform_ajax_framebjll=\"\"><\/iframe><\/p>\n<p>&nbsp;<\/p>\n","protected":false},"excerpt":{"rendered":"<p>Djeca dnevno provode i po nekoliko sati ispred ekrana pametnih telefona i tableta. Istovremeno, izlo\u017eena su raznim sadr\u017eajima, vrlo \u010desto bez roditeljskog nadzora i bez kontrole sadr\u017eaja vezanog uz dobnu granicu.<\/p>\n<p>Kako biste djetetu omogu\u0107ili kvalitetan sadr\u017eaj, edukaciju i korisne savjete rje\u0161enje nudi softver iWawa posebno prilago\u0111en djeci \u2013 djeca \u0107e nau\u010diti logi\u010dki zaklju\u010divati, brojati na engleskom, igrati jednostavnije igre i tako razvijati motori\u010dke sposobnosti, ali i rje\u0161avati lak\u0161e zadatke, igrati interaktivne igre\u2026<\/p>\n<p>Softver iWawa je dio novog meanIT Tablet K20 Medo Kids, tableta prilago\u0111enog djeci. Pokre\u0107e ga Android 12 te na zaslonu od 7 in\u010da roditelji svojoj djeci mogu ograni\u010diti pristup i ukupno vrijeme koje \u0107e djeca provesti gledaju\u0107i u razne sadr\u017eaje. Roditelji mogu ograni\u010diti i kojim aplikacijama dijete mo\u017ee pristupiti.<\/p>\n<p>Pri tome \u0107e djeci od pomo\u0107i biti sklopivi dr\u017ea\u010d za vertikalnu poziciju kako bi im ruke bile slobodne i neoptere\u0107ene dr\u017eanjem tableta. Ne\u0107e im biti niti potreban naslon na stolu ili u krevetu dok igraju igre i gledaju razne sadr\u017eaje.<\/p>\n<p>Niti roditelji ne\u0107e imati nikakve neprilike s tablet ra\u010dunalom jer je meanIT Tablet K20 Medo Kids za\u0161ti\u0107en \u2013 gumirano ku\u0107i\u0161te sprje\u010dava o\u0161te\u0107enja ku\u0107i\u0161ta i smanjuje mogu\u0107nost da se dijete ozlijedi. Uz bateriju kapaciteta 3000 mAh tablet \u0107e se mo\u0107i dugo koristiti izme\u0111u dva punjenja, a prilo\u017eeni punja\u010d omogu\u0107uje jednostavno punjenje.<\/p>\n<p>U meanIT tablet ugra\u0111ena su 2 GB radne memorije, \u0161to \u0107e uz Android 12 Go verziju biti dovoljno za ugodan i brz rad jer je operativni sustav posebno prilago\u0111en ure\u0111ajima s manje radne memorije. 16 GB memorije bit \u0107e dovoljno za ve\u0107inu potreba, a memorija je pro\u0161iriva microSD karticama.<\/p>\n<p>Ugra\u0111ene su i prednja i stra\u017enja kamera kako bi se mogli obavljati video pozivi i u\u010diti fotografirati. Simpati\u010dni tablet Medo bit \u0107e najbolji prijatelj va\u0161em djetetu koje \u0107e se kvalitetno zabavljati i u\u010diti korisne stvari, bez ikakvog roditeljskog straha.<\/p>\n<p>\u2022 Kids tablet prilago\u0111en za djecu<br \/>\n\u2022 Software prilago\u0111en djeci (software iWawa)<br \/>\n\u2022 Interaktivne igre i sadr\u017eaji<br \/>\n\u2022 Gumirano ku\u010di\u0161te , sklopivi dr\u017ea\u010d za vertikalnu poziciju<br \/>\n\u2022 Zaslon 7 \u201d IPS (1024x600px)<br \/>\n\u2022 CPU Quad-core<br \/>\n\u2022 2GB RAM +16GB interna memorija-pro\u0161iriva<br \/>\n\u2022 Wi-Fi, BT mre\u017ea, G sensor<br \/>\n\u2022 Kamera 2MP + prednja 0,3MP<br \/>\n\u2022 Android 12<br \/>\n\u2022 Baterija 3000mAh<\/p>\n<p>https:\/\/www.youtube.com\/watch?v=Zp6zfFqz_vM<\/p>\n","protected":false},"featured_media":9213,"comment_status":"open","ping_status":"closed","template":"","meta":{"_mi_skip_tracking":false,"_exactmetrics_sitenote_active":false,"_exactmetrics_sitenote_note":"","_exactmetrics_sitenote_category":0,"spay_email":""},"product_cat":[1347],"product_tag":[2376,6935,6934,1351],"brands":[],"df_price":175,"df_sale_price":175,"df_regular_price":185,"df_image_link":"https:\/\/i2.wp.com\/astehshop.com\/wp-content\/uploads\/2024\/03\/K20-Medo-kids.png?fit=450%2C450","jetpack_publicize_connections":[],"jetpack_sharing_enabled":true,"jetpack_likes_enabled":true,"jetpack-related-posts":[{"id":9209,"url":"http:\/\/astehshop.com\/index.php\/product\/djeciji-tablet-k17-panda-kids\/","url_meta":{"origin":9212,"position":0},"title":"Dje\u010diji tablet K17 Panda Kids","date":"19. o\u017eujka 2024.","format":false,"excerpt":"Tablet 7\u201d IPS ekran, rezolucija 1024 x600 CPU Quad-core, 2GB RAM + 16GB interna memorija, pro\u0161irivo micro SD karticom do 32GB, Wi-Fi, BT mre\u017ea, G sensor Kamera 2MP + prednja 0,3MP Baterija 3000mAh Android 12 Go Software prilago\u0111en djeci (software iWawa) Edukativne igre i roditeljska za\u0161tita Ku\u010di\u0161te plasti\u0107no s gumenom\u2026","rel":"","context":"Srodne objave","img":{"alt_text":"","src":"https:\/\/i0.wp.com\/astehshop.com\/wp-content\/uploads\/2024\/03\/19539_1686255766ep4k9111tj.png?fit=1200%2C1200&resize=350%2C200","width":350,"height":200},"classes":[]},{"id":8771,"url":"http:\/\/astehshop.com\/index.php\/product\/digitalni-tablet-za-pisanje-i-crtanje-10-5-inca-plavi\/","url_meta":{"origin":9212,"position":1},"title":"Digitalni Tablet za Pisanje i Crtanje | 10.5 in\u010da | Plavi","date":"10. sije\u010dnja 2024.","format":false,"excerpt":"10,5\" tablet za pisanje i crtanje Zaslon je osjetljiv na pritisak, a debljina \u0107e varirati ovisno o pritisku koji vr\u0161ite na njega Uklju\u010duje olovku Zaslon se mo\u017ee obrisati vi\u0161e od 50.000 puta Savr\u0161eno za ljude koji vole crtati, bez tro\u0161enja papira Jednostavan za kori\u0161tenje - Brisanje crte\u017ea i rije\u010di pritiskom\u2026","rel":"","context":"Srodne objave","img":{"alt_text":"","src":"https:\/\/i1.wp.com\/astehshop.com\/wp-content\/uploads\/2024\/01\/plavi-tablet.jpg?fit=400%2C400&resize=350%2C200","width":350,"height":200},"classes":[]},{"id":8774,"url":"http:\/\/astehshop.com\/index.php\/product\/digitalni-tablet-za-pisanje-i-crtanje-14-inca-rozi\/","url_meta":{"origin":9212,"position":2},"title":"Digitalni Tablet za Pisanje i Crtanje | 14 in\u010da | Rozi","date":"10. sije\u010dnja 2024.","format":false,"excerpt":"14\" tablet za pisanje i crtanje Zaslon je osjetljiv na pritisak, a debljina \u0107e varirati ovisno o pritisku koji vr\u0161ite na njega Uklju\u010duje olovku Zaslon se mo\u017ee obrisati vi\u0161e od 50.000 puta Savr\u0161eno za ljude koji vole crtati, bez tro\u0161enja papira Jednostavan za kori\u0161tenje - Brisanje crte\u017ea i rije\u010di pritiskom\u2026","rel":"","context":"Srodne objave","img":{"alt_text":"","src":"https:\/\/i1.wp.com\/astehshop.com\/wp-content\/uploads\/2024\/01\/14-rozi.jpg?fit=400%2C400&resize=350%2C200","width":350,"height":200},"classes":[]},{"id":8777,"url":"http:\/\/astehshop.com\/index.php\/product\/digitalni-tablet-za-pisanje-i-crtanje-14-inca-plavi\/","url_meta":{"origin":9212,"position":3},"title":"Digitalni Tablet za Pisanje i Crtanje | 14 in\u010da | Plavi","date":"10. sije\u010dnja 2024.","format":false,"excerpt":"14\" tablet za pisanje i crtanje Zaslon je osjetljiv na pritisak, a debljina \u0107e varirati ovisno o pritisku koji vr\u0161ite na njega Uklju\u010duje olovku Zaslon se mo\u017ee obrisati vi\u0161e od 50.000 puta Savr\u0161eno za ljude koji vole crtati, bez tro\u0161enja papira Jednostavan za kori\u0161tenje - Brisanje crte\u017ea i rije\u010di pritiskom\u2026","rel":"","context":"Srodne objave","img":{"alt_text":"","src":"https:\/\/i0.wp.com\/astehshop.com\/wp-content\/uploads\/2024\/01\/14-inca-tablet-plavi.jpg?fit=400%2C400&resize=350%2C200","width":350,"height":200},"classes":[]},{"id":7643,"url":"http:\/\/astehshop.com\/index.php\/product\/igraca-konzola-playstation-5amd-ryzen-zen-216gb-825gb-ssd\/","url_meta":{"origin":9212,"position":4},"title":"Igra\u0107a konzola PlayStation 5,AMD Ryzen Zen 2,16GB, 825GB SSD","date":"30. travnja 2023.","format":false,"excerpt":"Igra\u0107a konzola PlayStation 5,AMD Ryzen Zen 2,16GB, 825GB SSD Igra nema ograni\u010denja!!! U\u017eivajte u munjevitom u\u010ditavanju uz ultra-brzi SSD, realisti\u010dnije iskustvo igranja s hapti\u010dkim povratnim informacijama, prilagodljive tipke za okidanje i 3D zvuk, te potpuno novu generaciju nevjerovatnih PlayStation igara. \u200bIskoristite snagu prilago\u0111enog CPU-a, GPU-a i SSD-a sa ugra\u0111enim I\/O\u2026","rel":"","context":"Srodne objave","img":{"alt_text":"","src":"https:\/\/i2.wp.com\/astehshop.com\/wp-content\/uploads\/2023\/04\/playstation-5.png?fit=1200%2C1171&resize=350%2C200","width":350,"height":200},"classes":[]},{"id":7532,"url":"http:\/\/astehshop.com\/index.php\/product\/dahua-imou-ipc-a22ep-a-ranger-2-wifi-roto-kamera\/","url_meta":{"origin":9212,"position":5},"title":"Dahua Imou IPC-A22EP-A  Ranger 2 wifi roto kamera","date":"1. travnja 2023.","format":false,"excerpt":"2 MPX rotiranje kamere 360 stepeni Detekcija ljudi pametno pra\u0107enje No\u0107ni mod mod privatnosti Saznajte kada vam se beba probudila sa odli\u010dnom detekcijom zvuka na Ranger 2 kameri Pove\u017eite se sa svojim domom bez obzira gdje se nalazite - pogledajte \u0161ta Vam rade ljubimci ili djeca 24 \/ 7 za\u0161tita","rel":"","context":"Srodne objave","img":{"alt_text":"","src":"https:\/\/i2.wp.com\/astehshop.com\/wp-content\/uploads\/2023\/04\/IPC-A22E-IMOU.jpg?fit=784%2C718&resize=350%2C200","width":350,"height":200},"classes":[]}],"_links":{"self":[{"href":"http:\/\/astehshop.com\/index.php\/wp-json\/wp\/v2\/product\/9212"}],"collection":[{"href":"http:\/\/astehshop.com\/index.php\/wp-json\/wp\/v2\/product"}],"about":[{"href":"http:\/\/astehshop.com\/index.php\/wp-json\/wp\/v2\/types\/product"}],"replies":[{"embeddable":true,"href":"http:\/\/astehshop.com\/index.php\/wp-json\/wp\/v2\/comments?post=9212"}],"wp:featuredmedia":[{"embeddable":true,"href":"http:\/\/astehshop.com\/index.php\/wp-json\/wp\/v2\/media\/9213"}],"wp:attachment":[{"href":"http:\/\/astehshop.com\/index.php\/wp-json\/wp\/v2\/media?parent=9212"}],"wp:term":[{"taxonomy":"product_cat","embeddable":true,"href":"http:\/\/astehshop.com\/index.php\/wp-json\/wp\/v2\/product_cat?post=9212"},{"taxonomy":"product_tag","embeddable":true,"href":"http:\/\/astehshop.com\/index.php\/wp-json\/wp\/v2\/product_tag?post=9212"}],"curies":[{"name":"wp","href":"https:\/\/api.w.org\/{rel}","templated":true}]}}