{"id":9209,"date":"2024-03-19T18:02:35","date_gmt":"2024-03-19T17:02:35","guid":{"rendered":"http:\/\/astehshop.com\/?post_type=product&#038;p=9209"},"modified":"2026-01-14T18:51:56","modified_gmt":"2026-01-14T17:51:56","slug":"djeciji-tablet-k17-panda-kids","status":"publish","type":"product","link":"http:\/\/astehshop.com\/index.php\/product\/djeciji-tablet-k17-panda-kids\/","title":{"rendered":"Dje\u010diji tablet K17 Panda Kids"},"content":{"rendered":"<p>Tablet 7\u201d IPS ekran, rezolucija 1024 x600<\/p>\n<p>CPU Quad-core, 2GB RAM + 16GB interna memorija, pro\u0161irivo micro SD karticom do 32GB, Wi-Fi, BT mre\u017ea, G sensor<\/p>\n<p>Kamera 2MP + prednja 0,3MP<\/p>\n<p>Baterija 3000mAh<\/p>\n<p>Android 12 Go<\/p>\n<p>Software prilago\u0111en djeci (software iWawa)<br \/>\nEdukativne igre i roditeljska za\u0161tita<br \/>\nKu\u010di\u0161te plasti\u0107no s gumenom za\u0161titom<\/p>\n<p><iframe loading=\"lazy\"  id=\"_ytid_30758\"  width=\"480\" height=\"270\"  data-origwidth=\"480\" data-origheight=\"270\"  src=\"https:\/\/www.youtube.com\/embed\/Kp1x7FoWbx8?enablejsapi=1&#038;autoplay=0&#038;cc_load_policy=0&#038;cc_lang_pref=&#038;iv_load_policy=1&#038;loop=0&#038;modestbranding=0&#038;rel=1&#038;fs=1&#038;playsinline=0&#038;autohide=2&#038;theme=dark&#038;color=red&#038;controls=1&#038;\" class=\"__youtube_prefs__  epyt-is-override  no-lazyload\" title=\"YouTube player\"  allow=\"autoplay; encrypted-media\" allowfullscreen data-no-lazy=\"1\" data-skipgform_ajax_framebjll=\"\"><\/iframe><\/p>\n<p>&nbsp;<\/p>\n","protected":false},"excerpt":{"rendered":"<p>Tablet 7\u201d IPS ekran, rezolucija 1024 x600<\/p>\n<p>CPU Quad-core, 2GB RAM + 16GB interna memorija, pro\u0161irivo micro SD karticom do 32GB, Wi-Fi, BT mre\u017ea, G sensor<\/p>\n<p>Kamera 2MP + prednja 0,3MP<\/p>\n<p>Baterija 3000mAh<\/p>\n<p>Android 12 Go<\/p>\n<p>Software prilago\u0111en djeci (software iWawa)<br \/>\nEdukativne igre i roditeljska za\u0161tita<br \/>\nKu\u010di\u0161te plasti\u0107no s gumenom za\u0161titom<\/p>\n<p>https:\/\/www.youtube.com\/watch?v=Kp1x7FoWbx8<\/p>\n<p>&nbsp;<\/p>\n","protected":false},"featured_media":9210,"comment_status":"open","ping_status":"closed","template":"","meta":{"_mi_skip_tracking":false,"_exactmetrics_sitenote_active":false,"_exactmetrics_sitenote_note":"","_exactmetrics_sitenote_category":0,"spay_email":""},"product_cat":[1347],"product_tag":[2376,6931,6932,1351,6933],"brands":[],"df_price":149,"df_sale_price":149,"df_regular_price":159,"df_image_link":"https:\/\/i0.wp.com\/astehshop.com\/wp-content\/uploads\/2024\/03\/19539_1686255766ep4k9111tj.png?fit=450%2C450","jetpack_publicize_connections":[],"jetpack_sharing_enabled":true,"jetpack_likes_enabled":true,"jetpack-related-posts":[{"id":4351,"url":"http:\/\/astehshop.com\/index.php\/product\/tablet-kids-k7\/","url_meta":{"origin":9209,"position":0},"title":"Tablet kids k7","date":"31. o\u017eujka 2020.","format":false,"excerpt":"Android tablet 7\", ekran rezolucija 1024 x 600, CPU Quad Core, RAM memorija 1GB, interna memorija 8GB, pro\u0161irivo sa microSD do 32GB, kamera 2Mpixel, G senzor, WiFi, Bluetooth. Baterija 2500mAh Operativni sustav Android 7.1 Nougat","rel":"","context":"Srodne objave","img":{"alt_text":"","src":"https:\/\/i2.wp.com\/astehshop.com\/wp-content\/uploads\/2020\/03\/K7-Kids.png?fit=1200%2C1099&resize=350%2C200","width":350,"height":200},"classes":[]},{"id":9212,"url":"http:\/\/astehshop.com\/index.php\/product\/tablet-za-djecu-k20-medo-kids\/","url_meta":{"origin":9209,"position":1},"title":"Tablet za djecu K20 Medo kids","date":"19. o\u017eujka 2024.","format":false,"excerpt":"Djeca dnevno provode i po nekoliko sati ispred ekrana pametnih telefona i tableta. Istovremeno, izlo\u017eena su raznim sadr\u017eajima, vrlo \u010desto bez roditeljskog nadzora i bez kontrole sadr\u017eaja vezanog uz dobnu granicu. Kako biste djetetu omogu\u0107ili kvalitetan sadr\u017eaj, edukaciju i korisne savjete rje\u0161enje nudi softver iWawa posebno prilago\u0111en djeci \u2013 djeca\u2026","rel":"","context":"Srodne objave","img":{"alt_text":"","src":"https:\/\/i2.wp.com\/astehshop.com\/wp-content\/uploads\/2024\/03\/K20-Medo-kids.png?fit=1200%2C1200&resize=350%2C200","width":350,"height":200},"classes":[]},{"id":9221,"url":"http:\/\/astehshop.com\/index.php\/product\/tablet-meanit-x40\/","url_meta":{"origin":9209,"position":2},"title":"Tablet MeanIT X40","date":"19. o\u017eujka 2024.","format":false,"excerpt":"Tablet 10.1\", IPS HD ekran, rezolucija 1280 x 800, format 16:9 Quad Core CPU, RAM memorija 2GB, interna memorija 16GB, Po\u0161irivo do 64GB Kamera: 2 Mpixel stra\u017enja i 0.3 Mpixel prednja Povezivost: WiFi, Bluetooth Baterija 5000 mAh Operativni sistem Android 12 https:\/\/www.youtube.com\/watch?v=TXIih_PM8ig \u00a0","rel":"","context":"Srodne objave","img":{"alt_text":"","src":"https:\/\/i2.wp.com\/astehshop.com\/wp-content\/uploads\/2024\/03\/30739_1686312333cahseye2z0.png?fit=1200%2C1125&resize=350%2C200","width":350,"height":200},"classes":[]},{"id":9734,"url":"http:\/\/astehshop.com\/index.php\/product\/djecji-tablet-blackview-tab3-kids-2gb-ram-32gb-wifi-7-undersea-blue\/","url_meta":{"origin":9209,"position":3},"title":"Dje\u010dji Tablet Blackview Tab3 Kids | 2GB RAM | 32GB | WiFi | 7&#8243; | Undersea Blue","date":"24. studenoga 2024.","format":false,"excerpt":"Tablet Blackview Tab 3 Kids Blue WiFi 7\u201d 2GB + 32GB Veli\u010dina: 7\u201d Display: IPS, 1280 x 800, 149 PPI Memorija: 32GB RAM: 2GB CPU: Unisoc SC7731E 2.0GHz GPU: ARM Mali-T820 MP1 OS: Android 13 Zadnja kamera: 2MP Prednja kamera: 0,3MP Kapacitet baterije: 3280mAh Dimenzije: 195.60 x 136.00 x 21.40\u2026","rel":"","context":"Srodne objave","img":{"alt_text":"","src":"https:\/\/i2.wp.com\/astehshop.com\/wp-content\/uploads\/2024\/11\/Djecji-Tablet-Blackview-Tab3-Kids.jpg?fit=400%2C400&resize=350%2C200","width":350,"height":200},"classes":[]},{"id":9226,"url":"http:\/\/astehshop.com\/index.php\/product\/tablet-mediacom-smartpad-m-sp1x10-10-2gb-32gb-bt-gps-4g-lte\/","url_meta":{"origin":9209,"position":4},"title":"Tablet MEDIACOM SmartPad M-SP1X10 10&#8243; 2GB\/32GB BT GPS 4G LTE","date":"19. o\u017eujka 2024.","format":false,"excerpt":"Tablet MEDIACOM SmartPad M-SP1X10 10\" 2GB\/32GB BT GPS 4G LTE","rel":"","context":"Srodne objave","img":{"alt_text":"","src":"https:\/\/i0.wp.com\/astehshop.com\/wp-content\/uploads\/2024\/03\/0114230_tablet-mediacom-smartpad-m-sp1x10-10-2gb32gb-bt-gps-4g-lte.jpeg?fit=900%2C900&resize=350%2C200","width":350,"height":200},"classes":[]},{"id":6818,"url":"http:\/\/astehshop.com\/index.php\/product\/cubot-j10-1gb-32gb-black\/","url_meta":{"origin":9209,"position":5},"title":"Cubot J10 1GB 32GB Black","date":"25. studenoga 2022.","format":false,"excerpt":"Cubot J10 u crnoj boji. Posjeduje slot za SD karticu. RAM je 1GB i interna memorija je 32GB, sa SD karticom do 128 GB. Baterija 2350 mAh. Rezolucija zadnje kamere je 5MP, prednja kamera 2MP. Quad Core i Android 11 operativni sistem. Veli\u010dina 4 in\u010da. \u00a0 \u00a0","rel":"","context":"Srodne objave","img":{"alt_text":"","src":"https:\/\/i0.wp.com\/astehshop.com\/wp-content\/uploads\/2022\/11\/Cubot-J10-1GB-32GB-Black.png?fit=800%2C800&resize=350%2C200","width":350,"height":200},"classes":[]}],"_links":{"self":[{"href":"http:\/\/astehshop.com\/index.php\/wp-json\/wp\/v2\/product\/9209"}],"collection":[{"href":"http:\/\/astehshop.com\/index.php\/wp-json\/wp\/v2\/product"}],"about":[{"href":"http:\/\/astehshop.com\/index.php\/wp-json\/wp\/v2\/types\/product"}],"replies":[{"embeddable":true,"href":"http:\/\/astehshop.com\/index.php\/wp-json\/wp\/v2\/comments?post=9209"}],"wp:featuredmedia":[{"embeddable":true,"href":"http:\/\/astehshop.com\/index.php\/wp-json\/wp\/v2\/media\/9210"}],"wp:attachment":[{"href":"http:\/\/astehshop.com\/index.php\/wp-json\/wp\/v2\/media?parent=9209"}],"wp:term":[{"taxonomy":"product_cat","embeddable":true,"href":"http:\/\/astehshop.com\/index.php\/wp-json\/wp\/v2\/product_cat?post=9209"},{"taxonomy":"product_tag","embeddable":true,"href":"http:\/\/astehshop.com\/index.php\/wp-json\/wp\/v2\/product_tag?post=9209"}],"curies":[{"name":"wp","href":"https:\/\/api.w.org\/{rel}","templated":true}]}}