{"id":9198,"date":"2024-03-14T19:45:53","date_gmt":"2024-03-14T18:45:53","guid":{"rendered":"http:\/\/astehshop.com\/?post_type=product&#038;p=9198"},"modified":"2025-09-17T21:48:47","modified_gmt":"2025-09-17T19:48:47","slug":"dahua-poe-switch-sg1006p-4-poe-2-porta","status":"publish","type":"product","link":"http:\/\/astehshop.com\/index.php\/product\/dahua-poe-switch-sg1006p-4-poe-2-porta\/","title":{"rendered":"Dahua Poe switch SG1006P 4 POE + 2 porta"},"content":{"rendered":"<p>&gt; Inteligentni PoE<br \/>\n&gt; Hi-PoE 60W (narand\u017easti priklju\u010dak)<br \/>\n&gt; PoE na daljinu<br \/>\n&gt; PoE \u010duvar<br \/>\n&gt; Svi gigabitni PoE portovi<br \/>\n&gt; \u0160iroka radna temperatura<\/p>\n","protected":false},"excerpt":{"rendered":"<p>&gt; Inteligentni PoE<br \/>\n&gt; Hi-PoE 60W (narand\u017easti priklju\u010dak)<br \/>\n&gt; PoE na daljinu<br \/>\n&gt; PoE \u010duvar<br \/>\n&gt; Svi gigabitni PoE portovi<br \/>\n&gt; \u0160iroka radna temperatura<\/p>\n","protected":false},"featured_media":9199,"comment_status":"open","ping_status":"closed","template":"","meta":{"_mi_skip_tracking":false,"_exactmetrics_sitenote_active":false,"_exactmetrics_sitenote_note":"","_exactmetrics_sitenote_category":0,"spay_email":""},"product_cat":[2613],"product_tag":[5540,6926,6928,1923,2592,2290,6927],"brands":[{"id":2045,"name":"Dahua","slug":"dahua"}],"df_price":"","df_sale_price":"","df_regular_price":"","df_image_link":"https:\/\/i2.wp.com\/astehshop.com\/wp-content\/uploads\/2024\/03\/poe-6-kan.jpg?fit=400%2C400","jetpack_publicize_connections":[],"jetpack_sharing_enabled":true,"jetpack_likes_enabled":true,"jetpack-related-posts":[{"id":12205,"url":"http:\/\/astehshop.com\/index.php\/product\/paradox-gigabitni-poe-injector-30w-eg30\/","url_meta":{"origin":9198,"position":0},"title":"Paradox Gigabitni POE+ injector 30W EG30","date":"28. sije\u010dnja 2026.","format":false,"excerpt":"Gigabitni POE+ injector 30W Izlaz 52VDC. Gigabitni uplink. Namjenjen je za napajanje alarmnih centrala i ripitera Paradox M serije. Radi na naponu 100\u2013240V AC, pogodan je i za napajanje PoE ure\u0111aja do 30W snage, za\u0161tita IP40, ku\u0107i\u0161te PVC, samogasivo. Podr\u017eava IEEE 802.3af\/at standarde","rel":"","context":"Srodne objave","img":{"alt_text":"","src":"https:\/\/i2.wp.com\/astehshop.com\/wp-content\/uploads\/2026\/01\/paradox-eg30-1.jpg?fit=1200%2C1200&resize=350%2C200","width":350,"height":200},"classes":[]},{"id":8932,"url":"http:\/\/astehshop.com\/index.php\/product\/unv-nsw2010-6t-poe-in-poe-switch-uniview\/","url_meta":{"origin":9198,"position":1},"title":"UNV NSW2010-6T-POE-IN POE Switch UniView","date":"18. sije\u010dnja 2024.","format":false,"excerpt":"Vi\u0161estruki na\u010dini rada koji zadovoljavaju va\u0161e poslovne potrebe: normalan, siguran i nadzor Podr\u017eava kontrolu saobra\u0107aja u luci Podr\u0161ka za siguran na\u010din rada, svi portovi za downlink mogu komunicirati samo sa uplink portovima Do 250m udaljenosti prijenosa u nadzornom modu Podr\u017eava optimizaciju bafera Potpuno metalno ku\u0107i\u0161te, sigurno i pouzdano","rel":"","context":"Srodne objave","img":{"alt_text":"","src":"https:\/\/i1.wp.com\/astehshop.com\/wp-content\/uploads\/2024\/01\/NSW2010-6T-PoE-IN.jpg?fit=510%2C348&resize=350%2C200","width":350,"height":200},"classes":[]},{"id":4754,"url":"http:\/\/astehshop.com\/index.php\/product\/dahua-24-portni-poe-switch-dh-pfs4226-24et-360\/","url_meta":{"origin":9198,"position":2},"title":"Dahua 24 portni POE switch DH-PFS4226-24ET-360","date":"26. rujna 2020.","format":false,"excerpt":"Layer 2 management PoE switch\u00b7 PoE budget: 360W\u00b7 Support PoE, PoE+, Hi-PoE\u00b7 'Orange port' support Hi-PoE, can be used with the PoE extender (PFT1300)\u00b7 250 meters long distance PoE transmission\u00b7 PoE management, PoE Setting\/Event Statistics\/Green PoE\u00b7 Search and upgrade via ConfigTool\u00b7 Support Web management\u00b7 High lightning protection design\u00b7 Non-blocking video\u2026","rel":"","context":"Srodne objave","img":{"alt_text":"","src":"https:\/\/i0.wp.com\/astehshop.com\/wp-content\/uploads\/2020\/09\/24-poe.jpg?fit=1200%2C561&resize=350%2C200","width":350,"height":200},"classes":[]},{"id":8934,"url":"http:\/\/astehshop.com\/index.php\/product\/unv-nsw2010-10t-poe-in-uniview-poe-switch\/","url_meta":{"origin":9198,"position":3},"title":"UNV NSW2010-10T-PoE-IN UniView POE switch","date":"18. sije\u010dnja 2024.","format":false,"excerpt":"UNV NSW2010-10T-PoE-IN Uniview megabitni PoE switch, 8 PoE portova + 2 Uplink porta. 10\u00d7100Mbps mre\u017enih portova (RJ45), od toga 8 PoE portova Podr\u017eava:IEEE802.3,IEEE802.3u,IEEE802.3az,IEEE802.3x,IEEE802.3 af,IEEE802.3at Modovi rada: Default(Normal mode):Svi portovi komuniciraju normalno me\u0111usobno EXTEND(Surveillance mode): Distanca prenosa do 250 metara uz brzinu 10Mb\/s. VLAN(Secure mode): 8 Downlink portova mogu komunicirati samo\u2026","rel":"","context":"Srodne objave","img":{"alt_text":"","src":"https:\/\/i2.wp.com\/astehshop.com\/wp-content\/uploads\/2024\/01\/NSW2010-10T-PoE-IN.jpg?fit=669%2C464&resize=350%2C200","width":350,"height":200},"classes":[]},{"id":8861,"url":"http:\/\/astehshop.com\/index.php\/product\/longse-8x-lan-port-poe-10-100-2x-wan-port-10-100-poe-switch-ls-ht812\/","url_meta":{"origin":9198,"position":4},"title":"Longse 8x LAN PORT POE 10\/100 + 2x WAN PORT 10\/100 POE SWITCH LS-HT812","date":"13. sije\u010dnja 2024.","format":false,"excerpt":"\u0160ifra artikla: LS-HT812 Ulazni napon napajanje: 110-240V\/AC 50-60Hz, Maksimalna snaga napajanja 120W, Razina za\u0161tite Plijesan +-4KV, Diferencijalni mod +-1KV, Mre\u017eni priklju\u010dak 1~8 priklju\u010dak: :10\/100Mbps PoE Ethernet LAN priklju\u010dak, WAN1\/WAN2 priklju\u010dak: 10\/100Mbps Ethernet WAN priklju\u010dak, Prekida\u010d za pro\u0161irenje udaljenosti prijenosa je zadano ISKLJU\u010cEN, stanje (1~8 priklju\u010dak): 100 m Prekida\u010d za pro\u0161irenje\u2026","rel":"","context":"Srodne objave","img":{"alt_text":"","src":"https:\/\/i0.wp.com\/astehshop.com\/wp-content\/uploads\/2024\/01\/LS-HT812.png?fit=600%2C601&resize=350%2C200","width":350,"height":200},"classes":[]},{"id":4756,"url":"http:\/\/astehshop.com\/index.php\/product\/dahua-16-portni-poe-gigabitni-upravljivi-switch\/","url_meta":{"origin":9198,"position":5},"title":"Dahua 16 portni POE gigabitni upravljivi switch","date":"26. rujna 2020.","format":false,"excerpt":"Layer 2 network management PoE switch \u00b7 Support IEEE802.3af, IEEE802.3at standard\u00b7 Support Hi-PoE 60W\u00b7 Network Redundancy: STP\/RSTP\/MSTP\u00b7 Support IPv4\/IPv6, and DHCP\u00b7 Network management based on SNMP\u00b7 Configuration: Web, Telnet, CLI Command\u00b7 QoS (IEEE802.1p\/1Q), CoS\/ToS to Increase Determinism\u00b7 Enhanced Network Security with IEEE802.1X, SNMP v1\/v2c\/v3, HTTPS, and SSH\/SSL\u00b7 Large data cache(4M),\u2026","rel":"","context":"Srodne objave","img":{"alt_text":"","src":"https:\/\/i0.wp.com\/astehshop.com\/wp-content\/uploads\/2020\/09\/DH-PFS-4218-16-G-T-19-0.png?fit=500%2C500&resize=350%2C200","width":350,"height":200},"classes":[]}],"_links":{"self":[{"href":"http:\/\/astehshop.com\/index.php\/wp-json\/wp\/v2\/product\/9198"}],"collection":[{"href":"http:\/\/astehshop.com\/index.php\/wp-json\/wp\/v2\/product"}],"about":[{"href":"http:\/\/astehshop.com\/index.php\/wp-json\/wp\/v2\/types\/product"}],"replies":[{"embeddable":true,"href":"http:\/\/astehshop.com\/index.php\/wp-json\/wp\/v2\/comments?post=9198"}],"wp:featuredmedia":[{"embeddable":true,"href":"http:\/\/astehshop.com\/index.php\/wp-json\/wp\/v2\/media\/9199"}],"wp:attachment":[{"href":"http:\/\/astehshop.com\/index.php\/wp-json\/wp\/v2\/media?parent=9198"}],"wp:term":[{"taxonomy":"product_cat","embeddable":true,"href":"http:\/\/astehshop.com\/index.php\/wp-json\/wp\/v2\/product_cat?post=9198"},{"taxonomy":"product_tag","embeddable":true,"href":"http:\/\/astehshop.com\/index.php\/wp-json\/wp\/v2\/product_tag?post=9198"}],"curies":[{"name":"wp","href":"https:\/\/api.w.org\/{rel}","templated":true}]}}