{"id":9183,"date":"2024-03-10T09:48:12","date_gmt":"2024-03-10T08:48:12","guid":{"rendered":"http:\/\/astehshop.com\/?post_type=product&#038;p=9183"},"modified":"2024-03-10T09:48:13","modified_gmt":"2024-03-10T08:48:13","slug":"nvr-longse-snimac-64ch-4k-h-265-2xhdmi-2xrj45-1gb-ps-nvr3664k8","status":"publish","type":"product","link":"http:\/\/astehshop.com\/index.php\/product\/nvr-longse-snimac-64ch-4k-h-265-2xhdmi-2xrj45-1gb-ps-nvr3664k8\/","title":{"rendered":"NVR Longse snima\u010d 64ch 4K H.265 2xHDMI 2xRJ45 1GB\/PS NVR3664K8"},"content":{"rendered":"<p>Podr\u017eava maximalno 64 IP kamere do 12MP. Podr\u017eava dvosmjerni audio. 1x HDMI izlaz: 4K (3840\u00d72160).1x HDMI Izlaz FHD. Video kompresija: H265\/H264\/H265+\/H264+. Izlazi VGA i 2xHDMI. Dolazna propusnost 640Mbps, Odlazna propusnost 512Mbps. LAN 2 x RJ45 10M\/100\/1000M. Podr\u017eava 8 SATA Hard Diskova po 10TB. Garancija 24 mjeseca.<\/p>\n","protected":false},"excerpt":{"rendered":"<p>Podr\u017eava maximalno 64 IP kamere do 12MP. Podr\u017eava dvosmjerni audio. 1x HDMI izlaz: 4K (3840\u00d72160).1x HDMI Izlaz FHD. Video kompresija: H265\/H264\/H265+\/H264+. Izlazi VGA i 2xHDMI. Dolazna propusnost 640Mbps, Odlazna propusnost 512Mbps. LAN 2 x RJ45 10M\/100\/1000M. Podr\u017eava 8 SATA Hard Diskova po 10TB. Garancija 24 mjeseca.<\/p>\n","protected":false},"featured_media":9184,"comment_status":"open","ping_status":"closed","template":"","meta":{"_mi_skip_tracking":false,"_exactmetrics_sitenote_active":false,"_exactmetrics_sitenote_note":"","_exactmetrics_sitenote_category":0,"spay_email":""},"product_cat":[1558],"product_tag":[6911,2577,6909,6908,6912,6910,474,251],"brands":[{"id":2220,"name":"Longse","slug":"longse"}],"df_price":1389,"df_sale_price":"","df_regular_price":1389,"df_image_link":"https:\/\/i1.wp.com\/astehshop.com\/wp-content\/uploads\/2024\/03\/nvr-32-1-1.jpg?fit=450%2C307","jetpack_publicize_connections":[],"jetpack_sharing_enabled":true,"jetpack_likes_enabled":true,"jetpack-related-posts":[{"id":9181,"url":"http:\/\/astehshop.com\/index.php\/product\/poe-nvr-snimac-16-32ch-h-265-hd-port-4k-serija-6-nvr3332e2p16\/","url_meta":{"origin":9183,"position":0},"title":"POE NVR Snima\u010d 16 \/ 32ch H.265 HD Port 4K Serija 6 NVR3332E2P16","date":"10. o\u017eujka 2024.","format":false,"excerpt":"Podr\u017eava maximalno 32 IP kamere od toga 16 POE Kamera. Podr\u017eava dvosmjerni audio. HD izlaz: 4K (3840\u00d72160). Video kompresija: H265\/H264\/H265+\/H264+. Izlazi VGA i HDMI. Dolazna propusnost 320Mbps, Odlazna propusnost 256Mbps. LAN 1xRJ45 10M\/100\/1000M. Podr\u017eava 2 SATA Hard Diska po 10TB, Garancija 24 mjeseca.","rel":"","context":"Srodne objave","img":{"alt_text":"","src":"https:\/\/i1.wp.com\/astehshop.com\/wp-content\/uploads\/2024\/03\/nvr-32-1.jpg?fit=510%2C348&resize=350%2C200","width":350,"height":200},"classes":[]},{"id":8424,"url":"http:\/\/astehshop.com\/index.php\/product\/unv-xvr-snimac-4-kanalni-xvr301-04q3-4k\/","url_meta":{"origin":9183,"position":1},"title":"UNV XVR snima\u010d 4 kanalni XVR301-04Q3 4K","date":"23. listopada 2023.","format":false,"excerpt":"Podr\u017eava H.265\/H.264 video formate * Podr\u017eava zvuk preko koaksijalnog kabla (samo za TVI kamere) * Podr\u017eava TVI, AHD, CVI, CVBS, IP kamere sa prilagodljivim pristupom * 4\/8-kanalni BNC ulaz * Podr\u017eava 1-kanalni CVBS izlaz, 1-kanalni VGA izlaz, 1-kanalni HDMI izlaz do 4K (3840 x 2160) * HDMI i VGA istovremeni\u2026","rel":"","context":"Srodne objave","img":{"alt_text":"","src":"https:\/\/i0.wp.com\/astehshop.com\/wp-content\/uploads\/2023\/10\/XVR301-G3.jpg?fit=695%2C524&resize=350%2C200","width":350,"height":200},"classes":[]},{"id":8426,"url":"http:\/\/astehshop.com\/index.php\/product\/unv-xvr-snimac-16-kanalni-xvr301-16q3-4k\/","url_meta":{"origin":9183,"position":2},"title":"UNV XVR snima\u010d 16 kanalni XVR301-16Q3 4K","date":"23. listopada 2023.","format":false,"excerpt":"Podr\u017eava H.265\/H.264 video formate Podr\u017eava audio preko koaksijalnog kabla (samo za TVI kamere) Podr\u017eava TVI, AHD, CVI, CVBS, IP kamere sa prilagodljivim pristupom 16-kanalni BNC ulaz Podr\u017eava 1-kanalni CVBS izlaz, 1-kanalni VGA izlaz, 1-kanalni HDMI izlaz do 4K (3840 x 2160) HDMI i VGA simultani izlaz Velika udaljenost prijenosa preko\u2026","rel":"","context":"Srodne objave","img":{"alt_text":"","src":"https:\/\/i0.wp.com\/astehshop.com\/wp-content\/uploads\/2023\/10\/XVR301-G3.jpg?fit=695%2C524&resize=350%2C200","width":350,"height":200},"classes":[]},{"id":8425,"url":"http:\/\/astehshop.com\/index.php\/product\/unv-xvr-snimac-8-kanalni-xvr301-08q3-4k\/","url_meta":{"origin":9183,"position":3},"title":"UNV XVR snima\u010d 8 kanalni XVR301-08Q3 4K","date":"23. listopada 2023.","format":false,"excerpt":"Podr\u017eava H.265\/H.264 video formate * Podr\u017eava zvuk preko koaksijalnog kabla (samo za TVI kamere) * Podr\u017eava TVI, AHD, CVI, CVBS, IP kamere sa prilagodljivim pristupom * 4\/8-kanalni BNC ulaz * Podr\u017eava 1-kanalni CVBS izlaz, 1-kanalni VGA izlaz, 1-kanalni HDMI izlaz do 4K (3840 x 2160) * HDMI i VGA istovremeni\u2026","rel":"","context":"Srodne objave","img":{"alt_text":"","src":"https:\/\/i0.wp.com\/astehshop.com\/wp-content\/uploads\/2023\/10\/XVR301-G3.jpg?fit=695%2C524&resize=350%2C200","width":350,"height":200},"classes":[]},{"id":8854,"url":"http:\/\/astehshop.com\/index.php\/product\/longse-9-kanalni-mrezni-snimac-nvr-4k-nvr3009d1\/","url_meta":{"origin":9183,"position":4},"title":"Longse 9 Kanalni mre\u017eni snima\u010d (NVR) 4K NVR3009D1","date":"11. sije\u010dnja 2024.","format":false,"excerpt":"Model: NVR3009D1 9CH 4K Network Video Recorder. Input: Max. 9CH; \u2022 support (two-way) Audio; \u2022 HD Output:4K(3840\u00d72160)\uff1b \u2022 Video Compression : H265\/H264\/H265+\/H264+, 1 SATA Hard Disk Interface (3.5\u2033 SATA) up to 8TB 4k(3840\u00d72160),5MP(2592\u00d71944),4MP(2688\u00d71520\/2560\u00d71440),3MP(2048\u00d71536),1080P(1920\u00d71080),960P(1280\u00d7960),720P(1280\u00d7720),D1 (720\u00d7576\/720\u00d7480), 80Mbps Garancija 24 mjeseca.","rel":"","context":"Srodne objave","img":{"alt_text":"","src":"https:\/\/i2.wp.com\/astehshop.com\/wp-content\/uploads\/2024\/01\/NVR3016D1.jpg?fit=510%2C348&resize=350%2C200","width":350,"height":200},"classes":[]},{"id":8851,"url":"http:\/\/astehshop.com\/index.php\/product\/longse-32-kanalni-mrezni-snimac-nvr-4k-nvr3332e2\/","url_meta":{"origin":9183,"position":5},"title":"Longse 32 Kanalni mre\u017eni snima\u010d (NVR) 4K NVR3332E2","date":"11. sije\u010dnja 2024.","format":false,"excerpt":"\u0160ifra artikla: NVR3332E2 32CH 4K Network Video Recorder, \u2022 Input: Max. 32CH, support (two-way) Audio; HD output:4K (3840\u00d72160) Video Compression : H265\/H264\/H265+\/H264+. 32CH(4000*3000,3840*2160,2592\u00d71944, 2048\u00d71536, 1920\u00d71080, 1280\u00d7960, 1280\u00d7720, etc), Support 2 SATA Hard Disk Interface (3.5\u2033 SATA) up to 10TB. Power consumption DC12V\/4A","rel":"","context":"Srodne objave","img":{"alt_text":"","src":"https:\/\/i2.wp.com\/astehshop.com\/wp-content\/uploads\/2024\/01\/NVR3016D1.jpg?fit=510%2C348&resize=350%2C200","width":350,"height":200},"classes":[]}],"_links":{"self":[{"href":"http:\/\/astehshop.com\/index.php\/wp-json\/wp\/v2\/product\/9183"}],"collection":[{"href":"http:\/\/astehshop.com\/index.php\/wp-json\/wp\/v2\/product"}],"about":[{"href":"http:\/\/astehshop.com\/index.php\/wp-json\/wp\/v2\/types\/product"}],"replies":[{"embeddable":true,"href":"http:\/\/astehshop.com\/index.php\/wp-json\/wp\/v2\/comments?post=9183"}],"wp:featuredmedia":[{"embeddable":true,"href":"http:\/\/astehshop.com\/index.php\/wp-json\/wp\/v2\/media\/9184"}],"wp:attachment":[{"href":"http:\/\/astehshop.com\/index.php\/wp-json\/wp\/v2\/media?parent=9183"}],"wp:term":[{"taxonomy":"product_cat","embeddable":true,"href":"http:\/\/astehshop.com\/index.php\/wp-json\/wp\/v2\/product_cat?post=9183"},{"taxonomy":"product_tag","embeddable":true,"href":"http:\/\/astehshop.com\/index.php\/wp-json\/wp\/v2\/product_tag?post=9183"}],"curies":[{"name":"wp","href":"https:\/\/api.w.org\/{rel}","templated":true}]}}