{"id":9159,"date":"2024-02-27T21:06:45","date_gmt":"2024-02-27T20:06:45","guid":{"rendered":"http:\/\/astehshop.com\/?post_type=product&#038;p=9159"},"modified":"2026-02-28T16:21:39","modified_gmt":"2026-02-28T15:21:39","slug":"dahua-imou-bullet-3-wifi-kamera-5-mpx-sa-gratis-128-gb-novo","status":"publish","type":"product","link":"http:\/\/astehshop.com\/index.php\/product\/dahua-imou-bullet-3-wifi-kamera-5-mpx-sa-gratis-128-gb-novo\/","title":{"rendered":"Dahua IMOU Bullet 3 wifi kamera 5 MPX sa gratis 128 GB &#8211; novo"},"content":{"rendered":"<p>Novi model sa IMOU sense novim AI algoritmom<br \/>\nNovi model Bullet 3 &#8211; 5 MPX sa jo\u0161 50% dodatnom ta\u010dno\u0161\u0107u detekcije ljudi i vozila<br \/>\nRezultate pravi za manje od 0,02 sekunde<br \/>\nPodr\u017eava WIFI 6 konekciju<br \/>\n5 MPX &#8211; 3K slika<br \/>\nAI detekcija ljudi i vozila<br \/>\nNo\u0107ni snimak u boji<br \/>\nEfektivni u\u010dinak za detekciju ljudi je 22 metra dok je za vozila 44 metra<br \/>\nVanjska za\u0161tita IP67<br \/>\nPratite va\u0161 dom od bilo kuda<\/p>\n<p><iframe loading=\"lazy\"  id=\"_ytid_35413\"  width=\"480\" height=\"270\"  data-origwidth=\"480\" data-origheight=\"270\"  src=\"https:\/\/www.youtube.com\/embed\/dgRZSFhcFGY?enablejsapi=1&#038;autoplay=0&#038;cc_load_policy=0&#038;cc_lang_pref=&#038;iv_load_policy=1&#038;loop=0&#038;modestbranding=0&#038;rel=1&#038;fs=1&#038;playsinline=0&#038;autohide=2&#038;theme=dark&#038;color=red&#038;controls=1&#038;\" class=\"__youtube_prefs__  epyt-is-override  no-lazyload\" title=\"YouTube player\"  allow=\"autoplay; encrypted-media\" allowfullscreen data-no-lazy=\"1\" data-skipgform_ajax_framebjll=\"\"><\/iframe><\/p>\n<p>&nbsp;<\/p>\n","protected":false},"excerpt":{"rendered":"<p>Novi model sa IMOU sense novim AI algoritmom<br \/>\nNovi model Bullet 3 &#8211; 5 MPX sa jo\u0161 50% dodatnom ta\u010dno\u0161\u0107u detekcije ljudi i vozila<br \/>\nRezultate pravi za manje od 0,02 sekunde<br \/>\nPodr\u017eava WIFI 6 konekciju<br \/>\n5 MPX &#8211; 3K slika<br \/>\nAI detekcija ljudi i vozila<br \/>\nNo\u0107ni snimak u boji<br \/>\nEfektivni u\u010dinak za detekciju ljudi je 22 metra dok je za vozila 44 metra<br \/>\nVanjska za\u0161tita IP67<br \/>\nPratite va\u0161 dom od bilo kuda<\/p>\n<p>https:\/\/www.youtube.com\/watch?v=dgRZSFhcFGY<\/p>\n","protected":false},"featured_media":9160,"comment_status":"open","ping_status":"closed","template":"","meta":{"_mi_skip_tracking":false,"_exactmetrics_sitenote_active":false,"_exactmetrics_sitenote_note":"","_exactmetrics_sitenote_category":0,"spay_email":""},"product_cat":[135],"product_tag":[6883,6885,6886,6887,6882,6884,3002,650,1033],"brands":[{"id":2045,"name":"Dahua","slug":"dahua"}],"df_price":139,"df_sale_price":"","df_regular_price":139,"df_image_link":"https:\/\/i2.wp.com\/astehshop.com\/wp-content\/uploads\/2024\/02\/imou-bullet-gratis.png?fit=450%2C423","jetpack_publicize_connections":[],"jetpack_sharing_enabled":true,"jetpack_likes_enabled":true,"jetpack-related-posts":[{"id":8476,"url":"http:\/\/astehshop.com\/index.php\/product\/imou-kompletan-wifi-set-2-mpx-sa-roto-kamerom\/","url_meta":{"origin":9159,"position":0},"title":"Imou Kompletan WIFI set 2 MPX sa roto kamerom","date":"26. listopada 2023.","format":false,"excerpt":"WIFI set sa roto kamerom U setu dobijate 1 x WIFI snima\u010d 4 kanala 1 x ROTO wifi kamera FULL color 2 MPX 3 x Bullet wifi kamere IMOU 2 MPX 1 x 1 TB HDD Sve to mo\u017eete pratiti putem telefona ili va\u0161eg TV-a Obavje\u0161tenja na telefon o kretanju\u2026","rel":"","context":"Srodne objave","img":{"alt_text":"","src":"https:\/\/i0.wp.com\/astehshop.com\/wp-content\/uploads\/2023\/10\/akcija-imou-865-scaled.jpg?fit=1200%2C686&resize=350%2C200","width":350,"height":200},"classes":[]},{"id":9962,"url":"http:\/\/astehshop.com\/index.php\/product\/ipc-s7cp-5m0we-wifi-roto-kamera-imou\/","url_meta":{"origin":9159,"position":1},"title":"IPC-S7CP-5M0WE WIFI roto kamera IMOU","date":"16. o\u017eujka 2025.","format":false,"excerpt":"Najnovije iz bogate Imou ponude, Cruiser 2C pru\u017ea 5MP pra\u0107enje u\u017eivo uz pan pomicanje 0~355\u00b0 i nagib od 0~90\u00b0. Ova rotacijska kamera osigurava svaki kutak va\u0161eg doma. Podr\u017eava \u010detiri na\u010dina no\u0107nog vida za jasno\u0107u kao danju, \u010dak i u mrklom mraku. Zahvaljuju\u0107i IP66 certifikatu, kamera se mo\u017ee koristiti na otvorenom\u2026","rel":"","context":"Srodne objave","img":{"alt_text":"","src":"https:\/\/i1.wp.com\/astehshop.com\/wp-content\/uploads\/2025\/03\/IPC-S7CP-5M0WE-1.png?fit=450%2C450&resize=350%2C200","width":350,"height":200},"classes":[]},{"id":7529,"url":"http:\/\/astehshop.com\/index.php\/product\/dahua-imou-wifi-ip-kamera-ipc-g42p-4-mpx\/","url_meta":{"origin":9159,"position":2},"title":"Dahua Imou WIFI ip kamera IPC-G42P 4 MPX","date":"1. travnja 2023.","format":false,"excerpt":"Pametna WIFI bullet kamera IMOU 4 MPX SD kartica maksimalno do 128 GB Ugra\u0111en mikrofon Detekcija pokreta Detekcija ljudi IP67 Uz kameru dolazi adapter 12v 1A Podr\u017eava Android i Iphone Besplatna IMOU aplikacija","rel":"","context":"Srodne objave","img":{"alt_text":"","src":"https:\/\/i1.wp.com\/astehshop.com\/wp-content\/uploads\/2023\/04\/ipc-g42p-imou.jpg?fit=800%2C800&resize=350%2C200","width":350,"height":200},"classes":[]},{"id":7519,"url":"http:\/\/astehshop.com\/index.php\/product\/imou-dahua-wifi-kamera-ipc-f22p\/","url_meta":{"origin":9159,"position":3},"title":"Imou Dahua WiFi kamera IPC-F22P","date":"1. travnja 2023.","format":false,"excerpt":"Pametna WIFI bullet kamera IMOU 2 MPX SD kartica maksimalno do 128 GB Ugra\u0111en mikrofon Detekcija pokreta Detekcija ljudi IP67 Uz kameru dolazi adapter 12v 1A Podr\u017eava Android i Iphone Besplatna IMOU aplikacija","rel":"","context":"Srodne objave","img":{"alt_text":"","src":"https:\/\/i2.wp.com\/astehshop.com\/wp-content\/uploads\/2023\/04\/camera-bullet-2-mp-2.8mm-ortam-2c-ipc-f22p-d-imou-1.jpg?fit=721%2C673&resize=350%2C200","width":350,"height":200},"classes":[]},{"id":9424,"url":"http:\/\/astehshop.com\/index.php\/product\/imou-cruiser-dual-10-mpx-ipc-s7xp-10m0wed\/","url_meta":{"origin":9159,"position":4},"title":"Imou Cruiser dual 10 MPX ipc-s7xp-10m0wed","date":"23. lipnja 2024.","format":false,"excerpt":"IPC-S7XP-10M0WED-IMOU Cruiser Dual Imou | 10PM be\u017ei\u010dna Wi-Fi kamera na otvorenom (5Mp fiksna 3,6mm + 5Mp PT motorizirana), 8X digitalni zum. Opremljen IMOU SENSE algoritmom, 4 na\u010dina no\u0107nog vida (Smart, Full Color, Infrared, Off) do 30M, Active Deterrence (integrirana 110dB sirena i reflektor), Smart funkcije: Smart Tracking (automatsko pra\u0107enje kretanja)\u2026","rel":"","context":"Srodne objave","img":{"alt_text":"","src":"https:\/\/i1.wp.com\/astehshop.com\/wp-content\/uploads\/2024\/06\/imou-cruiser-dual-ip-camera-3mp-5mp-ipc-s7xp-8m0wed-0360b-imou.png?fit=1200%2C1131&resize=350%2C200","width":350,"height":200},"classes":[]},{"id":7521,"url":"http:\/\/astehshop.com\/index.php\/product\/imou-dahua-wifi-kamera-ipc-g22\/","url_meta":{"origin":9159,"position":5},"title":"Imou Dahua WiFi kamera IPC-G22","date":"1. travnja 2023.","format":false,"excerpt":"Pametna WIFI bullet kamera IMOU 2 MPX SD kartica maksimalno do 128 GB Ugra\u0111en mikrofon Detekcija pokreta Detekcija ljudi IP67 Uz kameru dolazi adapter 12v 1A Podr\u017eava Android i Iphone Besplatna IMOU aplikacija","rel":"","context":"Srodne objave","img":{"alt_text":"","src":"https:\/\/i2.wp.com\/astehshop.com\/wp-content\/uploads\/2023\/04\/ipc-g22-imou.png?fit=834%2C726&resize=350%2C200","width":350,"height":200},"classes":[]}],"_links":{"self":[{"href":"http:\/\/astehshop.com\/index.php\/wp-json\/wp\/v2\/product\/9159"}],"collection":[{"href":"http:\/\/astehshop.com\/index.php\/wp-json\/wp\/v2\/product"}],"about":[{"href":"http:\/\/astehshop.com\/index.php\/wp-json\/wp\/v2\/types\/product"}],"replies":[{"embeddable":true,"href":"http:\/\/astehshop.com\/index.php\/wp-json\/wp\/v2\/comments?post=9159"}],"wp:featuredmedia":[{"embeddable":true,"href":"http:\/\/astehshop.com\/index.php\/wp-json\/wp\/v2\/media\/9160"}],"wp:attachment":[{"href":"http:\/\/astehshop.com\/index.php\/wp-json\/wp\/v2\/media?parent=9159"}],"wp:term":[{"taxonomy":"product_cat","embeddable":true,"href":"http:\/\/astehshop.com\/index.php\/wp-json\/wp\/v2\/product_cat?post=9159"},{"taxonomy":"product_tag","embeddable":true,"href":"http:\/\/astehshop.com\/index.php\/wp-json\/wp\/v2\/product_tag?post=9159"}],"curies":[{"name":"wp","href":"https:\/\/api.w.org\/{rel}","templated":true}]}}