{"id":9125,"date":"2024-02-20T19:11:18","date_gmt":"2024-02-20T18:11:18","guid":{"rendered":"http:\/\/astehshop.com\/?post_type=product&#038;p=9125"},"modified":"2025-10-05T08:59:31","modified_gmt":"2025-10-05T06:59:31","slug":"dahua-ipc-hfw7442hp-z4-kamera","status":"publish","type":"product","link":"http:\/\/astehshop.com\/index.php\/product\/dahua-ipc-hfw7442hp-z4-kamera\/","title":{"rendered":"Dahua IPC-HFW7442HP-Z4 kamera"},"content":{"rendered":"<p>4MP AI IR bullet mre\u017ena kamera<br \/>\nRezolucija: 4 MP. Starlight: Da. Tip ku\u0107i\u0161ta: BULLET. Kompresija: H.265;H.264; H.264H; H.264B; MJPG. Optika: Motorizovana 8-32mm. IR domet: 120 m. WDR: 140 dB. Stabilizacija slike: Da. Video analitika: Virtuelna linija;upad;brzo kretanje (tri funkcije podr\u017eavaju klasifikaciju i ta\u010dnu detekciju vozila i ljudi); otkrivanje lutanja; ljudi okupljanje; detekcija parkinga; Detekcija lica, Prepoznavanje lica; Brojanje osoba; Napu\u0161teni objekat, pokretni objekat;Micro SD card (do 256 GB); Audio: 1ch ulaz, 1ch izlaz. Alarm:3 ulaz \/ 2 izlaz. Napajanje: 12V DC\/24V AC\/PoE+ (802.3at);ePoE, max. 17.3W. Za\u0161tita: IP67, IK10. Nosa\u010d za stub:PFA154.<\/p>\n","protected":false},"excerpt":{"rendered":"<p>4MP AI IR bullet mre\u017ena kamera<br \/>\nRezolucija: 4 MP. Starlight: Da. Tip ku\u0107i\u0161ta: BULLET. Kompresija: H.265;H.264; H.264H; H.264B; MJPG. Optika: Motorizovana 8-32mm. IR domet: 120 m. WDR: 140 dB. Stabilizacija slike: Da. Video analitika: Virtuelna linija;upad;brzo kretanje (tri funkcije podr\u017eavaju klasifikaciju i ta\u010dnu detekciju vozila i ljudi); otkrivanje lutanja; ljudi okupljanje; detekcija parkinga; Detekcija lica, Prepoznavanje lica; Brojanje osoba; Napu\u0161teni objekat, pokretni objekat;Micro SD card (do 256 GB); Audio: 1ch ulaz, 1ch izlaz. Alarm:3 ulaz \/ 2 izlaz. Napajanje: 12V DC\/24V AC\/PoE+ (802.3at);ePoE, max. 17.3W. Za\u0161tita: IP67, IK10. Nosa\u010d za stub:PFA154.<\/p>\n","protected":false},"featured_media":9126,"comment_status":"open","ping_status":"closed","template":"","meta":{"_mi_skip_tracking":false,"_exactmetrics_sitenote_active":false,"_exactmetrics_sitenote_note":"","_exactmetrics_sitenote_category":0,"spay_email":""},"product_cat":[1043],"product_tag":[6852,6827,6850,6844,6847,6849,6853,6848,6854,6851,6845,6846],"brands":[{"id":2045,"name":"Dahua","slug":"dahua"}],"df_price":3100,"df_sale_price":"","df_regular_price":3100,"df_image_link":"https:\/\/i0.wp.com\/astehshop.com\/wp-content\/uploads\/2024\/02\/dahua-ipc-hfw7442hp-z4-kamera_0.png?fit=450%2C253","jetpack_publicize_connections":[],"jetpack_sharing_enabled":true,"jetpack_likes_enabled":true,"jetpack-related-posts":[{"id":9146,"url":"http:\/\/astehshop.com\/index.php\/product\/dahua-ipc-hfw5541t-ase-0360b-s3-kamera\/","url_meta":{"origin":9125,"position":0},"title":"Dahua IPC-HFW5541T-ASE-0360B -S3 kamera","date":"25. velja\u010de 2024.","format":false,"excerpt":"5MP IR fiksna WizMind mre\u017ena kamera u bullet ku\u0107i\u0161tu 1\/2.7\" CMOS senzor.Rezolucija: 2960\u00d7 1668. Kompresija: H.265; H.264; H.264H; H.264B;MJPEG. Fiksna optika: 3.6 mm. IR LEDs domet: 80 m. WDR: 120 dB. Video analitika: Virtuelna linija;upad;brzo kretanje (tri funkcije podr\u017eavaju klasifikaciju i ta\u010dnu detekciju vozila i ljudi); otkrivanje lutanja;ljudi okupljanje;detekcija parkinga;Micro\u2026","rel":"","context":"Srodne objave","img":{"alt_text":"","src":"https:\/\/i1.wp.com\/astehshop.com\/wp-content\/uploads\/2024\/02\/dahua-ipc-hfw5541t-ase-0360b-s3-kamera_0.jpg?fit=1200%2C675&resize=350%2C200","width":350,"height":200},"classes":[]},{"id":9127,"url":"http:\/\/astehshop.com\/index.php\/product\/dahua-ipc-hfw2441s-s-0360b-kamera\/","url_meta":{"origin":9125,"position":1},"title":"Dahua IPC-HFW2441S-S-0360B kamera","date":"20. velja\u010de 2024.","format":false,"excerpt":"4MP IR fiksna WizSense mre\u017ena kamera u bullet ku\u0107i\u0161tu 1\/2.9\u201d CMOS senzor. Color: 0.006 Lux@F1.6 Maksimalna rezolucija 2688x1520. Fiksna optika 3.6mm. Kompresija H.265+\/H.264+. 120dB WDR. Warm light\/IR LED diode, domet dioda 30metara. Integrisan mikrofon. Slot za microSD karticu do 256GB. Video analitika: Tripwire, intrusion (klasifikacija i detekcija vozila i ljudi).\u2026","rel":"","context":"Srodne objave","img":{"alt_text":"","src":"https:\/\/i0.wp.com\/astehshop.com\/wp-content\/uploads\/2024\/02\/dahua-ipc-hfw2441s-s-0360b-kamera_0.jpg?fit=1200%2C675&resize=350%2C200","width":350,"height":200},"classes":[]},{"id":9566,"url":"http:\/\/astehshop.com\/index.php\/product\/dahua-ipc-hfw1439tl1-a-il-0280b-bullet-dual-ilumination-kamera\/","url_meta":{"origin":9125,"position":2},"title":"Dahua IPC-HFW1439TL1-A-IL-0280B bullet Dual ilumination kamera","date":"26. listopada 2024.","format":false,"excerpt":"4MP Full-color Dual-iluminator mre\u017ena kamera u bulit ku\u0107i\u0161tu 1\/2.9\u201d CMOS sa progresivnim skeniranjem. Color: 0.0006 Lux@F1.6 Maksimalna rezolucija 2560x1440. Fiksna optika 2.8mm. Kompresija H.265+\/H.264+. 120dB WDR. Warm light\/IR LED diode, domet dioda 30metara. Integrisan mikrofon. Video analitika:(detekcija ljudi).Odgovaraju\u0107a baza PFA130-E\/PFA134, nosa\u010d za stub PFA152-E . Nivo za\u0161tite IP67.Napajanje 12VDC\/PoE, 2.9W\u2026","rel":"","context":"Srodne objave","img":{"alt_text":"","src":"https:\/\/i0.wp.com\/astehshop.com\/wp-content\/uploads\/2024\/10\/ipc-hfw1439tl1-a-il-1.jpg?fit=1200%2C675&resize=350%2C200","width":350,"height":200},"classes":[]},{"id":9119,"url":"http:\/\/astehshop.com\/index.php\/product\/dahua-ipc-hdbw2441e-s-0280b-kamera\/","url_meta":{"origin":9125,"position":3},"title":"Dahua IPC-HDBW2441E-S-0280B kamera","date":"20. velja\u010de 2024.","format":false,"excerpt":"4MP IR fiksna WizSense mre\u017ena kamera u dome ku\u0107i\u0161tu 1\/2.9\u201d CMOS senzor. Color: 0.006 Lux @ F1.6. Maksimalna rezolucija 2688x1520. Fiksna optika 2.8mm. Kompresija H.265; H.264; H.264H; H.264B; MJPEG. Nivo za\u0161tite IP67, IK10. 120dB WDR. Integrisan mikrofon. Domet IR LEDs 30 metara. Slot za microSD karticu do 256GB. Video analitika:\u2026","rel":"","context":"Srodne objave","img":{"alt_text":"","src":"https:\/\/i1.wp.com\/astehshop.com\/wp-content\/uploads\/2024\/02\/dahua-ipc-hdbw2441e-s-0280b-kamera_0.jpg?fit=1200%2C675&resize=350%2C200","width":350,"height":200},"classes":[]},{"id":9935,"url":"http:\/\/astehshop.com\/index.php\/product\/tiandy-tc-c34qn-bullet-kamera-4-mpx\/","url_meta":{"origin":9125,"position":4},"title":"Tiandy TC-C34QN bullet kamera 4 MPX","date":"9. velja\u010de 2025.","format":false,"excerpt":"Metalno+plasti\u010dno ku\u0107i\u0161te \u00b7 Do 4MP,2560\u00d71440@20fps \u00b7S+265\/H.265\/H.264B\/H.264M\/H.264H \u00b7Boja:0.02Lux@(F1.6,AGC ON),B\/W:0Lux sa IR \u00b7IR domet do 30m \u00b7Ugra\u0111eni mikrofon \u00b7Radni uslovi -30\u2103~60\u2103(-22\u2109~140\u2109), \u226495% RH \u00b7PoE:IEEE 802.3af,Maks. 6W \u00b7IP67","rel":"","context":"Srodne objave","img":{"alt_text":"","src":"https:\/\/i1.wp.com\/astehshop.com\/wp-content\/uploads\/2025\/02\/TC-C34QN-1.png?fit=1200%2C800&resize=350%2C200","width":350,"height":200},"classes":[]},{"id":9142,"url":"http:\/\/astehshop.com\/index.php\/product\/dahua-ipc-hfw2831s-s-0280b-s2-bulet-kamera-8-mp\/","url_meta":{"origin":9125,"position":5},"title":"Dahua IPC-HFW2831S-S-0280B-S2 bulet kamera 8 MP","date":"20. velja\u010de 2024.","format":false,"excerpt":"8 MP lite IR fiksna mre\u017ena kamera u bullet ku\u0107i\u0161tu 1\/2.7\u201d CMOS senzor. Color: 0.008 Lux@F1.6. Rezolucija 3840 \u00d7 2160. Fiksna optika 2.8mm. Kompresija H.265; H.264; H.264B; MJPEG . Nivo za\u0161tite IP67,IK10. 120dB WDR. Domet IR LED 30 metara. Slot za microSD karticu do 256GB. Video analitika Tripwire, intrusion. 12V\u2026","rel":"","context":"Srodne objave","img":{"alt_text":"","src":"https:\/\/i0.wp.com\/astehshop.com\/wp-content\/uploads\/2024\/02\/dahua-ipc-hfw2831s-s-0280b-s2-bulet-kamera_0.jpg?fit=1200%2C675&resize=350%2C200","width":350,"height":200},"classes":[]}],"_links":{"self":[{"href":"http:\/\/astehshop.com\/index.php\/wp-json\/wp\/v2\/product\/9125"}],"collection":[{"href":"http:\/\/astehshop.com\/index.php\/wp-json\/wp\/v2\/product"}],"about":[{"href":"http:\/\/astehshop.com\/index.php\/wp-json\/wp\/v2\/types\/product"}],"replies":[{"embeddable":true,"href":"http:\/\/astehshop.com\/index.php\/wp-json\/wp\/v2\/comments?post=9125"}],"wp:featuredmedia":[{"embeddable":true,"href":"http:\/\/astehshop.com\/index.php\/wp-json\/wp\/v2\/media\/9126"}],"wp:attachment":[{"href":"http:\/\/astehshop.com\/index.php\/wp-json\/wp\/v2\/media?parent=9125"}],"wp:term":[{"taxonomy":"product_cat","embeddable":true,"href":"http:\/\/astehshop.com\/index.php\/wp-json\/wp\/v2\/product_cat?post=9125"},{"taxonomy":"product_tag","embeddable":true,"href":"http:\/\/astehshop.com\/index.php\/wp-json\/wp\/v2\/product_tag?post=9125"}],"curies":[{"name":"wp","href":"https:\/\/api.w.org\/{rel}","templated":true}]}}