{"id":9075,"date":"2024-02-19T20:13:24","date_gmt":"2024-02-19T19:13:24","guid":{"rendered":"http:\/\/astehshop.com\/?post_type=product&#038;p=9075"},"modified":"2025-10-05T09:14:55","modified_gmt":"2025-10-05T07:14:55","slug":"dahua-hac-hdbw1500e-0280b-s2-kamera","status":"publish","type":"product","link":"http:\/\/astehshop.com\/index.php\/product\/dahua-hac-hdbw1500e-0280b-s2-kamera\/","title":{"rendered":"Dahua HAC-HDBW1500E-0280B-S2 kamera"},"content":{"rendered":"<p>5MP HDCVI kamera u dome ku\u0107i\u0161tu 4 u 1 TVI\/AHD\/CVI\/CVBS re\u017eim.<br \/>\n0.01 Lux\/F1.6, 30IRE, 0 Lux IR on . Maksimalna rezolucija 2880&#215;1620. Fiksna optika 2.8 mm. Nivo za\u0161tite IP67, IK10. DWDR. Domet IC dioda 30 metara. 12v napajanje. Odgovaraju\u0107a dozna je PFA136. Nosa\u010d za banderu je PFA152-E. Zidni nosa\u010d je PFB203W. Materijal: Metal i Plastika.<\/p>\n","protected":false},"excerpt":{"rendered":"<p>5MP HDCVI kamera u dome ku\u0107i\u0161tu 4 u 1 TVI\/AHD\/CVI\/CVBS re\u017eim.<br \/>\n0.01 Lux\/F1.6, 30IRE, 0 Lux IR on . Maksimalna rezolucija 2880&#215;1620. Fiksna optika 2.8 mm. Nivo za\u0161tite IP67, IK10. DWDR. Domet IC dioda 30 metara. 12v napajanje. Odgovaraju\u0107a dozna je PFA136. Nosa\u010d za banderu je PFA152-E. Zidni nosa\u010d je PFB203W. Materijal: Metal i Plastika.<\/p>\n","protected":false},"featured_media":9076,"comment_status":"open","ping_status":"closed","template":"","meta":{"_mi_skip_tracking":false,"_exactmetrics_sitenote_active":false,"_exactmetrics_sitenote_note":"","_exactmetrics_sitenote_category":0,"spay_email":""},"product_cat":[131],"product_tag":[6781,2230,468,6780,477],"brands":[{"id":2045,"name":"Dahua","slug":"dahua"}],"df_price":177,"df_sale_price":"","df_regular_price":177,"df_image_link":"https:\/\/i1.wp.com\/astehshop.com\/wp-content\/uploads\/2024\/02\/dahua-hac-hdbw1500e-0280b-s2-kamera_0.png?fit=450%2C253","jetpack_publicize_connections":[],"jetpack_sharing_enabled":true,"jetpack_likes_enabled":true,"jetpack-related-posts":[{"id":7683,"url":"http:\/\/astehshop.com\/index.php\/product\/dahua-hac-hdw1500trq-0280b-s2-dome-kamera\/","url_meta":{"origin":9075,"position":0},"title":"Dahua HAC-HDW1500TRQ-0280B-S2 dome kamera","date":"9. svibnja 2023.","format":false,"excerpt":"5MP HDCVI kamera u eyeball ku\u0107i\u0161tu sa StarLight tehnologijom 4 u 1 TVI\/AHD\/CVI\/CVBS re\u017eim 0.005 Lux\/F1.6 30IRE 0 Lux IR on Maksimalna rezolucija 2880x1620 Fiksna optika 2.8 mm Nivo za\u0161tite IP50 DWDR Domet IC dioda 25 metara 12v napajanje Odgovaraju\u0107a dozna je PFA13G Nosa\u010d za banderu je PFA152-E Zidni nosa\u010d\u2026","rel":"","context":"Srodne objave","img":{"alt_text":"","src":"https:\/\/i1.wp.com\/astehshop.com\/wp-content\/uploads\/2023\/05\/HAC-HDW1500TRQ-0280B-S2_10197_0.png?fit=1194%2C1128&resize=350%2C200","width":350,"height":200},"classes":[]},{"id":5422,"url":"http:\/\/astehshop.com\/index.php\/product\/dahua-hac-hdw1500tmq-a-0280b-5-mpx\/","url_meta":{"origin":9075,"position":1},"title":"Dahua HAC-HDW1500TMQ-A-0280B 5 MPX","date":"16. listopada 2021.","format":false,"excerpt":"5MP HDCVI kamera u eyeball ku\u0107i\u0161tu sa StarLight tehnologijom 4 u 1 TVI\/AHD\/CVI\/CVBS re\u017eim. 0.005 Lux\/F1.6, 30IRE, 0 Lux IR on. Maksimalna rezolucija 2880x1620. Fiksna optika 2.8 mm. Nivo za\u0161tite IP67. DWDR. Domet IC dioda 60 metara. Integrisan mikrofon. 12v napajanje. Odgovaraju\u0107a dozna je PFA130-E. Nosa\u010d za banderu je PFA152-E.","rel":"","context":"Srodne objave","img":{"alt_text":"","src":"https:\/\/i2.wp.com\/astehshop.com\/wp-content\/uploads\/2021\/10\/HAC-HDW1500TMQ-A-0280B.png?fit=400%2C400&resize=350%2C200","width":350,"height":200},"classes":[]},{"id":9061,"url":"http:\/\/astehshop.com\/index.php\/product\/dahua-hac-hdw1200t-z-a-s5-kamera\/","url_meta":{"origin":9075,"position":2},"title":"Dahua HAC-HDW1200T-Z-A (S5) kamera","date":"19. velja\u010de 2024.","format":false,"excerpt":"2MP HDCVI kamera u eyeball ku\u0107i\u0161tu 4 u 1 TVI\/AHD\/CVI\/CVBS re\u017eim. 0.02Lux\/F1.7, 30IRE, 0Lux IR on. Maksimalna rezolucija 1920x1080.Varifokalna optika 2.7 - 12 mm. Nivo za\u0161tite IP67. DWDR. Domet IC dioda 60 metara. Integrisan mikrofon. 12v napajanje. Odgovaraju\u0107a dozna je PFA130-E. Nosa\u010d za banderu je PFA152-E. Zidni nosa\u010d je PFB203W.\u2026","rel":"","context":"Srodne objave","img":{"alt_text":"","src":"https:\/\/i0.wp.com\/astehshop.com\/wp-content\/uploads\/2024\/02\/dahua-hac-hdw1200t-z-a-s5-kamera_0.jpg?fit=1200%2C675&resize=350%2C200","width":350,"height":200},"classes":[]},{"id":9100,"url":"http:\/\/astehshop.com\/index.php\/product\/dahua-ipc-hdbw3241e-as-0280b-kamera\/","url_meta":{"origin":9075,"position":3},"title":"Dahua IPC-HDBW3241E-AS-0280B kamera","date":"20. velja\u010de 2024.","format":false,"excerpt":"2MP mre\u017ena antivandal kamera sa WizSense tehnologijom u Dom ku\u0107i\u0161tu 1\/2.8\u201d CMOS sa progresivnim skeniranjem. Color: 0.002 Lux @F1.6. Maksimalna rezolucija 1920x1080. Fiksna optika 2.8 mm. Kompresija H.264+\/H.265+. Nivo za\u0161tite IP67, IK10. 120dB WDR. Domet IC dioda 50 metara. Slot za microSD karticu do 256GB. Video analitika: Tripwire, intrusion (classification\u2026","rel":"","context":"Srodne objave","img":{"alt_text":"","src":"https:\/\/i0.wp.com\/astehshop.com\/wp-content\/uploads\/2024\/02\/dahua-ipc-hdbw3241e-as-0280b-kamera_0.jpg?fit=1200%2C750&resize=350%2C200","width":350,"height":200},"classes":[]},{"id":9104,"url":"http:\/\/astehshop.com\/index.php\/product\/dahua-ipc-hdbw1430de-sw-0280b-wi-fi-dome-kamera\/","url_meta":{"origin":9075,"position":4},"title":"Dahua IPC-HDBW1430DE-SW-0280B Wi Fi dome kamera","date":"20. velja\u010de 2024.","format":false,"excerpt":"4MP mre\u017ena WiFi kamera u dome ku\u0107i\u0161tu. 1\/3\u201d CMOS sa progresivnim skeniranjem. Color: 0.025 Lux @F2.0 (Color, 30 IRE). Maksimalna rezolucija 2560x1440. Fiksna optika 2.8mm. Kompresija H.265+\/H.264+. Nivo za\u0161tite IP67, IK10. DWDR. Domet IC dioda 30 metara. Slot za microSD karticu do 256GB.12v napajanje dolazi sa kamerom. Odgovaraju\u0107a dozna je\u2026","rel":"","context":"Srodne objave","img":{"alt_text":"","src":"https:\/\/i0.wp.com\/astehshop.com\/wp-content\/uploads\/2024\/02\/dahua-ipc-hdbw1430de-sw-0280b-wi-fi-dome-kamera_0.jpg?fit=1200%2C675&resize=350%2C200","width":350,"height":200},"classes":[]},{"id":5447,"url":"http:\/\/astehshop.com\/index.php\/product\/dahua-hdcvi-kamera-5-mp-starlight-hac-hfw1500th-i8\/","url_meta":{"origin":9075,"position":5},"title":"Dahua HDCVI kamera 5 MP StarLight HAC-HFW1500TH-I8","date":"16. listopada 2021.","format":false,"excerpt":"5MP HDCVI kamera u bullet ku\u0107i\u0161tu 4 u 1 TVI\/AHD\/CVI\/CVBS re\u017eim. 0.02Lux\/F1.85, 30IRE, 0Lux IR on. Maksimalna rezolucija 2592x1944. Fiksna optika 3.6mm. Nivo za\u0161tite IP67. DWDR. Domet IC dioda 80 metara. 12v napajanje. Odgovaraju\u0107a dozna je PFA130-E. Nosa\u010d za banderu je PFA152-E.","rel":"","context":"Srodne objave","img":{"alt_text":"","src":"https:\/\/i1.wp.com\/astehshop.com\/wp-content\/uploads\/2021\/10\/HAC-HFW1500TH-I4-1-21_thumb.png?fit=400%2C400&resize=350%2C200","width":350,"height":200},"classes":[]}],"_links":{"self":[{"href":"http:\/\/astehshop.com\/index.php\/wp-json\/wp\/v2\/product\/9075"}],"collection":[{"href":"http:\/\/astehshop.com\/index.php\/wp-json\/wp\/v2\/product"}],"about":[{"href":"http:\/\/astehshop.com\/index.php\/wp-json\/wp\/v2\/types\/product"}],"replies":[{"embeddable":true,"href":"http:\/\/astehshop.com\/index.php\/wp-json\/wp\/v2\/comments?post=9075"}],"wp:featuredmedia":[{"embeddable":true,"href":"http:\/\/astehshop.com\/index.php\/wp-json\/wp\/v2\/media\/9076"}],"wp:attachment":[{"href":"http:\/\/astehshop.com\/index.php\/wp-json\/wp\/v2\/media?parent=9075"}],"wp:term":[{"taxonomy":"product_cat","embeddable":true,"href":"http:\/\/astehshop.com\/index.php\/wp-json\/wp\/v2\/product_cat?post=9075"},{"taxonomy":"product_tag","embeddable":true,"href":"http:\/\/astehshop.com\/index.php\/wp-json\/wp\/v2\/product_tag?post=9075"}],"curies":[{"name":"wp","href":"https:\/\/api.w.org\/{rel}","templated":true}]}}