{"id":9071,"date":"2024-02-19T20:04:27","date_gmt":"2024-02-19T19:04:27","guid":{"rendered":"http:\/\/astehshop.com\/?post_type=product&#038;p=9071"},"modified":"2025-10-05T09:15:53","modified_gmt":"2025-10-05T07:15:53","slug":"dahua-hac-me2241c-0360b-kamera","status":"publish","type":"product","link":"http:\/\/astehshop.com\/index.php\/product\/dahua-hac-me2241c-0360b-kamera\/","title":{"rendered":"Dahua HAC-ME2241C-0360B kamera"},"content":{"rendered":"<p>2MP HDCVI Active Deterrence Camera<br \/>\nCVI\/CVBS re\u017eim.Min. osvjetljenje: 0.004Lux\/F1.6. Domet IC dioda 20 metara. Maksimalna rezolucija 1920&#215;1080. Fiksna optika 3.6mm. WDR 120dB Svijetlo i sirena u alarmu. Integrisan mikrofon. 12V napajanje 5.5W max. Materijal: Plastika.<\/p>\n","protected":false},"excerpt":{"rendered":"<p>2MP HDCVI Active Deterrence Camera<br \/>\nCVI\/CVBS re\u017eim.Min. osvjetljenje: 0.004Lux\/F1.6. Domet IC dioda 20 metara. Maksimalna rezolucija 1920&#215;1080. Fiksna optika 3.6mm. WDR 120dB Svijetlo i sirena u alarmu. Integrisan mikrofon. 12V napajanje 5.5W max. Materijal: Plastika.<\/p>\n","protected":false},"featured_media":9072,"comment_status":"open","ping_status":"closed","template":"","meta":{"_mi_skip_tracking":false,"_exactmetrics_sitenote_active":false,"_exactmetrics_sitenote_note":"","_exactmetrics_sitenote_category":0,"spay_email":""},"product_cat":[131],"product_tag":[1520,6775,483,6776],"brands":[{"id":2045,"name":"Dahua","slug":"dahua"}],"df_price":"","df_sale_price":"","df_regular_price":"","df_image_link":"https:\/\/i1.wp.com\/astehshop.com\/wp-content\/uploads\/2024\/02\/dahua-hac-me2241c-0360b-kamera_0.jpg?fit=450%2C253","jetpack_publicize_connections":[],"jetpack_sharing_enabled":true,"jetpack_likes_enabled":true,"jetpack-related-posts":[{"id":9066,"url":"http:\/\/astehshop.com\/index.php\/product\/dahua-hac-hum3200a-0280p-s5-kamera\/","url_meta":{"origin":9071,"position":0},"title":"Dahua HAC-HUM3200A-0280P-S5 kamera","date":"19. velja\u010de 2024.","format":false,"excerpt":"2MP HDCVI kamera u cube ku\u0107i\u0161tu. 0.01Lux\/F2.0. Maksimalna rezolucija 1920x1080. Fiksna optika 2.8mm. DWDR. Domet IC dioda 10 metara. 12v napajanje. Materijal: Plastika.","rel":"","context":"Srodne objave","img":{"alt_text":"","src":"https:\/\/i1.wp.com\/astehshop.com\/wp-content\/uploads\/2024\/02\/dahua-hac-hum3200a-0280p-s5-kamera_0.jpg?fit=1200%2C675&resize=350%2C200","width":350,"height":200},"classes":[]},{"id":5440,"url":"http:\/\/astehshop.com\/index.php\/product\/dahua-hac-hfw1200tl-0360b\/","url_meta":{"origin":9071,"position":1},"title":"Dahua HAC-HFW1200TL-0360B","date":"16. listopada 2021.","format":false,"excerpt":"2MP HDCVI kamera u bullet ku\u0107i\u0161tu 4 u 1 TVI\/AHD\/CVI\/CVBS re\u017eim. 0.02Lux\/F1.85, 30IRE, 0Lux IR on. Maksimalna rezolucija 1920x1080. Fiksna optika 3.6mm. Nivo za\u0161tite IP67. DWDR. Domet IC dioda 80 metara. 12v napajanje. Odgovaraju\u0107a dozna je PFA130-E.","rel":"","context":"Srodne objave","img":{"alt_text":"","src":"https:\/\/i2.wp.com\/astehshop.com\/wp-content\/uploads\/2021\/10\/HAC-HFW1200TL-0360B.png?fit=400%2C400&resize=350%2C200","width":350,"height":200},"classes":[]},{"id":7669,"url":"http:\/\/astehshop.com\/index.php\/product\/dahua-full-color-hac-hdw1239t-a-led-2-mpx\/","url_meta":{"origin":9071,"position":2},"title":"Dahua Full Color HAC-HDW1239T-A-LED 2 MPX","date":"9. svibnja 2023.","format":false,"excerpt":"2MP HDCVI kamera u eyeball ku\u0107i\u0161tu 4 u 1 TVI\/AHD\/CVI\/CVBS re\u017eim Full-color Starlight 0.001Lux\/F1.6 30IRE 0Lux white Light on Maksimalna rezolucija 1920x1080 Fiksna optika 2.8mm Nivo za\u0161tite IP67 130dB WDR Domet LED dioda 40 metara Integrisan mikrofon 12v napajanje Odgovaraju\u0107a dozna je PFA130-E PFA139 Nosa\u010d za banderu je PFA152-E Zidni\u2026","rel":"","context":"Srodne objave","img":{"alt_text":"","src":"https:\/\/i1.wp.com\/astehshop.com\/wp-content\/uploads\/2023\/05\/dahua-hac-hdw1239t-a-led-0280b-s2_0.jpg?fit=1200%2C888&resize=350%2C200","width":350,"height":200},"classes":[]},{"id":5435,"url":"http:\/\/astehshop.com\/index.php\/product\/dahua-hac-hfw1200t-a-0280b-sa-mikrofonom-1080p\/","url_meta":{"origin":9071,"position":3},"title":"Dahua HAC-HFW1200T-A-0280B sa mikrofonom 1080p","date":"16. listopada 2021.","format":false,"excerpt":"2MP HDCVI kamera u bullet ku\u0107i\u0161tu 4 u 1 TVI\/AHD\/CVI\/CVBS re\u017eim. 0.02Lux\/F1.85, 30IRE, 0Lux IR on. Maksimalna rezolucija 1920x1080. Fiksna optika 2.8mm. Nivo za\u0161tite IP67. DWDR. Domet IC dioda 30 metara. Integrisan mikrofon. 12v napajanje. Odgovaraju\u0107a dozna je PFA134.","rel":"","context":"Srodne objave","img":{"alt_text":"","src":"https:\/\/i1.wp.com\/astehshop.com\/wp-content\/uploads\/2021\/10\/Dahua-2MP-HDCVI-IR-Bullet-Camera-28mm-HAC-HFW1200T-0280B.png?fit=400%2C400&resize=350%2C200","width":350,"height":200},"classes":[]},{"id":9058,"url":"http:\/\/astehshop.com\/index.php\/product\/dahua-hac-hdbw3231ep-zh-kamera\/","url_meta":{"origin":9071,"position":4},"title":"Dahua HAC-HDBW3231EP-ZH kamera","date":"19. velja\u010de 2024.","format":false,"excerpt":"2MP HDCVI kamera u dome ku\u0107i\u0161tu sa StarLight tehnologijom 4 u 1 TVI\/AHD\/CVI\/CVBS re\u017eim. 0.005Lux\/F1.4, 0Lux IR on. Maksimalna rezolucija 1920x1080. Varifokalna optika 2.7 - 12 mm. Nivo za\u0161tite IP67, IK10. 120dB WDR. Domet IC dioda 50 metara. 12v napajanje. Odgovaraju\u0107a dozna je PFA138. Nosa\u010d za banderu je PFA150. Zidni\u2026","rel":"","context":"Srodne objave","img":{"alt_text":"","src":"https:\/\/i0.wp.com\/astehshop.com\/wp-content\/uploads\/2024\/02\/71VqQrml3vL._AC_UF8941000_QL80_.jpg?fit=1200%2C896&resize=350%2C200","width":350,"height":200},"classes":[]},{"id":5438,"url":"http:\/\/astehshop.com\/index.php\/product\/dahua-hac-hfw1200th-i8-0360b\/","url_meta":{"origin":9071,"position":5},"title":"Dahua HAC-HFW1200TH-I8-0360B","date":"16. listopada 2021.","format":false,"excerpt":"2MP HDCVI kamera u bullet ku\u0107i\u0161tu 4 u 1 TVI\/AHD\/CVI\/CVBS re\u017eim. 0.02Lux\/F1.9, 30IRE, 0Lux IR on. Maksimalna rezolucija 1920x1080. Fiksna optika 3.6mm. Nivo za\u0161tite IP67. DWDR. Domet IC dioda 80 metara. 12v napajanje. Odgovaraju\u0107a dozna je PFA130-E. Nosa\u010d za banderu je PFA152-E.","rel":"","context":"Srodne objave","img":{"alt_text":"","src":"https:\/\/i1.wp.com\/astehshop.com\/wp-content\/uploads\/2021\/10\/dahua-hac-hfw1200th-i8-0360b_0.jpg?fit=1200%2C675&resize=350%2C200","width":350,"height":200},"classes":[]}],"_links":{"self":[{"href":"http:\/\/astehshop.com\/index.php\/wp-json\/wp\/v2\/product\/9071"}],"collection":[{"href":"http:\/\/astehshop.com\/index.php\/wp-json\/wp\/v2\/product"}],"about":[{"href":"http:\/\/astehshop.com\/index.php\/wp-json\/wp\/v2\/types\/product"}],"replies":[{"embeddable":true,"href":"http:\/\/astehshop.com\/index.php\/wp-json\/wp\/v2\/comments?post=9071"}],"wp:featuredmedia":[{"embeddable":true,"href":"http:\/\/astehshop.com\/index.php\/wp-json\/wp\/v2\/media\/9072"}],"wp:attachment":[{"href":"http:\/\/astehshop.com\/index.php\/wp-json\/wp\/v2\/media?parent=9071"}],"wp:term":[{"taxonomy":"product_cat","embeddable":true,"href":"http:\/\/astehshop.com\/index.php\/wp-json\/wp\/v2\/product_cat?post=9071"},{"taxonomy":"product_tag","embeddable":true,"href":"http:\/\/astehshop.com\/index.php\/wp-json\/wp\/v2\/product_tag?post=9071"}],"curies":[{"name":"wp","href":"https:\/\/api.w.org\/{rel}","templated":true}]}}