{"id":9056,"date":"2024-02-19T18:46:18","date_gmt":"2024-02-19T17:46:18","guid":{"rendered":"http:\/\/astehshop.com\/?post_type=product&#038;p=9056"},"modified":"2026-04-06T11:26:39","modified_gmt":"2026-04-06T09:26:39","slug":"sensbi-zrelei-30w-zigbee-rele-30a-250vac","status":"publish","type":"product","link":"http:\/\/astehshop.com\/index.php\/product\/sensbi-zrelei-30w-zigbee-rele-30a-250vac\/","title":{"rendered":"Sensbi ZRELEI-30W ZigBee rele, 30A 250Vac"},"content":{"rendered":"<p>ZigBee rele, 30A 250Vac<br \/>\nZigBee rele, 30A 250Vac. ON\/OFF funkcija, Tajmer, pra\u0107ene potrosnje kroz aplikaciju. Uredjaji sa naponskim izlazom. Aktiviranjem pojavljuje se 220V na izlazu ure\u0111aja. Mo\u017ee se koristiti za napajanje pumpe, svetla, fri\u017eidera, bojilera, klima ure\u0111aja, grejanja, ventilatora&#8230;.. Moze se povezati svaki potro\u0161a\u010d do 20A odnosno do sage od 6600W. Uredjaj ima u sebi i power metar pa se kroz app mo\u017ee pratiti i trenutna potro\u0161nja<\/p>\n","protected":false},"excerpt":{"rendered":"<p>ZigBee rele, 30A 250Vac<br \/>\nZigBee rele, 30A 250Vac. ON\/OFF funkcija, Tajmer, pra\u0107ene potrosnje kroz aplikaciju. Uredjaji sa naponskim izlazom. Aktiviranjem pojavljuje se 220V na izlazu ure\u0111aja. Mo\u017ee se koristiti za napajanje pumpe, svetla, fri\u017eidera, bojilera, klima ure\u0111aja, grejanja, ventilatora&#8230;.. Moze se povezati svaki potro\u0161a\u010d do 20A odnosno do sage od 6600W. Uredjaj ima u sebi i power metar pa se kroz app mo\u017ee pratiti i trenutna potro\u0161nja<\/p>\n","protected":false},"featured_media":9057,"comment_status":"open","ping_status":"closed","template":"","meta":{"_mi_skip_tracking":false,"_exactmetrics_sitenote_active":false,"_exactmetrics_sitenote_note":"","_exactmetrics_sitenote_category":0,"spay_email":""},"product_cat":[3480],"product_tag":[6747,6762,6761,3483],"brands":[{"id":6665,"name":"sensbi","slug":"sensbi"}],"df_price":70,"df_sale_price":"","df_regular_price":70,"df_image_link":"https:\/\/i1.wp.com\/astehshop.com\/wp-content\/uploads\/2024\/02\/sensbi-zrelei-30w-zigbee-rele-30a-250vac_0.jpg?fit=450%2C325","jetpack_publicize_connections":[],"jetpack_sharing_enabled":true,"jetpack_likes_enabled":true,"jetpack-related-posts":[{"id":9042,"url":"http:\/\/astehshop.com\/index.php\/product\/sensbi-wrelei-30w-wi-fi-rele-30a-250vac\/","url_meta":{"origin":9056,"position":0},"title":"Sensbi WRELEI-30W Wi-Fi rele, 30A 250Vac","date":"19. velja\u010de 2024.","format":false,"excerpt":"Wi-Fi rele, 30A 250Vac Wi-Fi rele, 30A 250Vac. ON\/OFF funkcija, Tajmer, pra\u0107ene potro\u0161nje kroz aplikaciju. Ure\u0111aji sa naponskim izlazom. Aktiviranjem pojavljuje se 220V na izlazu ure\u0111aja. Mo\u017ee se koristiti za napajanje pumpe, svetla, fri\u017eidera, bojilera, klima ure\u0111aja, grejanja, ventilatora..... Moze se povezati svaki potro\u0161a\u010d do 30A odnosno do sage od\u2026","rel":"","context":"Srodne objave","img":{"alt_text":"","src":"https:\/\/i1.wp.com\/astehshop.com\/wp-content\/uploads\/2024\/02\/sensbi-wrelei-30w-wi-fi-rele-30a-250vac_0.jpg?fit=1200%2C785&resize=350%2C200","width":350,"height":200},"classes":[]},{"id":9022,"url":"http:\/\/astehshop.com\/index.php\/product\/sensbi-zrelei-20w-zigbee-rele-20a-250vac\/","url_meta":{"origin":9056,"position":1},"title":"Sensbi ZRELEI-20W ZigBee relej, 20A 250Vac","date":"19. velja\u010de 2024.","format":false,"excerpt":"ZigBee rele, 20A 250Vac ZigBee rele, 20A 250Vac. ON\/OFF funkcija, Tajmer, pra\u0107ene potrosnje kroz aplikaciju. Ure\u0111aji sa naponskim izlazom. Aktiviranjem pojavljuje se 220V na izlazu ure\u0111aja. Mo\u017ee se koristiti za napajanje pumpe, svetla, fri\u017eidera, bojilera, klima ure\u0111aja, grejanja, ventilatora..... Moze se povezati svaki potro\u0161a\u010d do 20A odnosno do sage od\u2026","rel":"","context":"Srodne objave","img":{"alt_text":"","src":"https:\/\/i1.wp.com\/astehshop.com\/wp-content\/uploads\/2024\/02\/sensbi-zrelei-20w-zigbee-rele-20a-250vac_0.jpg?fit=1200%2C797&resize=350%2C200","width":350,"height":200},"classes":[]},{"id":9024,"url":"http:\/\/astehshop.com\/index.php\/product\/sensbi-wrelei-20w-wi-fi-rele-20a-250vac\/","url_meta":{"origin":9056,"position":2},"title":"Sensbi WRELEI-20W Wi-Fi rele, 20A 250Vac","date":"19. velja\u010de 2024.","format":false,"excerpt":"Wi-Fi relej, 20A 250Vac Wi-Fi relej, 20A 250Vac. ON\/OFF funkcija, Tajmer, pra\u0107ene potro\u0161nje kroz aplikaciju. Ure\u0111aji sa naponskim izlazom. Aktiviranjem pojavljuje se 220V na izlazu ure\u0111aja. Mo\u017ee se koristiti za napajanje pumpe, svetla, fri\u017eidera, bojilera, klima ure\u0111aja, grejanja, ventilatora..... Moze se povezati svaki potro\u0161a\u010d do 20A odnosno do sage od\u2026","rel":"","context":"Srodne objave","img":{"alt_text":"","src":"https:\/\/i0.wp.com\/astehshop.com\/wp-content\/uploads\/2024\/02\/sensbi-wrelei-20w-wi-fi-rele-20a-250vac_0.jpg?fit=1200%2C839&resize=350%2C200","width":350,"height":200},"classes":[]},{"id":9048,"url":"http:\/\/astehshop.com\/index.php\/product\/sensbi-zremoti-l2rf-zigbee-bezicni-daljinski-upravljac-2-tastera\/","url_meta":{"origin":9056,"position":3},"title":"Sensbi ZREMOTI-L2RF ZigBee be\u017ei\u010dni daljinski upravlja\u010d &#8211; 2 tastera","date":"19. velja\u010de 2024.","format":false,"excerpt":"ZigBee rele, beznaponski izlaz, 10A 250Vac ZigBee rele, beznaponski izlaz, 10A 250Vac, radi na 230Vac. On\/Off i Tajmer funkcija. Mo\u017ee se koristiti u bilo kom zahtevu kao upralja\u010dki ure\u0111aj, npr za aktiviranje elektronike na kapijama, rampama, grejanja. Mo\u017ee se koristiti za uklju\u010denje svetla, klime... Mogu\u0107nosti su razne, ograni\u010denje je max\u2026","rel":"","context":"Srodne objave","img":{"alt_text":"","src":"https:\/\/i2.wp.com\/astehshop.com\/wp-content\/uploads\/2024\/02\/sensbi-zremoti-l2rf-zigbee-bezicni-daljinski-upravljac-2-tastera_0.jpg?fit=1200%2C816&resize=350%2C200","width":350,"height":200},"classes":[]},{"id":9045,"url":"http:\/\/astehshop.com\/index.php\/product\/sensbi-mini-wrelei-nn-mini-wi-fi-relej-150w\/","url_meta":{"origin":9056,"position":4},"title":"Sensbi MINI-WRELEI-NN Mini Wi-Fi relej, 150W","date":"19. velja\u010de 2024.","format":false,"excerpt":"Mini Wi-Fi rele, 150W Wi-Fi rele, 150W, nije potrebna 0 za rad. ON\/OFF funkcija, Tajmer. Ure\u0111aji sa naponskim izlazom. Aktiviranjem pojavljuje se 220V na izlazu ure\u0111aja. Mo\u017ee se koristiti za napajanje potro\u0161a\u010da do 150W. Ure\u0111aj poseduje dodatni ulaz za upravljane na koji se mo\u017ee povezati konvencionalni prekida\u010d.","rel":"","context":"Srodne objave","img":{"alt_text":"","src":"https:\/\/i2.wp.com\/astehshop.com\/wp-content\/uploads\/2024\/02\/sensbi-mini-wrelei-nn-mini-wi-fi-rele-150w_0.jpg?fit=1200%2C675&resize=350%2C200","width":350,"height":200},"classes":[]},{"id":9039,"url":"http:\/\/astehshop.com\/index.php\/product\/sensbi-z-dimmi-zigbee-uzidni-regulator-dimer\/","url_meta":{"origin":9056,"position":5},"title":"Sensbi Z-DIMMI ZigBee uzidni regulator ( dimer )","date":"19. velja\u010de 2024.","format":false,"excerpt":"ZigBee uzidni regulator ( dimer ) ZigBee uzidni regulator ( dimer ) sa prekida\u010dem. Upravljanje ja\u010dinom osvetljenja ili brzinom ventilatora. Tajmer","rel":"","context":"Srodne objave","img":{"alt_text":"","src":"https:\/\/i0.wp.com\/astehshop.com\/wp-content\/uploads\/2024\/02\/sensbi-z-dimmi-zigbee-uzidni-regulator-dimer-_0.jpg?fit=1200%2C890&resize=350%2C200","width":350,"height":200},"classes":[]}],"_links":{"self":[{"href":"http:\/\/astehshop.com\/index.php\/wp-json\/wp\/v2\/product\/9056"}],"collection":[{"href":"http:\/\/astehshop.com\/index.php\/wp-json\/wp\/v2\/product"}],"about":[{"href":"http:\/\/astehshop.com\/index.php\/wp-json\/wp\/v2\/types\/product"}],"replies":[{"embeddable":true,"href":"http:\/\/astehshop.com\/index.php\/wp-json\/wp\/v2\/comments?post=9056"}],"wp:featuredmedia":[{"embeddable":true,"href":"http:\/\/astehshop.com\/index.php\/wp-json\/wp\/v2\/media\/9057"}],"wp:attachment":[{"href":"http:\/\/astehshop.com\/index.php\/wp-json\/wp\/v2\/media?parent=9056"}],"wp:term":[{"taxonomy":"product_cat","embeddable":true,"href":"http:\/\/astehshop.com\/index.php\/wp-json\/wp\/v2\/product_cat?post=9056"},{"taxonomy":"product_tag","embeddable":true,"href":"http:\/\/astehshop.com\/index.php\/wp-json\/wp\/v2\/product_tag?post=9056"}],"curies":[{"name":"wp","href":"https:\/\/api.w.org\/{rel}","templated":true}]}}