{"id":9028,"date":"2024-02-19T18:20:10","date_gmt":"2024-02-19T17:20:10","guid":{"rendered":"http:\/\/astehshop.com\/?post_type=product&#038;p=9028"},"modified":"2024-02-19T18:20:11","modified_gmt":"2024-02-19T17:20:11","slug":"sensbi-sensbi-snapi-2mp-wifi-bezicna-kamera-na-punjive-baterije","status":"publish","type":"product","link":"http:\/\/astehshop.com\/index.php\/product\/sensbi-sensbi-snapi-2mp-wifi-bezicna-kamera-na-punjive-baterije\/","title":{"rendered":"Sensbi Sensbi SNAPI 2MP WiFi be\u017ei\u010dna kamera na punjive baterije"},"content":{"rendered":"<p>2MP WiFi be\u017ei\u010dna kamera na punjive baterije<br \/>\n1\/2.9 2Megapixel CMOS. Color 0.1Lux@F2.0, Black\/White 0.01Lux@F2.0. Maksimalna rezolucija 1920&#215;1080. Fiksna optika 3.2mm. 130\u00ba \u0161iroki ugao gledanja. IP65. PIR detekcija od 9m Max 120\u00b0 sa AI detekcijom ljudi za smanjenje la\u017enih alarma. No\u0107na vidljivost do 10m IR. 2.4 GHz WiFi be\u017ei\u010dna veza Lokalno snimanje na mikro SD kartice do 128 GB i podr\u0161ka za snimanje u cloud-u Podr\u017eava dvosmerni zvuk izme\u0111u telefona i kamere (Half Duplex). Napajanje punjivim Li baterijama od 9000mAh Vreme baterije u stand-by do 6 meseci Trajanje baterije pri radu: 2 meseca (10 puta bu\u0111enja dnevno) Napajanje DC 5V\/1A. Magnetni nosa\u010d sa \u0161rafovima.<\/p>\n","protected":false},"excerpt":{"rendered":"<p>2MP WiFi be\u017ei\u010dna kamera na punjive baterije<br \/>\n1\/2.9 2Megapixel CMOS. Color 0.1Lux@F2.0, Black\/White 0.01Lux@F2.0. Maksimalna rezolucija 1920&#215;1080. Fiksna optika 3.2mm. 130\u00ba \u0161iroki ugao gledanja. IP65. PIR detekcija od 9m Max 120\u00b0 sa AI detekcijom ljudi za smanjenje la\u017enih alarma. No\u0107na vidljivost do 10m IR. 2.4 GHz WiFi be\u017ei\u010dna veza Lokalno snimanje na mikro SD kartice do 128 GB i podr\u0161ka za snimanje u cloud-u Podr\u017eava dvosmerni zvuk izme\u0111u telefona i kamere (Half Duplex). Napajanje punjivim Li baterijama od 9000mAh Vreme baterije u stand-by do 6 meseci Trajanje baterije pri radu: 2 meseca (10 puta bu\u0111enja dnevno) Napajanje DC 5V\/1A. Magnetni nosa\u010d sa \u0161rafovima.<\/p>\n","protected":false},"featured_media":9029,"comment_status":"open","ping_status":"closed","template":"","meta":{"_mi_skip_tracking":false,"_exactmetrics_sitenote_active":false,"_exactmetrics_sitenote_note":"","_exactmetrics_sitenote_category":0,"spay_email":""},"product_cat":[6461],"product_tag":[3449,1179,477,3448,1549,6738],"brands":[{"id":6665,"name":"sensbi","slug":"sensbi"}],"df_price":199,"df_sale_price":"","df_regular_price":199,"df_image_link":"https:\/\/i2.wp.com\/astehshop.com\/wp-content\/uploads\/2024\/02\/sensbi-sensbi-snapi-2mp-wifi-bezicna-kamera-na-punjive-baterije_0.jpg?fit=450%2C301","jetpack_publicize_connections":[],"jetpack_sharing_enabled":true,"jetpack_likes_enabled":true,"jetpack-related-posts":[{"id":9066,"url":"http:\/\/astehshop.com\/index.php\/product\/dahua-hac-hum3200a-0280p-s5-kamera\/","url_meta":{"origin":9028,"position":0},"title":"Dahua HAC-HUM3200A-0280P-S5 kamera","date":"19. velja\u010de 2024.","format":false,"excerpt":"2MP HDCVI kamera u cube ku\u0107i\u0161tu. 0.01Lux\/F2.0. Maksimalna rezolucija 1920x1080. Fiksna optika 2.8mm. DWDR. Domet IC dioda 10 metara. 12v napajanje. Materijal: Plastika.","rel":"","context":"Srodne objave","img":{"alt_text":"","src":"https:\/\/i1.wp.com\/astehshop.com\/wp-content\/uploads\/2024\/02\/dahua-hac-hum3200a-0280p-s5-kamera_0.jpg?fit=1200%2C675&resize=350%2C200","width":350,"height":200},"classes":[]},{"id":9031,"url":"http:\/\/astehshop.com\/index.php\/product\/sensbi-roti-2mp-wifi-bezicna-kamera-sa-pan-tilt-funkcijom\/","url_meta":{"origin":9028,"position":1},"title":"Sensbi ROTI 2MP WiFi be\u017ei\u010dna kamera sa Pan-Tilt funkcijom.","date":"19. velja\u010de 2024.","format":false,"excerpt":"","rel":"","context":"Srodne objave","img":{"alt_text":"","src":"https:\/\/i0.wp.com\/astehshop.com\/wp-content\/uploads\/2024\/02\/sensbi-sensbi-roti-2mp-wifi-bezicna-kamera-sa-pan-tilt-funkcijom._0.jpg?fit=1200%2C882&resize=350%2C200","width":350,"height":200},"classes":[]},{"id":9033,"url":"http:\/\/astehshop.com\/index.php\/product\/sensbi-mini-2mp-wifi-bezicna-mini-kamera\/","url_meta":{"origin":9028,"position":2},"title":"Sensbi MINI 2MP WiFi be\u017ei\u010dna mini kamera","date":"19. velja\u010de 2024.","format":false,"excerpt":"","rel":"","context":"Srodne objave","img":{"alt_text":"","src":"https:\/\/i2.wp.com\/astehshop.com\/wp-content\/uploads\/2024\/02\/sensbi-sensbi-mini-2mp-wifi-bezicna-mini-kamera_0.jpg?fit=1200%2C807&resize=350%2C200","width":350,"height":200},"classes":[]},{"id":9089,"url":"http:\/\/astehshop.com\/index.php\/product\/dahua-ipc-hfw1230ds-saw-0280b-kamera\/","url_meta":{"origin":9028,"position":3},"title":"Dahua IPC-HFW1230DS-SAW-0280B kamera","date":"20. velja\u010de 2024.","format":false,"excerpt":"2MP mre\u017ena WiFi kamera u bullet ku\u0107i\u0161tu. 1\/2.8\u201d CMOS sa progresivnim skeniranjem. Color: 0.025Lux \/ F2.0 (Color), 0 Lux Ilumination on. Maksimalna rezolucija 1920x1080. Fiksna optika 2.8mm. Kompresija H.265+\/H.264+. Nivo za\u0161tite IP67. DWDR. Domet IC dioda 30 metara. Integrisan mikrofon. Slot za microSD karticu do 256GB. 12v napajanje. Odgovaraju\u0107a dozna\u2026","rel":"","context":"Srodne objave","img":{"alt_text":"","src":"https:\/\/i0.wp.com\/astehshop.com\/wp-content\/uploads\/2024\/02\/dahua-ipc-hfw1230ds-saw-0280b-kamera_0.jpg?fit=1200%2C675&resize=350%2C200","width":350,"height":200},"classes":[]},{"id":7828,"url":"http:\/\/astehshop.com\/index.php\/product\/dahua-ipc-hfw1230s-0280b-s5-ip-kamera-2-mpx\/","url_meta":{"origin":9028,"position":4},"title":"Dahua IPC-HFW1230S-0280B-S5 IP kamera 2 MPX","date":"23. svibnja 2023.","format":false,"excerpt":"2MP mre\u017ena kamera u bullet ku\u0107i\u0161tu. 1\/2.7\u201d CMOS sa progresivnim skeniranjem. 0.08 Lux@F2.0. Maksimalna rezolucija 1920x1080. Fiksna optika 2,8 mm. Kompresija H.265+\/H.264+. Nivo za\u0161tite IP67. DWDR. Domet IC dioda 30 metara. 12v napajanje, PoE. Odgovaraju\u0107a dozna je PFA134. Nosa\u010d za banderu je PFA152-E. Ugaoni nosa\u010d je PFA151 Materijal: Metal i\u2026","rel":"","context":"Srodne objave","img":{"alt_text":"","src":"https:\/\/i2.wp.com\/astehshop.com\/wp-content\/uploads\/2023\/05\/IPC-HFW1230-0280B-S5.jpg?fit=1200%2C800&resize=350%2C200","width":350,"height":200},"classes":[]},{"id":9073,"url":"http:\/\/astehshop.com\/index.php\/product\/dahua-hac-hdw1200t-il-a-0280b-s6-kamera\/","url_meta":{"origin":9028,"position":5},"title":"Dahua HAC-HDW1200T-IL-A-0280B-S6 kamera","date":"19. velja\u010de 2024.","format":false,"excerpt":"2MP Smart Dual Light eyeball kamera 4 u 1 TVI\/AHD\/CVI\/CVBS re\u017eim. 0.01Lux\/F2.0, 30IRE, 0Lux IR on. Maksimalna rezolucija 1920x1080.Fiksna optika 2.8mm. Nivo za\u0161tite IP67, radna temperatura \u201340 \u00b0C do +60 \u00b0C. DWDR.Integrisan mikrofon; Domet IC dioda 30metara, domet led- 40m. Odgovaraju\u0107a baza PFA130-E, PFA1106, nosa\u010d za stub PFB204W + PFA152-E\u2026","rel":"","context":"Srodne objave","img":{"alt_text":"","src":"https:\/\/i1.wp.com\/astehshop.com\/wp-content\/uploads\/2024\/02\/dahua-hac-hdw1200t-il-a-0280b-s6-kamera_0.jpg?fit=1200%2C675&resize=350%2C200","width":350,"height":200},"classes":[]}],"_links":{"self":[{"href":"http:\/\/astehshop.com\/index.php\/wp-json\/wp\/v2\/product\/9028"}],"collection":[{"href":"http:\/\/astehshop.com\/index.php\/wp-json\/wp\/v2\/product"}],"about":[{"href":"http:\/\/astehshop.com\/index.php\/wp-json\/wp\/v2\/types\/product"}],"replies":[{"embeddable":true,"href":"http:\/\/astehshop.com\/index.php\/wp-json\/wp\/v2\/comments?post=9028"}],"wp:featuredmedia":[{"embeddable":true,"href":"http:\/\/astehshop.com\/index.php\/wp-json\/wp\/v2\/media\/9029"}],"wp:attachment":[{"href":"http:\/\/astehshop.com\/index.php\/wp-json\/wp\/v2\/media?parent=9028"}],"wp:term":[{"taxonomy":"product_cat","embeddable":true,"href":"http:\/\/astehshop.com\/index.php\/wp-json\/wp\/v2\/product_cat?post=9028"},{"taxonomy":"product_tag","embeddable":true,"href":"http:\/\/astehshop.com\/index.php\/wp-json\/wp\/v2\/product_tag?post=9028"}],"curies":[{"name":"wp","href":"https:\/\/api.w.org\/{rel}","templated":true}]}}