{"id":9004,"date":"2024-02-19T17:42:18","date_gmt":"2024-02-19T16:42:18","guid":{"rendered":"http:\/\/astehshop.com\/?post_type=product&#038;p=9004"},"modified":"2024-02-19T17:42:44","modified_gmt":"2024-02-19T16:42:44","slug":"sensbi-w-iriss-ir-daljinski-upravljacki-centar-sa-temperaturnim-senzorom","status":"publish","type":"product","link":"http:\/\/astehshop.com\/index.php\/product\/sensbi-w-iriss-ir-daljinski-upravljacki-centar-sa-temperaturnim-senzorom\/","title":{"rendered":"Sensbi W-IRISS IR daljinski upravlja\u010dki centar sa temperaturnim senzorom"},"content":{"rendered":"<p>Infracrveni daljinski upravlja\u010dki centar sa seznorom za sobnu temperaturu.<br \/>\nAktivira klima ure\u0111aje, televizore, ventilatore, multimedijalne ure\u0111aje, set-top box-ove i jo\u0161 mnogo toga; podr\u017eava samo Infra-Red (38K kHz); RF nije uklju\u010den. Prilagodena funkcija kopiranja omogu\u0107ava vam da kontroli\u0161ete jo\u0161 vi\u0161e ure\u0111aja u\u010de\u0107i ih sa originalnog daljinskog upravlja\u010da; uklju\u010duje LED kamine, grejalice, ventilatore, itd. Uklju\u010duje USB 2.0 kabl i adapter za fleksibilnu upotrebu; najbolje funkcioni\u0161e u jednoj sobi jer infracrveni signal mo\u017ee biti blokiran zidovima; podr\u017eava samo 2.4G Wi-Fi vezu. Kontrola putem Sensbi\/Tuya aplikacije.<\/p>\n","protected":false},"excerpt":{"rendered":"<p>Infracrveni daljinski upravlja\u010dki centar sa seznorom za sobnu temperaturu.<br \/>\nAktivira klima ure\u0111aje, televizore, ventilatore, multimedijalne ure\u0111aje, set-top box-ove i jo\u0161 mnogo toga; podr\u017eava samo Infra-Red (38K kHz); RF nije uklju\u010den. Prilagodena funkcija kopiranja omogu\u0107ava vam da kontroli\u0161ete jo\u0161 vi\u0161e ure\u0111aja u\u010de\u0107i ih sa originalnog daljinskog upravlja\u010da; uklju\u010duje LED kamine, grejalice, ventilatore, itd. Uklju\u010duje USB 2.0 kabl i adapter za fleksibilnu upotrebu; najbolje funkcioni\u0161e u jednoj sobi jer infracrveni signal mo\u017ee biti blokiran zidovima; podr\u017eava samo 2.4G Wi-Fi vezu. Kontrola putem Sensbi\/Tuya aplikacije.<\/p>\n","protected":false},"featured_media":9005,"comment_status":"open","ping_status":"closed","template":"","meta":{"_mi_skip_tracking":false,"_exactmetrics_sitenote_active":false,"_exactmetrics_sitenote_note":"","_exactmetrics_sitenote_category":0,"spay_email":""},"product_cat":[3480],"product_tag":[6699,6692,6701,5589,6666,6688,6693,3483,6694,6695,6700,6698,6696,6697],"brands":[{"id":6665,"name":"sensbi","slug":"sensbi"}],"df_price":39,"df_sale_price":"","df_regular_price":39,"df_image_link":"https:\/\/i2.wp.com\/astehshop.com\/wp-content\/uploads\/2024\/02\/sensbi-w-iriss-ir-daljinski-upravljacki-centar-sa-temperaturnim-senzorom-_0.jpg?fit=450%2C253","jetpack_publicize_connections":[],"jetpack_sharing_enabled":true,"jetpack_likes_enabled":true,"jetpack-related-posts":[{"id":8670,"url":"http:\/\/astehshop.com\/index.php\/product\/zigbee-hub\/","url_meta":{"origin":9004,"position":0},"title":"ZIGBEE HUB","date":"3. prosinca 2023.","format":false,"excerpt":"\u2705\u3010Nadogradite ZigBee 3.0 Gateway\u3011--Ova nadogra\u0111ena verzija gateway-a je nadogra\u0111ena sa povezivanja 50 ure\u0111aja na 55 ure\u0111aja, \u010dine\u0107i pametne ure\u0111aje efikasnijim i inteligentnijim putem stabilnih WiFi signala. \u2705\u3010Kompatibilan sa svim ZigBee ure\u0111ajima\u3011--ZigBee gateway je neophodan ure\u0111aj za sve ZigBee pametne ure\u0111aje, pru\u017ea stabilnu vezu i automatsku kontrolu za sve ZigBee ure\u0111aje,\u2026","rel":"","context":"Srodne objave","img":{"alt_text":"","src":"https:\/\/i2.wp.com\/astehshop.com\/wp-content\/uploads\/2023\/12\/311m-zAOOeL._SR600315_PIWhiteStripBottomLeft035_SCLZZZZZZZ_FMpng_BG255255255.png?fit=600%2C350&resize=350%2C200","width":350,"height":200},"classes":[]},{"id":10249,"url":"http:\/\/astehshop.com\/index.php\/product\/gree-mona-gph12ao-k5nna1d-prijenosna-klima\/","url_meta":{"origin":9004,"position":1},"title":"Gree Mona GPH12AO-K5NNA1D  prijenosna klima","date":"12. travnja 2025.","format":false,"excerpt":"Udobnost i prakti\u010dnost su klju\u010dni aspekti suvremenog \u017eivota, a GREE Mona GPH12AO-K5NNA1D (WiFi) prijenosni klima ure\u0111aj predstavlja savr\u0161eno rje\u0161enje za odr\u017eavanje \u017eeljene temperature u va\u0161em domu ili uredu. Ovaj inovativni ure\u0111aj nudi \u0161irok spektar mogu\u0107nosti, pru\u017eaju\u0107i vam potpunu kontrolu nad klimatizacijom prostora. Jedna od izvanrednih karakteristika GREE Mona klima ure\u0111aja\u2026","rel":"","context":"Srodne objave","img":{"alt_text":"","src":"https:\/\/i2.wp.com\/astehshop.com\/wp-content\/uploads\/2025\/04\/Prijenosna-klima-uredaj-GREE-Mona-GPH12AN-1-1.png?fit=990%2C1010&resize=350%2C200","width":350,"height":200},"classes":[]},{"id":9251,"url":"http:\/\/astehshop.com\/index.php\/product\/tuya-wifi-dugme-za-sos-poziv-za-starija-lica\/","url_meta":{"origin":9004,"position":2},"title":"Tuya WIFI dugme za SOS poziv za starija lica","date":"31. o\u017eujka 2024.","format":false,"excerpt":"Jednostavan za upotrebu, alarm sa jednim dugmetom i push notifikacija na telefon, poma\u017eu u spre\u010davanju nezgoda. Cijeli proces nadgledanja mobilnih APP-a, pritisnite obavje\u0161tenja aplikacije za mobilni telefon kada se pritisne dugme. Ugra\u0111ena punjiva polimerna baterija, sa malom potro\u0161njom energije i dugim vremenom pripravnosti. Nakon uparivanja sa Smart Life APP, omogu\u0107ava\u2026","rel":"","context":"Srodne objave","img":{"alt_text":"","src":"https:\/\/i0.wp.com\/astehshop.com\/wp-content\/uploads\/2024\/03\/call-button.png?fit=1200%2C1094&resize=350%2C200","width":350,"height":200},"classes":[]},{"id":4802,"url":"http:\/\/astehshop.com\/index.php\/product\/auto-radio-usb-mikro-sd\/","url_meta":{"origin":9004,"position":3},"title":"Auto radio USB \/ MIKRO SD","date":"27. rujna 2020.","format":false,"excerpt":"POTPUNO NOV AUTO RADIO: \u00a0 RADIO PODR\u017dAVA MP3\/ WMA\/USB\/ SD KARTICU\/MMC\/AUX PLAYER\/ FM RADIO STEREO MOGU\u0106NOST MEMORISANJA RADIO STANICA ANTI SHOCK IMA 4 IZLAZA 50W DIMENZIJE Height :48mm; Width:178mm, the gap width of the bezel Dimensions: Height 58mm; 188mm ZAHTJEVANA SNAGA 12V POZADINSKO OSVJETLJENJE DALJINSKI UPRAVLJA\u010c PAKET UKLJU\u010cUJE: * AUTO\u2026","rel":"","context":"Srodne objave","img":{"alt_text":"","src":"https:\/\/i0.wp.com\/astehshop.com\/wp-content\/uploads\/2020\/09\/CAR-Bluetooth-multimedia-SD-Card-USB-AUX-MP3-WMA-Xplod-Car-Sound-System-CDX-7613BT-With-Remote-Control-Car-Radio-Stereo-4-x-50-W-500x500-1.png?fit=500%2C500&resize=350%2C200","width":350,"height":200},"classes":[]},{"id":7810,"url":"http:\/\/astehshop.com\/index.php\/product\/tuya-wifi-rf-smart-relay-4-kanala\/","url_meta":{"origin":9004,"position":4},"title":"Tuya wifi RF smart relay 4 kanala","date":"17. svibnja 2023.","format":false,"excerpt":"Ovaj proizvod je 1\/2\/4 kanalni univerzalni WiFi be\u017ei\u010dni pametni prekida\u010d sa RF 433MHz modulom, za va\u0161 sistem pametne ku\u0107e da daljinski i automatski uklju\u010duje\/isklju\u010duje ku\u0107ne aparate i elektronske ure\u0111aje putem telefonske aplikacije. Tako\u0111e se mo\u017ee kontrolisati RF daljinskim upravlja\u010dem u zatvorenom prostoru. Mo\u017ee povezati i kontrolirati \u010detiri ure\u0111aja na APP\u2026","rel":"","context":"Srodne objave","img":{"alt_text":"","src":"https:\/\/i0.wp.com\/astehshop.com\/wp-content\/uploads\/2023\/05\/tuya-4-kanala.png?fit=558%2C552&resize=350%2C200","width":350,"height":200},"classes":[]},{"id":2502,"url":"http:\/\/astehshop.com\/index.php\/product\/daljinski-paradox-rem1\/","url_meta":{"origin":9004,"position":5},"title":"Daljinski Paradox REM1","date":"27. velja\u010de 2018.","format":false,"excerpt":"Daljinski upravlja\u010d sa 4 tastera, vodootporan, do 5 razli\u010ditih operacija","rel":"","context":"Srodne objave","img":{"alt_text":"","src":"https:\/\/i1.wp.com\/astehshop.com\/wp-content\/uploads\/2018\/02\/rem-1-daljinski.jpg?fit=500%2C406&resize=350%2C200","width":350,"height":200},"classes":[]}],"_links":{"self":[{"href":"http:\/\/astehshop.com\/index.php\/wp-json\/wp\/v2\/product\/9004"}],"collection":[{"href":"http:\/\/astehshop.com\/index.php\/wp-json\/wp\/v2\/product"}],"about":[{"href":"http:\/\/astehshop.com\/index.php\/wp-json\/wp\/v2\/types\/product"}],"replies":[{"embeddable":true,"href":"http:\/\/astehshop.com\/index.php\/wp-json\/wp\/v2\/comments?post=9004"}],"wp:featuredmedia":[{"embeddable":true,"href":"http:\/\/astehshop.com\/index.php\/wp-json\/wp\/v2\/media\/9005"}],"wp:attachment":[{"href":"http:\/\/astehshop.com\/index.php\/wp-json\/wp\/v2\/media?parent=9004"}],"wp:term":[{"taxonomy":"product_cat","embeddable":true,"href":"http:\/\/astehshop.com\/index.php\/wp-json\/wp\/v2\/product_cat?post=9004"},{"taxonomy":"product_tag","embeddable":true,"href":"http:\/\/astehshop.com\/index.php\/wp-json\/wp\/v2\/product_tag?post=9004"}],"curies":[{"name":"wp","href":"https:\/\/api.w.org\/{rel}","templated":true}]}}