{"id":8996,"date":"2024-02-19T17:30:34","date_gmt":"2024-02-19T16:30:34","guid":{"rendered":"http:\/\/astehshop.com\/?post_type=product&#038;p=8996"},"modified":"2024-02-19T17:30:34","modified_gmt":"2024-02-19T16:30:34","slug":"sensbi-zplugi-l-pametna-uticnica-smart-home","status":"publish","type":"product","link":"http:\/\/astehshop.com\/index.php\/product\/sensbi-zplugi-l-pametna-uticnica-smart-home\/","title":{"rendered":"Sensbi ZPLUGI-L Pametna uti\u010dnica Smart Home"},"content":{"rendered":"<p>Pametna uti\u010dnica.<br \/>\nMogu\u0107nost povezivanja na Sensbi aplikaciju preko Zigbee gateway. Radi samo na 2.4GHz. Input 100-240V AC 50\/60Hz Output 100-240V AC 50\/60Hz. LED indikator.<\/p>\n<p>&nbsp;<\/p>\n<p>www.sensbi.com<\/p>\n","protected":false},"excerpt":{"rendered":"<p>Pametna uti\u010dnica.<br \/>\nMogu\u0107nost povezivanja na Sensbi aplikaciju preko Zigbee gateway. Radi samo na 2.4GHz. Input 100-240V AC 50\/60Hz Output 100-240V AC 50\/60Hz. LED indikator.<\/p>\n<p>&nbsp;<\/p>\n<p>www.sensbi.com<\/p>\n","protected":false},"featured_media":8997,"comment_status":"open","ping_status":"closed","template":"","meta":{"_mi_skip_tracking":false,"_exactmetrics_sitenote_active":false,"_exactmetrics_sitenote_note":"","_exactmetrics_sitenote_category":0,"spay_email":""},"product_cat":[3480],"product_tag":[6673,5589,3542,6671,3483,6672,6674,6675],"brands":[{"id":6665,"name":"sensbi","slug":"sensbi"}],"df_price":35,"df_sale_price":"","df_regular_price":35,"df_image_link":"https:\/\/i0.wp.com\/astehshop.com\/wp-content\/uploads\/2024\/02\/sensbi-zplugi-l-pametna-uticnica.-_0.jpg?fit=450%2C274","jetpack_publicize_connections":[],"jetpack_sharing_enabled":true,"jetpack_likes_enabled":true,"jetpack-related-posts":[{"id":9036,"url":"http:\/\/astehshop.com\/index.php\/product\/sensbi-zocketi-usbc-pametna-uticnica\/","url_meta":{"origin":8996,"position":0},"title":"Sensbi ZOCKETI-USBC Pametna uti\u010dnica","date":"19. velja\u010de 2024.","format":false,"excerpt":"Pametna uti\u010dnica. Mogu\u0107nost povezivanja na Sensbi aplikaciju preko Zigbee gateway. Radi samo na 2.4GHz. Input voltage: AC 100-240V. Rated Frequency: 50\/60Hz. Max.Current: 16A. Max.Power: 3000W. Output: DC 20W Max. USB-A + USB-C: 5V\/2A Ma","rel":"","context":"Srodne objave","img":{"alt_text":"","src":"https:\/\/i2.wp.com\/astehshop.com\/wp-content\/uploads\/2024\/02\/sensbi-zocketi-usbc-pametna-uticnica_0.jpg?fit=1200%2C798&resize=350%2C200","width":350,"height":200},"classes":[]},{"id":8994,"url":"http:\/\/astehshop.com\/index.php\/product\/sensbi-z-stripi-4n4-pametni-produzni-kabal\/","url_meta":{"origin":8996,"position":1},"title":"Sensbi Z-STRIPI-4N4 Pametni produ\u017eni kabal","date":"19. velja\u010de 2024.","format":false,"excerpt":"Pametni produ\u017eni kabal. Mogu\u0107nost povezivanja na Sensbi aplikaciju preko Zigbee gateway. Radi samo na 2.4GHz. Input 100-240V AC 50\/60Hz, Output 100-240V AC 50\/60Hz, Load ~12A.","rel":"","context":"Srodne objave","img":{"alt_text":"","src":"https:\/\/i0.wp.com\/astehshop.com\/wp-content\/uploads\/2024\/02\/sensbi-z-stripi-4n4-pametni-produzni-kabal_0.jpg?fit=1200%2C788&resize=350%2C200","width":350,"height":200},"classes":[]},{"id":9026,"url":"http:\/\/astehshop.com\/index.php\/product\/sensbi-hubi-smart-zigbee-gateway\/","url_meta":{"origin":8996,"position":2},"title":"Sensbi HUBI Smart ZigBee gateway","date":"19. velja\u010de 2024.","format":false,"excerpt":"Smart ZigBee gateway Koristi se za povezivanje raznih ZigBee smart proizvoda koji se putem 2.4GHz WiFi mreze povezuju sa cloud-om i mobilnom aplikacijom","rel":"","context":"Srodne objave","img":{"alt_text":"","src":"https:\/\/i0.wp.com\/astehshop.com\/wp-content\/uploads\/2024\/02\/sensbi-hubi-smart-zigbee-gateway_0.jpg?fit=1200%2C758&resize=350%2C200","width":350,"height":200},"classes":[]},{"id":9499,"url":"http:\/\/astehshop.com\/index.php\/product\/konvektor-max-2000w-cm200wp-hc-2937-bijeli\/","url_meta":{"origin":8996,"position":3},"title":"KONVEKTOR MAX 2000W CM200WP HC-2937 BIJELI","date":"21. rujna 2024.","format":false,"excerpt":"Snaga:2000W Napon: 220-240V On\/Off Indikator IP za\u0161tita 50\/60Hz Boja: Bijela Samostoje\u0107i Mogu\u0107nost monta\u017ee na zid Dva nivoa snage grijanja Podesivi termostat Garancija 12 mjeseci","rel":"","context":"Srodne objave","img":{"alt_text":"","src":"https:\/\/i0.wp.com\/astehshop.com\/wp-content\/uploads\/2024\/09\/HC-2937.png?fit=800%2C800&resize=350%2C200","width":350,"height":200},"classes":[]},{"id":9502,"url":"http:\/\/astehshop.com\/index.php\/product\/konvektor-max-cm300wp-hc-2947-2500w-bijeli\/","url_meta":{"origin":8996,"position":4},"title":"KONVEKTOR MAX CM300WP HC-2947 2500W BIJELI","date":"21. rujna 2024.","format":false,"excerpt":"Snaga:2500W Napon: 220-240V On\/Off Indikator IP za\u0161tita 50\/60Hz Boja: Bijela Samostoje\u0107i Mogu\u0107nost monta\u017ee na zid Dva nivoa snage grijanja Podesivi termostat Garancija 12 mjeseci","rel":"","context":"Srodne objave","img":{"alt_text":"","src":"https:\/\/i0.wp.com\/astehshop.com\/wp-content\/uploads\/2024\/09\/HC-2937.png?fit=800%2C800&resize=350%2C200","width":350,"height":200},"classes":[]},{"id":7782,"url":"http:\/\/astehshop.com\/index.php\/product\/tuya-pametna-uticnica-wifi\/","url_meta":{"origin":8996,"position":5},"title":"Tuya pametna uti\u010dnica WIFI","date":"17. svibnja 2023.","format":false,"excerpt":"Tuya pametna uti\u010dnica Kontrola putem aplikacije Smart Home Scenario Kontrola potro\u0161nje Dje\u010dija za\u0161tita Podesite kada \u017eelite ne\u0161to da se upali Kompletan dom na samo jedan TAP Kontrola glasom i jo\u0161 mnogo toga \u00a0","rel":"","context":"Srodne objave","img":{"alt_text":"","src":"https:\/\/i0.wp.com\/astehshop.com\/wp-content\/uploads\/2023\/05\/tuya-pametna-uticnica.jpg?fit=992%2C984&resize=350%2C200","width":350,"height":200},"classes":[]}],"_links":{"self":[{"href":"http:\/\/astehshop.com\/index.php\/wp-json\/wp\/v2\/product\/8996"}],"collection":[{"href":"http:\/\/astehshop.com\/index.php\/wp-json\/wp\/v2\/product"}],"about":[{"href":"http:\/\/astehshop.com\/index.php\/wp-json\/wp\/v2\/types\/product"}],"replies":[{"embeddable":true,"href":"http:\/\/astehshop.com\/index.php\/wp-json\/wp\/v2\/comments?post=8996"}],"wp:featuredmedia":[{"embeddable":true,"href":"http:\/\/astehshop.com\/index.php\/wp-json\/wp\/v2\/media\/8997"}],"wp:attachment":[{"href":"http:\/\/astehshop.com\/index.php\/wp-json\/wp\/v2\/media?parent=8996"}],"wp:term":[{"taxonomy":"product_cat","embeddable":true,"href":"http:\/\/astehshop.com\/index.php\/wp-json\/wp\/v2\/product_cat?post=8996"},{"taxonomy":"product_tag","embeddable":true,"href":"http:\/\/astehshop.com\/index.php\/wp-json\/wp\/v2\/product_tag?post=8996"}],"curies":[{"name":"wp","href":"https:\/\/api.w.org\/{rel}","templated":true}]}}