{"id":8994,"date":"2024-02-19T17:04:47","date_gmt":"2024-02-19T16:04:47","guid":{"rendered":"http:\/\/astehshop.com\/?post_type=product&#038;p=8994"},"modified":"2024-02-19T17:04:48","modified_gmt":"2024-02-19T16:04:48","slug":"sensbi-z-stripi-4n4-pametni-produzni-kabal","status":"publish","type":"product","link":"http:\/\/astehshop.com\/index.php\/product\/sensbi-z-stripi-4n4-pametni-produzni-kabal\/","title":{"rendered":"Sensbi Z-STRIPI-4N4 Pametni produ\u017eni kabal"},"content":{"rendered":"<p>Pametni produ\u017eni kabal.<br \/>\nMogu\u0107nost povezivanja na Sensbi aplikaciju preko Zigbee gateway. Radi samo na 2.4GHz. Input 100-240V AC 50\/60Hz, Output 100-240V AC 50\/60Hz, Load ~12A.<\/p>\n<p>Kompletan info na<br \/>\nwww.sebnsbi.com<\/p>\n","protected":false},"excerpt":{"rendered":"<p>Pametni produ\u017eni kabal.<br \/>\nMogu\u0107nost povezivanja na Sensbi aplikaciju preko Zigbee gateway. Radi samo na 2.4GHz. Input 100-240V AC 50\/60Hz, Output 100-240V AC 50\/60Hz, Load ~12A.<\/p>\n","protected":false},"featured_media":8995,"comment_status":"open","ping_status":"closed","template":"","meta":{"_mi_skip_tracking":false,"_exactmetrics_sitenote_active":false,"_exactmetrics_sitenote_note":"","_exactmetrics_sitenote_category":0,"spay_email":""},"product_cat":[3480],"product_tag":[6669,6668,3490,6667,6670,6666,3483,3493,6374],"brands":[{"id":6665,"name":"sensbi","slug":"sensbi"}],"df_price":86,"df_sale_price":"","df_regular_price":86,"df_image_link":"https:\/\/i0.wp.com\/astehshop.com\/wp-content\/uploads\/2024\/02\/sensbi-z-stripi-4n4-pametni-produzni-kabal_0.jpg?fit=450%2C295","jetpack_publicize_connections":[],"jetpack_sharing_enabled":true,"jetpack_likes_enabled":true,"jetpack-related-posts":[{"id":8996,"url":"http:\/\/astehshop.com\/index.php\/product\/sensbi-zplugi-l-pametna-uticnica-smart-home\/","url_meta":{"origin":8994,"position":0},"title":"Sensbi ZPLUGI-L Pametna uti\u010dnica Smart Home","date":"19. velja\u010de 2024.","format":false,"excerpt":"Pametna uti\u010dnica. Mogu\u0107nost povezivanja na Sensbi aplikaciju preko Zigbee gateway. Radi samo na 2.4GHz. Input 100-240V AC 50\/60Hz Output 100-240V AC 50\/60Hz. LED indikator. \u00a0 www.sensbi.com","rel":"","context":"Srodne objave","img":{"alt_text":"","src":"https:\/\/i0.wp.com\/astehshop.com\/wp-content\/uploads\/2024\/02\/sensbi-zplugi-l-pametna-uticnica.-_0.jpg?fit=1200%2C731&resize=350%2C200","width":350,"height":200},"classes":[]},{"id":9036,"url":"http:\/\/astehshop.com\/index.php\/product\/sensbi-zocketi-usbc-pametna-uticnica\/","url_meta":{"origin":8994,"position":1},"title":"Sensbi ZOCKETI-USBC Pametna uti\u010dnica","date":"19. velja\u010de 2024.","format":false,"excerpt":"Pametna uti\u010dnica. Mogu\u0107nost povezivanja na Sensbi aplikaciju preko Zigbee gateway. Radi samo na 2.4GHz. Input voltage: AC 100-240V. Rated Frequency: 50\/60Hz. Max.Current: 16A. Max.Power: 3000W. Output: DC 20W Max. USB-A + USB-C: 5V\/2A Ma","rel":"","context":"Srodne objave","img":{"alt_text":"","src":"https:\/\/i2.wp.com\/astehshop.com\/wp-content\/uploads\/2024\/02\/sensbi-zocketi-usbc-pametna-uticnica_0.jpg?fit=1200%2C798&resize=350%2C200","width":350,"height":200},"classes":[]},{"id":7790,"url":"http:\/\/astehshop.com\/index.php\/product\/tuya-produzni-kabal-sa-uticnicama-i-usb-utorima-wifi\/","url_meta":{"origin":8994,"position":2},"title":"Tuya produ\u017eni kabal sa uti\u010dnicama i USB utorima WIFI","date":"17. svibnja 2023.","format":false,"excerpt":"Tuya produ\u017eni kabal Kompletna kontrola putem aplikacije Povezuje se na VA\u0160 wifia Tuya produ\u017eni kabal Kompletna kontrola putem aplikacije Povezuje se na VA\u0160 wifi Dodajte \u0161ta god \u017eelite od ure\u0111aja na struju ili USB Vi\u0161e pogledajte na slikama ispod : Dodajte \u0161ta god \u017eelite od ure\u0111aja na struju ili USB\u2026","rel":"","context":"Srodne objave","img":{"alt_text":"","src":"https:\/\/i1.wp.com\/astehshop.com\/wp-content\/uploads\/2023\/05\/tuya-pametni-produzni-kabal.jpg?fit=1005%2C1004&resize=350%2C200","width":350,"height":200},"classes":[]},{"id":9008,"url":"http:\/\/astehshop.com\/index.php\/product\/sensbi-z-magneti-pametni-magnetni-smart-home\/","url_meta":{"origin":8994,"position":3},"title":"Sensbi Z-MAGNETI Pametni magnetni  smart home","date":"19. velja\u010de 2024.","format":false,"excerpt":"Pametni magnetni kontakt. Kontrola putem aplikacije. Zigbee komunikacija, minimalna potrosnja ukljucene CR2032 baterije. Obostrana samolepljiva traka. Potreban Zigbee hub poput Sensbi HUBI.","rel":"","context":"Srodne objave","img":{"alt_text":"","src":"https:\/\/i2.wp.com\/astehshop.com\/wp-content\/uploads\/2024\/02\/sensbi-z-magneti-pametni-magnetni-_0.jpg?fit=1200%2C783&resize=350%2C200","width":350,"height":200},"classes":[]},{"id":9026,"url":"http:\/\/astehshop.com\/index.php\/product\/sensbi-hubi-smart-zigbee-gateway\/","url_meta":{"origin":8994,"position":4},"title":"Sensbi HUBI Smart ZigBee gateway","date":"19. velja\u010de 2024.","format":false,"excerpt":"Smart ZigBee gateway Koristi se za povezivanje raznih ZigBee smart proizvoda koji se putem 2.4GHz WiFi mreze povezuju sa cloud-om i mobilnom aplikacijom","rel":"","context":"Srodne objave","img":{"alt_text":"","src":"https:\/\/i0.wp.com\/astehshop.com\/wp-content\/uploads\/2024\/02\/sensbi-hubi-smart-zigbee-gateway_0.jpg?fit=1200%2C758&resize=350%2C200","width":350,"height":200},"classes":[]},{"id":9015,"url":"http:\/\/astehshop.com\/index.php\/product\/sensbi-zwitchi-l2nn-zigbee-uzidni-prekidac-dvostruki\/","url_meta":{"origin":8994,"position":5},"title":"Sensbi ZWITCHI-L2NN ZigBee uzidni prekida\u010d &#8211; dvostruki","date":"19. velja\u010de 2024.","format":false,"excerpt":"ZigBee uzidni prekida\u010d - dvostruki ZigBee uzidni prekida\u010d - dvostruki, nije potrebna 0 za rad. Snage 200W po kanalu. On\/Off i Tajmer funkcija. On\/Off globalno ili pojedina\u010dno. Mogu\u0107nost pode\u0161avanja tajmera nezavisno za svaki prekida\u010d.","rel":"","context":"Srodne objave","img":{"alt_text":"","src":"https:\/\/i1.wp.com\/astehshop.com\/wp-content\/uploads\/2024\/02\/sensbi-zwitchi-l2nn-zigbee-uzidni-prekidac-dvostruki_0.jpg?fit=1200%2C798&resize=350%2C200","width":350,"height":200},"classes":[]}],"_links":{"self":[{"href":"http:\/\/astehshop.com\/index.php\/wp-json\/wp\/v2\/product\/8994"}],"collection":[{"href":"http:\/\/astehshop.com\/index.php\/wp-json\/wp\/v2\/product"}],"about":[{"href":"http:\/\/astehshop.com\/index.php\/wp-json\/wp\/v2\/types\/product"}],"replies":[{"embeddable":true,"href":"http:\/\/astehshop.com\/index.php\/wp-json\/wp\/v2\/comments?post=8994"}],"wp:featuredmedia":[{"embeddable":true,"href":"http:\/\/astehshop.com\/index.php\/wp-json\/wp\/v2\/media\/8995"}],"wp:attachment":[{"href":"http:\/\/astehshop.com\/index.php\/wp-json\/wp\/v2\/media?parent=8994"}],"wp:term":[{"taxonomy":"product_cat","embeddable":true,"href":"http:\/\/astehshop.com\/index.php\/wp-json\/wp\/v2\/product_cat?post=8994"},{"taxonomy":"product_tag","embeddable":true,"href":"http:\/\/astehshop.com\/index.php\/wp-json\/wp\/v2\/product_tag?post=8994"}],"curies":[{"name":"wp","href":"https:\/\/api.w.org\/{rel}","templated":true}]}}