{"id":8917,"date":"2024-01-17T21:40:49","date_gmt":"2024-01-17T20:40:49","guid":{"rendered":"http:\/\/astehshop.com\/?post_type=product&#038;p=8917"},"modified":"2026-04-07T07:28:05","modified_gmt":"2026-04-07T05:28:05","slug":"kidde-kompaktni-alarm-za-ugljen-monoksid-7coc","status":"publish","type":"product","link":"http:\/\/astehshop.com\/index.php\/product\/kidde-kompaktni-alarm-za-ugljen-monoksid-7coc\/","title":{"rendered":"Kidde kompaktni alarm za ugljen monoksid &#8211; 7COC"},"content":{"rendered":"<p><span class=\"HwtZe\" lang=\"bs\"><span class=\"jCAhz ChMk0b\"><span class=\"ryNqvb\">Kidde 7COC \/ K 7CO je detektor ugljen monoksida koji radi na alkalne baterije sa 10 godina garancije na senzor, \u0161to zna\u010di da senzor traje du\u017ee od ve\u0107ine drugih detektora CO.<\/span><\/span> <span class=\"jCAhz ChMk0b\"><span class=\"ryNqvb\">Detektori CO sada su zakonski uslov i obaveza vlasnika da budu instalirani u svim stambenim prostorijama, upozoravaju\u0107i na smrtonosni gas poznat kao ugljen monoksid i tako\u0111er omogu\u0107avaju\u0107i kontinuirano pra\u0107enje nivoa CO u ku\u0107i.<\/span><\/span> <span class=\"jCAhz ChMk0b\"><span class=\"ryNqvb\">Imajte na umu da se 10 godina odnosi samo na senzor, baterije koje se isporu\u010duju s ovom jedinicom su standardne AA alkalne baterije.<\/span><\/span> <span class=\"jCAhz ChMk0b\"><span class=\"ryNqvb\">Detektori CO treba da budu locirani na svakom nivou ku\u0107e, idealno blizu ure\u0111aja koji sagorevaju gorivo, kao i prostorija za spavanje.<\/span><\/span> <span class=\"jCAhz ChMk0b\"><span class=\"ryNqvb\">Glavni izvori ugljen monoksida su:<\/span><\/span> <span class=\"jCAhz ChMk0b\"><span class=\"ryNqvb\">Za\u010depljeni dimnjaci<\/span><\/span> <span class=\"jCAhz ChMk0b\"><span class=\"ryNqvb\">Pukao ili labav dimnjak kotla<\/span><\/span> <span class=\"jCAhz ChMk0b\"><span class=\"ryNqvb\">Neispravno instaliran plinski \u0161tednjak, plo\u010da za kuhanje ili napa<\/span><\/span> <span class=\"jCAhz ChMk0b\"><span class=\"ryNqvb\">Korodirana ili odspojena cijev za ventilaciju bojlera<\/span><\/span> <span class=\"jCAhz ChMk0b\"><span class=\"ryNqvb\">Kamini na plin ili drva<\/span><\/span> <span class=\"jCAhz ChMk0b\"><span class=\"ryNqvb\">Prijenosni parafinski ili plinski grija\u010di<\/span><\/span> <span class=\"jCAhz ChMk0b\"><span class=\"ryNqvb\">7COC \/ K7CO se lako instalira jer nije potrebno o\u017ei\u010denje i ima BSI certifikat prema EN52091, dio 1 i 2, \u0161to zna\u010di da se mo\u017ee koristiti u okru\u017eenjima kao \u0161to su \u010damci, kamp prikolice i ku\u0107e na motoru.<\/span><\/span> <span class=\"jCAhz ChMk0b\"><span class=\"ryNqvb\">Klju\u010dne karakteristike 7COC \/ K7CO su:<\/span><\/span> <span class=\"jCAhz ChMk0b\"><span class=\"ryNqvb\">10 godina garancije samo na senzor<\/span><\/span> <span class=\"jCAhz ChMk0b\"><span class=\"ryNqvb\">Radi na baterije &#8211; U kompletu sa 3 x AA alkalne baterije<\/span><\/span> <span class=\"jCAhz ChMk0b\"><span class=\"ryNqvb\">Dugme za testiranje\/resetovanje &#8211; omogu\u0107ava brzo i jednostavno testiranje rada alarma<\/span><\/span> <span class=\"jCAhz ChMk0b\"><span class=\"ryNqvb\">Dva multifunkcionalna LED indikatora koji pokazuju napajanje i status alarma<\/span><\/span> <span class=\"jCAhz ChMk0b\"><span class=\"ryNqvb\">Upozorenje o kraju \u017eivota<\/span><\/span> <span class=\"jCAhz ChMk0b\"><span class=\"ryNqvb\">Testirano i odobreno za upotrebu u \u010damcima i kamp ku\u0107icama<\/span><\/span> <span class=\"jCAhz ChMk0b\"><span class=\"ryNqvb\">Prijenosno &#8211; Pogodno za odmor<\/span><\/span> <span class=\"jCAhz ChMk0b\"><span class=\"ryNqvb\">Dimenzije: (V) 72 mm x (\u0160) 116 mm x (D) 40 mm<\/span><\/span> <span class=\"jCAhz ChMk0b\"><span class=\"ryNqvb\">Te\u017eina: 120g<\/span><\/span><\/span><\/p>\n","protected":false},"excerpt":{"rendered":"<p><span class=\"HwtZe\" lang=\"bs\"><span class=\"jCAhz ChMk0b\"><span class=\"ryNqvb\">Kidde 7COC \/ K7CO je detektor ugljen monoksida koji radi na alkalne baterije sa 10 godina garancije na senzor, \u0161to zna\u010di da senzor traje du\u017ee od ve\u0107ine drugih detektora CO.<\/span><\/span> <span class=\"jCAhz ChMk0b\"><span class=\"ryNqvb\">Detektori CO sada su zakonski uslov i obaveza vlasnika da budu instalirani u svim stambenim prostorijama, upozoravaju\u0107i na smrtonosni gas poznat kao uglji\u010dni monoksid i tako\u0111er omogu\u0107avaju\u0107i kontinuirano pra\u0107enje nivoa CO u ku\u0107i.<\/span><\/span> <span class=\"jCAhz ChMk0b\"><span class=\"ryNqvb\">Imajte na umu da se 10 godina odnosi samo na senzor, baterije koje se isporu\u010duju s ovom jedinicom su standardne AA alkalne baterije.<\/span><\/span> <span class=\"jCAhz ChMk0b\"><span class=\"ryNqvb\">Detektori CO treba da budu locirani na svakom nivou ku\u0107e, idealno blizu ure\u0111aja koji sagorevaju gorivo, kao i prostorija za spavanje.<\/span><\/span> <span class=\"jCAhz ChMk0b\"><span class=\"ryNqvb\">Glavni izvori ugljen monoksida su:<\/span><\/span> <span class=\"jCAhz ChMk0b\"><span class=\"ryNqvb\">Za\u010depljeni dimnjaci<\/span><\/span> <span class=\"jCAhz ChMk0b\"><span class=\"ryNqvb\">Pukao ili labav dimnjak kotla<\/span><\/span> <span class=\"jCAhz ChMk0b\"><span class=\"ryNqvb\">Neispravno instaliran plinski \u0161tednjak, plo\u010da za kuhanje ili napa<\/span><\/span> <span class=\"jCAhz ChMk0b\"><span class=\"ryNqvb\">Korodirana ili odspojena cijev za ventilaciju bojlera<\/span><\/span> <span class=\"jCAhz ChMk0b\"><span class=\"ryNqvb\">Kamini na plin ili drva<\/span><\/span> <span class=\"jCAhz ChMk0b\"><span class=\"ryNqvb\">Prijenosni parafinski ili plinski grija\u010di<\/span><\/span> <span class=\"jCAhz ChMk0b\"><span class=\"ryNqvb\">7COC \/ K7CO se lako instalira jer nije potrebno o\u017ei\u010denje i ima BSI certifikat prema EN52091, dio 1 i 2, \u0161to zna\u010di da se mo\u017ee koristiti u okru\u017eenjima kao \u0161to su \u010damci, kamp prikolice i ku\u0107e na motoru.<\/span><\/span> <span class=\"jCAhz ChMk0b\"><span class=\"ryNqvb\">Klju\u010dne karakteristike 7COC \/ K7CO su:<\/span><\/span> <span class=\"jCAhz ChMk0b\"><span class=\"ryNqvb\">10 godina garancije samo na senzor<\/span><\/span> <span class=\"jCAhz ChMk0b\"><span class=\"ryNqvb\">Radi na baterije &#8211; U kompletu sa 3 x AA alkalne baterije<\/span><\/span> <span class=\"jCAhz ChMk0b\"><span class=\"ryNqvb\">Dugme za testiranje\/resetovanje &#8211; omogu\u0107ava brzo i jednostavno testiranje rada alarma<\/span><\/span> <span class=\"jCAhz ChMk0b\"><span class=\"ryNqvb\">Dva multifunkcionalna LED indikatora koji pokazuju napajanje i status alarma<\/span><\/span> <span class=\"jCAhz ChMk0b\"><span class=\"ryNqvb\">Upozorenje o kraju \u017eivota<\/span><\/span> <span class=\"jCAhz ChMk0b\"><span class=\"ryNqvb\">Testirano i odobreno za upotrebu u \u010damcima i kamp ku\u0107icama<\/span><\/span> <span class=\"jCAhz ChMk0b\"><span class=\"ryNqvb\">Prijenosno &#8211; Pogodno za odmor<\/span><\/span> <span class=\"jCAhz ChMk0b\"><span class=\"ryNqvb\">Dimenzije: (V) 72 mm x (\u0160) 116 mm x (D) 40 mm<\/span><\/span> <span class=\"jCAhz ChMk0b\"><span class=\"ryNqvb\">Te\u017eina: 120g<\/span><\/span><\/span><\/p>\n","protected":false},"featured_media":8918,"comment_status":"open","ping_status":"closed","template":"","meta":{"_mi_skip_tracking":false,"_exactmetrics_sitenote_active":false,"_exactmetrics_sitenote_note":"","_exactmetrics_sitenote_category":0,"spay_email":""},"product_cat":[6567],"product_tag":[6586,6584,921,6588,6583,6590,6587,6589,6585],"brands":[],"df_price":89,"df_sale_price":"","df_regular_price":89,"df_image_link":"https:\/\/i1.wp.com\/astehshop.com\/wp-content\/uploads\/2024\/01\/kidde-k7co-battery-carbon-monoxide-alarm-all-contents.jpg?fit=450%2C450","jetpack_publicize_connections":[],"jetpack_sharing_enabled":true,"jetpack_likes_enabled":true,"jetpack-related-posts":[{"id":8479,"url":"http:\/\/astehshop.com\/index.php\/product\/tuya-senzor-pokreta-novi-model-sve-dojave-na-aplikaciju-na-baterije\/","url_meta":{"origin":8917,"position":0},"title":"Tuya senzor pokreta &#8211; novi model &#8211; sve dojave na aplikaciju &#8211; na baterije","date":"27. listopada 2023.","format":false,"excerpt":"Kompatibilan: Kompatibilan sa svim sigurnosnim ure\u0111ajima pametnog doma, kao \u0161to su windows, mac os i android. Sigurnost: Tuya pametni ku\u0107ni sigurnosni ure\u0111aji dizajnirani su da zadovolje potrebe va\u0161e porodice i prijatelja. mo\u017eete ga koristiti u domovima, kancelarijama, u\u010dionicama, \u0161kolama, hotelima itd. Vrhunska konstrukcija: Izra\u0111en od visokokvalitetne abs plastike, pir senzor\u2026","rel":"","context":"Srodne objave","img":{"alt_text":"","src":"https:\/\/i0.wp.com\/astehshop.com\/wp-content\/uploads\/2023\/10\/tuya-senzor-pokreta.jpg?fit=484%2C453&resize=350%2C200","width":350,"height":200},"classes":[]},{"id":12229,"url":"http:\/\/astehshop.com\/index.php\/product\/paradox-alarmni-bezicni-pir-detektor-pmd3m\/","url_meta":{"origin":8917,"position":1},"title":"Paradox alarmni Be\u017ei\u010dni PIR detektor PMD3M","date":"29. sije\u010dnja 2026.","format":false,"excerpt":"Be\u017ei\u010dni PIR detektor Integrisan be\u017ei\u010dni primopredajnik na frekvenciji 868MHz, koristi auto learn funkciju \u0161to zna\u010di da se automatski registruje na centralu M serije, dualni PIR senzor, unutra\u0161nja monta\u017ea, domet 12m (110\u00b0), tamper prekida\u010d, preko aplikacije BlueEye nadzor stanja baterije, temperature I RX\/TX signala, baterija 2 x AA 1,5V.","rel":"","context":"Srodne objave","img":{"alt_text":"","src":"https:\/\/i0.wp.com\/astehshop.com\/wp-content\/uploads\/2026\/01\/PMD3M.png?fit=750%2C1000&resize=350%2C200","width":350,"height":200},"classes":[]},{"id":12231,"url":"http:\/\/astehshop.com\/index.php\/product\/paradox-bezicni-digitalni-dual-optic-pir-detektor-sa-pet-opcijom-pmd75m\/","url_meta":{"origin":8917,"position":2},"title":"Paradox Be\u017ei\u010dni digitalni dual-optic PIR detektor sa PET opcijom PMD75M","date":"29. sije\u010dnja 2026.","format":false,"excerpt":"Be\u017ei\u010dni digitalni dual-optic PIR detektor sa PET opcijom Integrisan be\u017ei\u010dni primopredajnik na frekvenciji 868MHz, koristi auto learn funkciju \u0161to zna\u010di da se automatski registruje na centralu M serije, dualni PIR senzor, unutra\u0161nja monta\u017ea, sa dvije optike u senzoru, domet 11m (90\u00b0), PET opcija do 40kg na visini monta\u017ee 2.1m, tamper\u2026","rel":"","context":"Srodne objave","img":{"alt_text":"","src":"https:\/\/i1.wp.com\/astehshop.com\/wp-content\/uploads\/2026\/01\/pmd75m.jpg?fit=1200%2C1200&resize=350%2C200","width":350,"height":200},"classes":[]},{"id":7948,"url":"http:\/\/astehshop.com\/index.php\/product\/pametni-detektor-poplave-sa-zvucnikom-i-dojavom-na-tel\/","url_meta":{"origin":8917,"position":3},"title":"Pametni detektor poplave sa zvu\u010dnikom i dojavom na tel","date":"11. lipnja 2023.","format":false,"excerpt":"Detektor poplave, detektuje i najmanje kapljice vode jednostavno povezivanje, ovaj model zahtjeva Smart Gateway Zigbee visoka osjetljivost Mali i kompaktan Profesionalno vodootporno tijelo Du\u017eina baterije u standby re\u017eimu do 5 godina Jednostavno instaliranje bez komplikovanih operacija Zamijena baterije je veoma jednostavna","rel":"","context":"Srodne objave","img":{"alt_text":"","src":"https:\/\/i2.wp.com\/astehshop.com\/wp-content\/uploads\/2023\/06\/senzor-poplave.png?fit=823%2C738&resize=350%2C200","width":350,"height":200},"classes":[]},{"id":12237,"url":"http:\/\/astehshop.com\/index.php\/product\/bezicni-digitalni-dual-optic-pir-detektor-sa-pet-opcijom-pmd85m\/","url_meta":{"origin":8917,"position":4},"title":"Be\u017ei\u010dni digitalni dual-optic PIR detektor sa PET opcijom PMD85M","date":"29. sije\u010dnja 2026.","format":false,"excerpt":"Be\u017ei\u010dni digitalni dual-optic PIR detektor sa PET opcijom Integrisan be\u017ei\u010dni primopredajnik na frekvenciji 868MHz, koristi auto learn funkciju \u0161to zna\u010di da se automatski registruje na centralu M serije, 2 dualna PIR senzora, svaki od senzora sa 2 optike, unutra\u0161nja\/spolja\u0161nja monta\u017ea, domet 11m (90\u00b0), PET opcija do 40kg na visini monta\u017ee\u2026","rel":"","context":"Srodne objave","img":{"alt_text":"","src":"https:\/\/i1.wp.com\/astehshop.com\/wp-content\/uploads\/2026\/01\/pmd85m.jpg?fit=1200%2C1200&resize=350%2C200","width":350,"height":200},"classes":[]},{"id":12226,"url":"http:\/\/astehshop.com\/index.php\/product\/paradox-bezicni-pir-detektor-minijaturni-bijeli-pmd5m-bijeli-ili-crni\/","url_meta":{"origin":8917,"position":5},"title":"Paradox Be\u017ei\u010dni PIR detektor &#8211; minijaturni, bijeli PMD5M Bijeli ili Crni","date":"28. sije\u010dnja 2026.","format":false,"excerpt":"Be\u017ei\u010dni PIR detektor - minijaturni, bijeli Integrisan be\u017ei\u010dni primopredajnik na frekvenciji 868MHz, koristi auto learn funkciju \u0161to zna\u010di da se automatski registruje na centralu M serije, dualni PIR senzor, unutra\u0161nja monta\u017ea, domet 12m (110\u00b0), creep zona detekcije, tamper prekida\u010d, preko aplikacije BlueEye nadzor stanja baterije, temperature i RX\/TX signala, baterija\u2026","rel":"","context":"Srodne objave","img":{"alt_text":"","src":"https:\/\/i1.wp.com\/astehshop.com\/wp-content\/uploads\/2026\/01\/paradox-senzor.jpg?fit=1200%2C1200&resize=350%2C200","width":350,"height":200},"classes":[]}],"_links":{"self":[{"href":"http:\/\/astehshop.com\/index.php\/wp-json\/wp\/v2\/product\/8917"}],"collection":[{"href":"http:\/\/astehshop.com\/index.php\/wp-json\/wp\/v2\/product"}],"about":[{"href":"http:\/\/astehshop.com\/index.php\/wp-json\/wp\/v2\/types\/product"}],"replies":[{"embeddable":true,"href":"http:\/\/astehshop.com\/index.php\/wp-json\/wp\/v2\/comments?post=8917"}],"wp:featuredmedia":[{"embeddable":true,"href":"http:\/\/astehshop.com\/index.php\/wp-json\/wp\/v2\/media\/8918"}],"wp:attachment":[{"href":"http:\/\/astehshop.com\/index.php\/wp-json\/wp\/v2\/media?parent=8917"}],"wp:term":[{"taxonomy":"product_cat","embeddable":true,"href":"http:\/\/astehshop.com\/index.php\/wp-json\/wp\/v2\/product_cat?post=8917"},{"taxonomy":"product_tag","embeddable":true,"href":"http:\/\/astehshop.com\/index.php\/wp-json\/wp\/v2\/product_tag?post=8917"}],"curies":[{"name":"wp","href":"https:\/\/api.w.org\/{rel}","templated":true}]}}