{"id":8914,"date":"2024-01-17T21:34:57","date_gmt":"2024-01-17T20:34:57","guid":{"rendered":"http:\/\/astehshop.com\/?post_type=product&#038;p=8914"},"modified":"2026-04-04T20:16:19","modified_gmt":"2026-04-04T18:16:19","slug":"kidde-kompaktni-alarm-za-ugljen-monoksid-7co","status":"publish","type":"product","link":"http:\/\/astehshop.com\/index.php\/product\/kidde-kompaktni-alarm-za-ugljen-monoksid-7co\/","title":{"rendered":"Kidde kompaktni alarm za ugljen monoksid &#8211; 7CO"},"content":{"rendered":"<p><span class=\"HwtZe\" lang=\"bs\"><span class=\"jCAhz ChMk0b\"><span class=\"ryNqvb\">Kidde 7CO je vrhunski alarm za ugljen monoksid s visokokvalitetnim tankim ku\u0107i\u0161tem, koji \u0161titi va\u0161u porodicu ako u va\u0161oj ku\u0107i curi ugljen monoksid.<\/span><\/span> <span class=\"jCAhz ChMk0b\"><span class=\"ryNqvb\">Uklju\u010duje Kiddeovu vrlo efikasnu detektorsku tehnologiju i diskretnu, elegantnu zavr\u0161nu obradu.<\/span><\/span> <span class=\"jCAhz ChMk0b\"><span class=\"ryNqvb\">Posebno dizajniran da osigura jednostavnu instalaciju, ovaj alarm mo\u017ee biti montiran na zid ili slobodno stoje\u0107i.<\/span><\/span> <span class=\"jCAhz ChMk0b\"><span class=\"ryNqvb\">Naru\u010dite svoj sada kako biste svoju porodicu za\u0161titili, brzo nabavite svoju uz na\u0161u super brzu dostavu.<\/span><\/span> <span class=\"jCAhz ChMk0b\"><span class=\"ryNqvb\">Slim line cast<\/span><\/span> <span class=\"jCAhz ChMk0b\"><span class=\"ryNqvb\">Zidna ili samostoje\u0107a<\/span><\/span> <span class=\"jCAhz ChMk0b\"><span class=\"ryNqvb\">10 godina garancije<\/span><\/span> <span class=\"jCAhz ChMk0b\"><span class=\"ryNqvb\">Izlaz zvuka: 85db<\/span><\/span> <span class=\"jCAhz ChMk0b\"><span class=\"ryNqvb\">Lako i jednostavno za instalaciju<\/span><\/span> <span class=\"jCAhz ChMk0b\"><span class=\"ryNqvb\">Dugme Test\/Reset<\/span><\/span><\/span><\/p>\n","protected":false},"excerpt":{"rendered":"<p><span class=\"HwtZe\" lang=\"bs\"><span class=\"jCAhz ChMk0b\"><span class=\"ryNqvb\">Kidde 7CO je vrhunski alarm za ugljen monoksid s visokokvalitetnim tankim ku\u0107i\u0161tem, koji \u0161titi va\u0161u porodicu ako u va\u0161oj ku\u0107i curi ugljen monoksid.<\/span><\/span> <span class=\"jCAhz ChMk0b\"><span class=\"ryNqvb\">Uklju\u010duje Kiddeovu vrlo efikasnu detektorsku tehnologiju i diskretnu, elegantnu zavr\u0161nu obradu.<\/span><\/span> <span class=\"jCAhz ChMk0b\"><span class=\"ryNqvb\">Posebno dizajniran da osigura jednostavnu instalaciju, ovaj alarm mo\u017ee biti montiran na zid ili slobodno stoje\u0107i.<\/span><\/span> <span class=\"jCAhz ChMk0b\"><span class=\"ryNqvb\">Naru\u010dite svoj sada kako biste svoju porodicu za\u0161titili, brzo nabavite svoju uz na\u0161u super brzu dostavu.<\/span><\/span> <span class=\"jCAhz ChMk0b\"><span class=\"ryNqvb\">Slim line cast<\/span><\/span> <span class=\"jCAhz ChMk0b\"><span class=\"ryNqvb\">Zidna ili samostoje\u0107a<\/span><\/span> <span class=\"jCAhz ChMk0b\"><span class=\"ryNqvb\">10 godina garancije<\/span><\/span> <span class=\"jCAhz ChMk0b\"><span class=\"ryNqvb\">Izlaz zvuka: 85db<\/span><\/span> <span class=\"jCAhz ChMk0b\"><span class=\"ryNqvb\">Lako i jednostavno za instalaciju<\/span><\/span> <span class=\"jCAhz ChMk0b\"><span class=\"ryNqvb\">Dugme Test\/Reset<\/span><\/span><\/span><\/p>\n<p><span class=\"HwtZe\" lang=\"bs\">\u00a0<\/span><\/p>\n","protected":false},"featured_media":8915,"comment_status":"open","ping_status":"closed","template":"","meta":{"_mi_skip_tracking":false,"_exactmetrics_sitenote_active":false,"_exactmetrics_sitenote_note":"","_exactmetrics_sitenote_category":0,"spay_email":""},"product_cat":[6567],"product_tag":[6582,6580,2711,6577,6579,6578,6581],"brands":[],"df_price":79,"df_sale_price":"","df_regular_price":79,"df_image_link":"https:\/\/i2.wp.com\/astehshop.com\/wp-content\/uploads\/2024\/01\/7cob.jpg?fit=450%2C393","jetpack_publicize_connections":[],"jetpack_sharing_enabled":true,"jetpack_likes_enabled":true,"jetpack-related-posts":[{"id":8323,"url":"http:\/\/astehshop.com\/index.php\/product\/tp-link-outdoor-pan-tilt-wi-fi-camera-tapo-c500\/","url_meta":{"origin":8914,"position":0},"title":"TP-Link Outdoor Pan\/Tilt Wi-Fi Camera Tapo C500","date":"21. listopada 2023.","format":false,"excerpt":"1080p Full HD Live View-Otkriva jasne i o\u0161tre slike sa vi\u0161e detalja. Detekcija osoba i pra\u0107enje pokreta-Smart AI identifikuje osobu dok prati kretanje velikom brzinom rotacije, obavje\u0161tavaju\u0107i korisnike po potrebi. Vizuelna pokrivenost od 360\u00b0 \u2013 pru\u017ea 360\u00b0 horizontalni i 130\u00b0 vertikalni opseg za pokrivanje svakog ugla. No\u0107ni vid (do 98\u2026","rel":"","context":"Srodne objave","img":{"alt_text":"","src":"https:\/\/i1.wp.com\/astehshop.com\/wp-content\/uploads\/2023\/10\/Tapo-C500-1.jpg?fit=1000%2C1000&resize=350%2C200","width":350,"height":200},"classes":[]},{"id":2891,"url":"http:\/\/astehshop.com\/index.php\/product\/detektor-topline\/","url_meta":{"origin":8914,"position":1},"title":"Detektor topline","date":"8. listopada 2018.","format":false,"excerpt":"Alarmira za temp. iznad 54C Ovaj detektor topline se uklju\u010duje kada detektira toplinu ve\u0107u od 54C. Pogodan je za postavljanje u prostorije u kojima se ne smiju primjenjivati dimni alarmi, kao \u0161to je kuhinja. Sirena alarma je preko 85 dB. Uz glasnu sirenu, alarm je tako\u0111er opremljen i gumbom za\u2026","rel":"","context":"Srodne objave","img":{"alt_text":"","src":"https:\/\/i0.wp.com\/astehshop.com\/wp-content\/uploads\/2018\/10\/detektor-topline.jpg?fit=974%2C1048&resize=350%2C200","width":350,"height":200},"classes":[]},{"id":8771,"url":"http:\/\/astehshop.com\/index.php\/product\/digitalni-tablet-za-pisanje-i-crtanje-10-5-inca-plavi\/","url_meta":{"origin":8914,"position":2},"title":"Digitalni Tablet za Pisanje i Crtanje | 10.5 in\u010da | Plavi","date":"10. sije\u010dnja 2024.","format":false,"excerpt":"10,5\" tablet za pisanje i crtanje Zaslon je osjetljiv na pritisak, a debljina \u0107e varirati ovisno o pritisku koji vr\u0161ite na njega Uklju\u010duje olovku Zaslon se mo\u017ee obrisati vi\u0161e od 50.000 puta Savr\u0161eno za ljude koji vole crtati, bez tro\u0161enja papira Jednostavan za kori\u0161tenje - Brisanje crte\u017ea i rije\u010di pritiskom\u2026","rel":"","context":"Srodne objave","img":{"alt_text":"","src":"https:\/\/i1.wp.com\/astehshop.com\/wp-content\/uploads\/2024\/01\/plavi-tablet.jpg?fit=400%2C400&resize=350%2C200","width":350,"height":200},"classes":[]},{"id":8774,"url":"http:\/\/astehshop.com\/index.php\/product\/digitalni-tablet-za-pisanje-i-crtanje-14-inca-rozi\/","url_meta":{"origin":8914,"position":3},"title":"Digitalni Tablet za Pisanje i Crtanje | 14 in\u010da | Rozi","date":"10. sije\u010dnja 2024.","format":false,"excerpt":"14\" tablet za pisanje i crtanje Zaslon je osjetljiv na pritisak, a debljina \u0107e varirati ovisno o pritisku koji vr\u0161ite na njega Uklju\u010duje olovku Zaslon se mo\u017ee obrisati vi\u0161e od 50.000 puta Savr\u0161eno za ljude koji vole crtati, bez tro\u0161enja papira Jednostavan za kori\u0161tenje - Brisanje crte\u017ea i rije\u010di pritiskom\u2026","rel":"","context":"Srodne objave","img":{"alt_text":"","src":"https:\/\/i1.wp.com\/astehshop.com\/wp-content\/uploads\/2024\/01\/14-rozi.jpg?fit=400%2C400&resize=350%2C200","width":350,"height":200},"classes":[]},{"id":8777,"url":"http:\/\/astehshop.com\/index.php\/product\/digitalni-tablet-za-pisanje-i-crtanje-14-inca-plavi\/","url_meta":{"origin":8914,"position":4},"title":"Digitalni Tablet za Pisanje i Crtanje | 14 in\u010da | Plavi","date":"10. sije\u010dnja 2024.","format":false,"excerpt":"14\" tablet za pisanje i crtanje Zaslon je osjetljiv na pritisak, a debljina \u0107e varirati ovisno o pritisku koji vr\u0161ite na njega Uklju\u010duje olovku Zaslon se mo\u017ee obrisati vi\u0161e od 50.000 puta Savr\u0161eno za ljude koji vole crtati, bez tro\u0161enja papira Jednostavan za kori\u0161tenje - Brisanje crte\u017ea i rije\u010di pritiskom\u2026","rel":"","context":"Srodne objave","img":{"alt_text":"","src":"https:\/\/i0.wp.com\/astehshop.com\/wp-content\/uploads\/2024\/01\/14-inca-tablet-plavi.jpg?fit=400%2C400&resize=350%2C200","width":350,"height":200},"classes":[]},{"id":6013,"url":"http:\/\/astehshop.com\/index.php\/product\/jablotron-ja-152a-unutrasnja-sirena\/","url_meta":{"origin":8914,"position":5},"title":"Jablotron JA-152A Unutra\u0161nja sirena","date":"14. velja\u010de 2022.","format":false,"excerpt":"JA-152A je predvi\u0111ena za ozna\u010davanje alarma unutar objekta. Tako\u0111e se mo\u017ee koristiti i za druge akusti\u010dne indikacije kao \u0161to je aktivacija PG izlaza, ulazno\/izlazno ka\u0161njenje ili kao zvono na vratima.Pritiskom na taster sirene alarm se mo\u017ee privremeno ugasiti ili se mo\u017ee aktivirati alarm za nu\u017edu(opciono). Sirena je opremljena sigurnosnom baterijom\u2026","rel":"","context":"Srodne objave","img":{"alt_text":"","src":"https:\/\/i0.wp.com\/astehshop.com\/wp-content\/uploads\/2022\/02\/JA-152A.png?fit=600%2C569&resize=350%2C200","width":350,"height":200},"classes":[]}],"_links":{"self":[{"href":"http:\/\/astehshop.com\/index.php\/wp-json\/wp\/v2\/product\/8914"}],"collection":[{"href":"http:\/\/astehshop.com\/index.php\/wp-json\/wp\/v2\/product"}],"about":[{"href":"http:\/\/astehshop.com\/index.php\/wp-json\/wp\/v2\/types\/product"}],"replies":[{"embeddable":true,"href":"http:\/\/astehshop.com\/index.php\/wp-json\/wp\/v2\/comments?post=8914"}],"wp:featuredmedia":[{"embeddable":true,"href":"http:\/\/astehshop.com\/index.php\/wp-json\/wp\/v2\/media\/8915"}],"wp:attachment":[{"href":"http:\/\/astehshop.com\/index.php\/wp-json\/wp\/v2\/media?parent=8914"}],"wp:term":[{"taxonomy":"product_cat","embeddable":true,"href":"http:\/\/astehshop.com\/index.php\/wp-json\/wp\/v2\/product_cat?post=8914"},{"taxonomy":"product_tag","embeddable":true,"href":"http:\/\/astehshop.com\/index.php\/wp-json\/wp\/v2\/product_tag?post=8914"}],"curies":[{"name":"wp","href":"https:\/\/api.w.org\/{rel}","templated":true}]}}