{"id":8899,"date":"2024-01-14T20:16:22","date_gmt":"2024-01-14T19:16:22","guid":{"rendered":"http:\/\/astehshop.com\/?post_type=product&#038;p=8899"},"modified":"2024-02-18T14:40:22","modified_gmt":"2024-02-18T13:40:22","slug":"ajax-keypad-plus","status":"publish","type":"product","link":"http:\/\/astehshop.com\/index.php\/product\/ajax-keypad-plus\/","title":{"rendered":"AJAX Keypad Plus"},"content":{"rendered":"<p>\u2022 Kapacitivna dodirna LED tipkovnica sa RFID \u010dita\u010dem, dvosmjerna komunikacija, za\u0161tita enkripcijom<br \/>\n\u2022 Frekvencija 868 MHz, domet signala 1700 m<br \/>\n\u2022 Kompatibilnost: Hub, Hub Plus, Hub 2, Hub 2 plus, ReX<br \/>\n\u2022 Napajanje\/ trajnost baterija: 4xAAAA u kompletu\/ do 2 godine<br \/>\n\u2022 Za\u0161tita: Tamper i za\u0161tita lozinke, ometanje<br \/>\n\u2022 Opcija ure\u0111aja u bijeloj ili crnoj boji<br \/>\n\u2022 RFID<\/p>\n","protected":false},"excerpt":{"rendered":"<p>\u2022 Kapacitivna dodirna LED tipkovnica sa RFID \u010dita\u010dem, dvosmjerna komunikacija, za\u0161tita enkripcijom<br \/>\n\u2022 Frekvencija 868 MHz, domet signala 1700 m<br \/>\n\u2022 Kompatibilnost: Hub, Hub Plus, Hub 2, Hub 2 plus, ReX<br \/>\n\u2022 Napajanje\/ trajnost baterija: 4xAAAA u kompletu\/ do 2 godine<br \/>\n\u2022 Za\u0161tita: Tamper i za\u0161tita lozinke, ometanje<br \/>\n\u2022 Opcija ure\u0111aja u bijeloj ili crnoj boji<br \/>\n\u2022 RFID<\/p>\n","protected":false},"featured_media":8900,"comment_status":"open","ping_status":"closed","template":"","meta":{"_mi_skip_tracking":false,"_exactmetrics_sitenote_active":false,"_exactmetrics_sitenote_note":"","_exactmetrics_sitenote_category":0,"spay_email":""},"product_cat":[144],"product_tag":[6547],"brands":[{"id":2473,"name":"AJAX","slug":"ajax"}],"df_price":299,"df_sale_price":"","df_regular_price":299,"df_image_link":"https:\/\/i1.wp.com\/astehshop.com\/wp-content\/uploads\/2024\/01\/keypad-plus.jpg?fit=320%2C240","jetpack_publicize_connections":[],"jetpack_sharing_enabled":true,"jetpack_likes_enabled":true,"jetpack-related-posts":[{"id":6404,"url":"http:\/\/astehshop.com\/index.php\/product\/ajax-vhf-bridge\/","url_meta":{"origin":8899,"position":0},"title":"AJAX VHF Bridge","date":"6. listopada 2022.","format":false,"excerpt":"Proizvo\u0111a\u010d AJAX Izvedba Be\u017ei\u010dna Be\u017ei\u010dna frekvencija 868 MHz Dimenzije 196 x 238 x 100 mm Tamper Da Napajanje 220 VAC Namjena Me\u0111usklop Kompatibilne centrale Ajax HUB, HUB PLUS, HUB 2. HUB 2 PLUS Spajanje na alarmnu centralu Be\u017ei\u010dno Priklju\u010dak za integraciju Relejni izlazi Broj PGM-a - \u017ei\u010dano 8","rel":"","context":"Srodne objave","img":{"alt_text":"","src":"https:\/\/i0.wp.com\/astehshop.com\/wp-content\/uploads\/2022\/10\/ajax-vhf-bridge-white.png?fit=800%2C800&resize=350%2C200","width":350,"height":200},"classes":[]},{"id":6122,"url":"http:\/\/astehshop.com\/index.php\/product\/bezicna-vanjska-sirena-hikvision-ax-pro-ds-ps1-e-we\/","url_meta":{"origin":8899,"position":1},"title":"Be\u017ei\u010dna vanjska sirena HikVision AX PRO DS-PS1-E-WE","date":"1. travnja 2022.","format":false,"excerpt":"dvosmjerna 868MHz komunikacija 3 godine \u017eivota baterije ja\u010dina : 110dB IP65 za\u0161tita","rel":"","context":"Srodne objave","img":{"alt_text":"","src":"https:\/\/i0.wp.com\/astehshop.com\/wp-content\/uploads\/2022\/04\/DS-PS1-E-WE.jpg?fit=1000%2C1000&resize=350%2C200","width":350,"height":200},"classes":[]},{"id":6402,"url":"http:\/\/astehshop.com\/index.php\/product\/ajax-rex-2\/","url_meta":{"origin":8899,"position":2},"title":"AJAX ReX 2","date":"6. listopada 2022.","format":false,"excerpt":"Proizvo\u0111a\u010d AJAX Izvedba Be\u017ei\u010dna Be\u017ei\u010dna frekvencija 868 MHz Tamper Da Napajanje 220 VAC Namjena Repetitor Kompatibilne centrale Ajax Hub 2, Ajax Hub 2 Plus Spajanje na alarmnu centralu Be\u017ei\u010dno \u00a0","rel":"","context":"Srodne objave","img":{"alt_text":"","src":"https:\/\/i1.wp.com\/astehshop.com\/wp-content\/uploads\/2022\/10\/AJAX-Hub2-Plus-WH-1.jpg?fit=600%2C600&resize=350%2C200","width":350,"height":200},"classes":[]},{"id":6114,"url":"http:\/\/astehshop.com\/index.php\/product\/hikvision-ax-pro-bezicna-prenosna-panik-tipka-taster-ds-pdebp1-eg2-we\/","url_meta":{"origin":8899,"position":3},"title":"HikVision AX PRO be\u017ei\u010dna prenosna panik tipka taster DS- PDEBP1-EG2-we","date":"1. travnja 2022.","format":false,"excerpt":"dvosmjerna 868MHz komunikacija IP54 za\u0161tita do 1km na otvorenom prostoru 3 godine \u017eivota baterije","rel":"","context":"Srodne objave","img":{"alt_text":"","src":"https:\/\/i1.wp.com\/astehshop.com\/wp-content\/uploads\/2022\/04\/dvosmjerna-868MHz-komunikacija.png?fit=700%2C394&resize=350%2C200","width":350,"height":200},"classes":[]},{"id":5823,"url":"http:\/\/astehshop.com\/index.php\/product\/ajax-hub-plus-bijeli-ili-crni\/","url_meta":{"origin":8899,"position":4},"title":"AJAX Hub Plus Bijeli ili Crni","date":"20. sije\u010dnja 2022.","format":false,"excerpt":"Centralna jedinica (HUB) be\u017ei\u010dnog protuprovalnog sistema sa integriranim LAN, WiFi i Dual-SIM GSM\/GPRS komunikatorom, omogu\u0107eno dodavanje i rad do 150 be\u017ei\u010dnih ure\u0111aja, 25 particija, max 99 korisnika. Ugra\u0111ena back-up baterija. Crne ili bijele boje","rel":"","context":"Srodne objave","img":{"alt_text":"","src":"","width":0,"height":0},"classes":[]},{"id":4960,"url":"http:\/\/astehshop.com\/index.php\/product\/ajax-rex-bl\/","url_meta":{"origin":8899,"position":5},"title":"AJAX ReX BL","date":"6. studenoga 2020.","format":false,"excerpt":"Be\u017ei\u010dni repeater signala za Ajax sustave, poja\u010dava signal do 2x, napajanje 220VAC, ugra\u0111ena back-up Li-Ion 2A baterija (autonomni rad na bateriji do 35 sati) Proizvo\u0111a\u010d AJAX Izvedba Be\u017ei\u010dno Be\u017ei\u010dna frekvencija 868 MHz Tamper Da Napajanje 220VAC Namjena Repetitor Kompatibilne centrale AJAX HUB Spajanje na alarmnu centralu Be\u017ei\u010dno","rel":"","context":"Srodne objave","img":{"alt_text":"","src":"https:\/\/i0.wp.com\/astehshop.com\/wp-content\/uploads\/2020\/11\/AJAX-ReX-BL.png?fit=500%2C500&resize=350%2C200","width":350,"height":200},"classes":[]}],"_links":{"self":[{"href":"http:\/\/astehshop.com\/index.php\/wp-json\/wp\/v2\/product\/8899"}],"collection":[{"href":"http:\/\/astehshop.com\/index.php\/wp-json\/wp\/v2\/product"}],"about":[{"href":"http:\/\/astehshop.com\/index.php\/wp-json\/wp\/v2\/types\/product"}],"replies":[{"embeddable":true,"href":"http:\/\/astehshop.com\/index.php\/wp-json\/wp\/v2\/comments?post=8899"}],"wp:featuredmedia":[{"embeddable":true,"href":"http:\/\/astehshop.com\/index.php\/wp-json\/wp\/v2\/media\/8900"}],"wp:attachment":[{"href":"http:\/\/astehshop.com\/index.php\/wp-json\/wp\/v2\/media?parent=8899"}],"wp:term":[{"taxonomy":"product_cat","embeddable":true,"href":"http:\/\/astehshop.com\/index.php\/wp-json\/wp\/v2\/product_cat?post=8899"},{"taxonomy":"product_tag","embeddable":true,"href":"http:\/\/astehshop.com\/index.php\/wp-json\/wp\/v2\/product_tag?post=8899"}],"curies":[{"name":"wp","href":"https:\/\/api.w.org\/{rel}","templated":true}]}}