{"id":8889,"date":"2024-01-14T19:53:35","date_gmt":"2024-01-14T18:53:35","guid":{"rendered":"http:\/\/astehshop.com\/?post_type=product&#038;p=8889"},"modified":"2024-02-18T14:41:06","modified_gmt":"2024-02-18T13:41:06","slug":"paradox-rem25-daljinski","status":"publish","type":"product","link":"http:\/\/astehshop.com\/index.php\/product\/paradox-rem25-daljinski\/","title":{"rendered":"Paradox REM25 daljinski"},"content":{"rendered":"<p>Daljinski upravlja\u010d sa 5 tastera sa dvosmernom komunikacijom, bele boje<br \/>\nVodootporan, do 6 razli\u010ditih operacija (uklju\u010denje \/ isklju\u010denje sistema, kontrola PGMova,&#8230;), prikaz statusa sistema, kompatibilan sa svim MG centralama, RTX3, K641LX, K32LX.<\/p>\n","protected":false},"excerpt":{"rendered":"<p>Daljinski upravlja\u010d sa 5 tastera sa dvosmernom komunikacijom, bele boje<br \/>\nVodootporan, do 6 razli\u010ditih operacija (uklju\u010denje \/ isklju\u010denje sistema, kontrola PGMova,&#8230;), prikaz statusa sistema, kompatibilan sa svim MG centralama, RTX3, K641LX, K32LX.<\/p>\n","protected":false},"featured_media":8890,"comment_status":"open","ping_status":"closed","template":"","meta":{"_mi_skip_tracking":false,"_exactmetrics_sitenote_active":false,"_exactmetrics_sitenote_note":"","_exactmetrics_sitenote_category":0,"spay_email":""},"product_cat":[258],"product_tag":[262,6538,6536,6537],"brands":[{"id":2046,"name":"paradox","slug":"paradox"}],"df_price":95,"df_sale_price":"","df_regular_price":95,"df_image_link":"https:\/\/i2.wp.com\/astehshop.com\/wp-content\/uploads\/2024\/01\/paradox-rem25w_0.jpg?fit=450%2C253","jetpack_publicize_connections":[],"jetpack_sharing_enabled":true,"jetpack_likes_enabled":true,"jetpack-related-posts":[{"id":2508,"url":"http:\/\/astehshop.com\/index.php\/product\/paradox-daljinski-rem2\/","url_meta":{"origin":8889,"position":0},"title":"Paradox daljinski REM2","date":"27. velja\u010de 2018.","format":false,"excerpt":"Daljinski upravlja\u010d sa 5 tastera sa dvosmjernom komunikacijom vodootporan, do 6 razli\u010ditih operacija","rel":"","context":"Srodne objave","img":{"alt_text":"","src":"https:\/\/i0.wp.com\/astehshop.com\/wp-content\/uploads\/2018\/02\/rem2-paradox.jpg?fit=500%2C406&resize=350%2C200","width":350,"height":200},"classes":[]},{"id":2502,"url":"http:\/\/astehshop.com\/index.php\/product\/daljinski-paradox-rem1\/","url_meta":{"origin":8889,"position":1},"title":"Daljinski Paradox REM1","date":"27. velja\u010de 2018.","format":false,"excerpt":"Daljinski upravlja\u010d sa 4 tastera, vodootporan, do 5 razli\u010ditih operacija","rel":"","context":"Srodne objave","img":{"alt_text":"","src":"https:\/\/i1.wp.com\/astehshop.com\/wp-content\/uploads\/2018\/02\/rem-1-daljinski.jpg?fit=500%2C406&resize=350%2C200","width":350,"height":200},"classes":[]},{"id":2505,"url":"http:\/\/astehshop.com\/index.php\/product\/paradox-daljinski-rem15\/","url_meta":{"origin":8889,"position":2},"title":"Paradox daljinski REM15","date":"27. velja\u010de 2018.","format":false,"excerpt":"Daljinski upravlja\u010d sa 5 razli\u010ditih operacija, vodootporan, pozadinsko osvetljenje,","rel":"","context":"Srodne objave","img":{"alt_text":"","src":"https:\/\/i1.wp.com\/astehshop.com\/wp-content\/uploads\/2018\/02\/rem-15-daljinski.jpg?fit=500%2C406&resize=350%2C200","width":350,"height":200},"classes":[]},{"id":8283,"url":"http:\/\/astehshop.com\/index.php\/product\/tastatura-paradox-k32lx\/","url_meta":{"origin":8889,"position":3},"title":"Tastatura Paradox K32LX","date":"6. listopada 2023.","format":false,"excerpt":"LCD \u0161ifrator sa ugra\u0111enim be\u017ei\u010dnim prijemnikom, bez daljinskog upravlja\u010da Kompatibilan sa centralama iz SpectraSP serije, u kompletu se ne isporu\u010duje daljinski upravlja\u010d. Podr\u017eava REM1 V3.0, REM15, REM2 V1.04,REM25, REM3, RAC1 V2.0, RAC2 V1.0, PMD2P, PMD1P, PMD75, PMD85, DCT10, DCT2, DCTXP2, DCT6, GS250, SD738, 2WPGM, RPT1, K32RF (K32LRF), K37 (K32IRF), SR150,\u2026","rel":"","context":"Srodne objave","img":{"alt_text":"","src":"https:\/\/i0.wp.com\/astehshop.com\/wp-content\/uploads\/2023\/10\/paradox-pxmx32lx-keyboard-with-two-way-radio-receiver-paradox-k32lx-86-pxmx32lx-8b3.jpg?fit=550%2C550&resize=350%2C200","width":350,"height":200},"classes":[]},{"id":6036,"url":"http:\/\/astehshop.com\/index.php\/product\/ja-182j-daljinski-upravljac\/","url_meta":{"origin":8889,"position":4},"title":"JA-182J Daljinski upravlja\u010d","date":"14. velja\u010de 2022.","format":false,"excerpt":"JA-182J slu\u017ei za daljinsko ukjlju\u010divanje\/isklju\u010divanje sistema, aktivaciju panik alarma i kontrolu drugih ure\u0111aja. Daljinski upravlja\u010d je opremljen sa prakti\u010dnom funkcijom \u201cde\u010djeg zaklju\u010davanja\u201d koja spre\u010dava neovla\u0161\u0107eno kori\u0161tenje. Ako je ova funkcija uklju\u010dena, za aktiviranje ure\u0111aja je potrebno pritisnuti dugme dva puta u roku od 1 sekunde.","rel":"","context":"Srodne objave","img":{"alt_text":"","src":"https:\/\/i0.wp.com\/astehshop.com\/wp-content\/uploads\/2022\/02\/JA-182J.jpg?fit=600%2C600&resize=350%2C200","width":350,"height":200},"classes":[]},{"id":7878,"url":"http:\/\/astehshop.com\/index.php\/product\/dahua-alarmni-daljinski-ard323-w2\/","url_meta":{"origin":8889,"position":5},"title":"Dahua alarmni daljinski ARD323-W2","date":"1. lipnja 2023.","format":false,"excerpt":"Daljinski upravlja\u010d. 4 tastera (Home, Away, Disarm, and SOS). Dvobojni LED indikator. Frekvencija 868.0MHz\u2013868.6MHz. Domet do 900m na otvorenom. 2-smerna komunikacija sa AES128 enkripcijom. Frequency Hopping. Detekcija ja\u010dine signala. Sa CR2032 baterijom. Trajanje baterije do 5 godina. Upozorenje za slabu bateriju. Plasti\u010dno ku\u0107i\u0161te. Radna temperatura \u201310 \u00b0C to +55 \u00b0C.\u2026","rel":"","context":"Srodne objave","img":{"alt_text":"","src":"https:\/\/i2.wp.com\/astehshop.com\/wp-content\/uploads\/2023\/06\/dahua-ara24-w2-1.jpg?fit=1200%2C1131&resize=350%2C200","width":350,"height":200},"classes":[]}],"_links":{"self":[{"href":"http:\/\/astehshop.com\/index.php\/wp-json\/wp\/v2\/product\/8889"}],"collection":[{"href":"http:\/\/astehshop.com\/index.php\/wp-json\/wp\/v2\/product"}],"about":[{"href":"http:\/\/astehshop.com\/index.php\/wp-json\/wp\/v2\/types\/product"}],"replies":[{"embeddable":true,"href":"http:\/\/astehshop.com\/index.php\/wp-json\/wp\/v2\/comments?post=8889"}],"wp:featuredmedia":[{"embeddable":true,"href":"http:\/\/astehshop.com\/index.php\/wp-json\/wp\/v2\/media\/8890"}],"wp:attachment":[{"href":"http:\/\/astehshop.com\/index.php\/wp-json\/wp\/v2\/media?parent=8889"}],"wp:term":[{"taxonomy":"product_cat","embeddable":true,"href":"http:\/\/astehshop.com\/index.php\/wp-json\/wp\/v2\/product_cat?post=8889"},{"taxonomy":"product_tag","embeddable":true,"href":"http:\/\/astehshop.com\/index.php\/wp-json\/wp\/v2\/product_tag?post=8889"}],"curies":[{"name":"wp","href":"https:\/\/api.w.org\/{rel}","templated":true}]}}