{"id":8887,"date":"2024-01-14T19:46:06","date_gmt":"2024-01-14T18:46:06","guid":{"rendered":"http:\/\/astehshop.com\/?post_type=product&#038;p=8887"},"modified":"2024-02-18T14:41:16","modified_gmt":"2024-02-18T13:41:16","slug":"paradox-rtx3-prosirenje","status":"publish","type":"product","link":"http:\/\/astehshop.com\/index.php\/product\/paradox-rtx3-prosirenje\/","title":{"rendered":"Paradox RTX3 pro\u0161irenje"},"content":{"rendered":"<p>Be\u017ei\u010dni modul za pro\u0161irenje, 8 zona, 3 PGM, ispunjava EN 50131 Security Grade 2 standard<br \/>\nDvosmerna komunikacija, ugra\u0111en primopredajnik, podr\u017eava 8\/32 be\u017ei\u010dne zone i 8\/32\/999 daljinskih upravlja\u010da, primjenljiv za centrale serije Esprit, Spectra SP i Digiplex \/ EVO, ispunjava EN 50131 Security Grade 2 standard<\/p>\n","protected":false},"excerpt":{"rendered":"<p>Be\u017ei\u010dni modul za pro\u0161irenje, 8 zona, 3 PGM, ispunjava EN 50131 Security Grade 2 standard<br \/>\nDvosmerna komunikacija, ugra\u0111en primopredajnik, podr\u017eava 8\/32 be\u017ei\u010dne zone i 8\/32\/999 daljinskih upravlja\u010da, primjenljiv za centrale serije Esprit, Spectra SP i Digiplex \/ EVO, ispunjava EN 50131 Security Grade 2 standard<\/p>\n","protected":false},"featured_media":8888,"comment_status":"open","ping_status":"closed","template":"","meta":{"_mi_skip_tracking":false,"_exactmetrics_sitenote_active":false,"_exactmetrics_sitenote_note":"","_exactmetrics_sitenote_category":0,"spay_email":""},"product_cat":[2160],"product_tag":[6535,6534,6529],"brands":[{"id":2046,"name":"paradox","slug":"paradox"}],"df_price":173,"df_sale_price":"","df_regular_price":173,"df_image_link":"https:\/\/i1.wp.com\/astehshop.com\/wp-content\/uploads\/2024\/01\/paradox-rtx3_0.jpg?fit=450%2C253","jetpack_publicize_connections":[],"jetpack_sharing_enabled":true,"jetpack_likes_enabled":true,"jetpack-related-posts":[{"id":8883,"url":"http:\/\/astehshop.com\/index.php\/product\/paradox-zx4-prosirenje\/","url_meta":{"origin":8887,"position":0},"title":"Paradox ZX4 pro\u0161irenje","date":"14. sije\u010dnja 2024.","format":false,"excerpt":"Modul za pro\u0161irenje, 4 zone (8 sa ATZ) primenljiv za centrale Spectra (1728\/1738...), Digiplex i EVO.","rel":"","context":"Srodne objave","img":{"alt_text":"","src":"https:\/\/i1.wp.com\/astehshop.com\/wp-content\/uploads\/2024\/01\/zx4.jpg?fit=800%2C790&resize=350%2C200","width":350,"height":200},"classes":[]},{"id":8869,"url":"http:\/\/astehshop.com\/index.php\/product\/paradox-telefonska-dojava-vdmp3\/","url_meta":{"origin":8887,"position":1},"title":"Paradox telefonska dojava VDMP3","date":"14. sije\u010dnja 2024.","format":false,"excerpt":"Telefonska dojava, 5 tel.brojeva, uklju\u010divanje\/isklju\u010divanje particija i PGM-ova, ispunava EN 50131 Security Grade 2 standard kompatibilan sa Spectra SP, MG5000\/5050\/5075 i EVO, plug-in","rel":"","context":"Srodne objave","img":{"alt_text":"","src":"https:\/\/i1.wp.com\/astehshop.com\/wp-content\/uploads\/2024\/01\/paradox-vdmp3_0.jpg?fit=1200%2C843&resize=350%2C200","width":350,"height":200},"classes":[]},{"id":8880,"url":"http:\/\/astehshop.com\/index.php\/product\/paradox-sr250-bezicna-sirena\/","url_meta":{"origin":8887,"position":2},"title":"Paradox SR250 be\u017ei\u010dna sirena","date":"14. sije\u010dnja 2024.","format":false,"excerpt":"SR250 Paradox be\u017ei\u010dna spoljna sirena, antisabota\u017eno za\u0161ti\u0107ena na 433MHz Ja\u010dine 100dB sa integrisanim strob svetlom, domet 70m sa MG6130\/6160\/6250 i K32LX, 70m sa MG5000\/5050\/5050+, RTX3 na EVO192 i EVO HD i SP SPECTRA centralama (osim SP4000), dvostruka antisabota\u017ena za\u0161tita. Napaja se sa tri 1.5V D-baterije. Ispunjava EN 50131-4, EN 50131-1\u2026","rel":"","context":"Srodne objave","img":{"alt_text":"","src":"https:\/\/i1.wp.com\/astehshop.com\/wp-content\/uploads\/2024\/01\/paradox-sr250_0.jpg?fit=1200%2C675&resize=350%2C200","width":350,"height":200},"classes":[]},{"id":3989,"url":"http:\/\/astehshop.com\/index.php\/product\/paradox-rtx3-bezicni-modul-prosirenja\/","url_meta":{"origin":8887,"position":3},"title":"Paradox RTX3 be\u017ei\u010dni modul pro\u0161irenja","date":"18. velja\u010de 2020.","format":false,"excerpt":"\u2022 32 be\u017ei\u010dne zone \u2022 Broj be\u017ei\u010dnih PGM-ova (8\/EVO, 16\/SP) \u2022 Nadzor RF smetnji \u2022 Nadzor statusa baterije, anti-sabota\u017enog prekida\u010da i prijave modula \u2022 Prikaz ja\u010dine primopredajnog signala \u2022 3 PGM izlaza i jedan izlaz po izboru","rel":"","context":"Srodne objave","img":{"alt_text":"","src":"https:\/\/i0.wp.com\/astehshop.com\/wp-content\/uploads\/2020\/02\/rtx3.jpg?fit=1056%2C1122&resize=350%2C200","width":350,"height":200},"classes":[]},{"id":3968,"url":"http:\/\/astehshop.com\/index.php\/product\/paradox-evo-192-alarmna-centrala\/","url_meta":{"origin":8887,"position":4},"title":"Paradox EVO 192 alarmna centrala","date":"18. velja\u010de 2020.","format":false,"excerpt":"\u2022 8 ulaza za zone (16 sa dupliranjem), pro\u0161irivo do 192 zone \u2022 Ugra\u0111ena podr\u0161ka za kontrolu pristupa \u2022 Podr\u017eava GPRS i GSM modul (PCS serija), IP modul (IP100) i Voice modul (VDMP3) \u2022 Jednostavna nadogradnja putem 307USB kabela i WinLoad programa \u2022 Kompatibilna sa NEware-om V4.0 i vi\u0161e \u2022\u2026","rel":"","context":"Srodne objave","img":{"alt_text":"","src":"https:\/\/i1.wp.com\/astehshop.com\/wp-content\/uploads\/2020\/02\/Paradox-EVO192.jpg?fit=882%2C840&resize=350%2C200","width":350,"height":200},"classes":[]},{"id":8872,"url":"http:\/\/astehshop.com\/index.php\/product\/paradox-gprs-gsm-komunikator-pcs250\/","url_meta":{"origin":8887,"position":5},"title":"Paradox GPRS\/GSM komunikator PCS250","date":"14. sije\u010dnja 2024.","format":false,"excerpt":"GPRS\/GSM komunikator, ispunjava EN 50131 Security Grade 3 standard Slanje izve\u0161taja na IPR512GPRS\/IP monitoring stanicu, slanje SMS-ova, aktivacija i deaktivacija alarma slanjem SMS-a na PCS, slanje fabri\u010dki definisanih glasovnih poruka sa kombinacijom VDMP3 (samo u GSM modu), jednostavna instalacija, povezivanje sa 4 \u017eice.","rel":"","context":"Srodne objave","img":{"alt_text":"","src":"https:\/\/i0.wp.com\/astehshop.com\/wp-content\/uploads\/2024\/01\/paradox-pcs250_0.jpg?fit=1200%2C675&resize=350%2C200","width":350,"height":200},"classes":[]}],"_links":{"self":[{"href":"http:\/\/astehshop.com\/index.php\/wp-json\/wp\/v2\/product\/8887"}],"collection":[{"href":"http:\/\/astehshop.com\/index.php\/wp-json\/wp\/v2\/product"}],"about":[{"href":"http:\/\/astehshop.com\/index.php\/wp-json\/wp\/v2\/types\/product"}],"replies":[{"embeddable":true,"href":"http:\/\/astehshop.com\/index.php\/wp-json\/wp\/v2\/comments?post=8887"}],"wp:featuredmedia":[{"embeddable":true,"href":"http:\/\/astehshop.com\/index.php\/wp-json\/wp\/v2\/media\/8888"}],"wp:attachment":[{"href":"http:\/\/astehshop.com\/index.php\/wp-json\/wp\/v2\/media?parent=8887"}],"wp:term":[{"taxonomy":"product_cat","embeddable":true,"href":"http:\/\/astehshop.com\/index.php\/wp-json\/wp\/v2\/product_cat?post=8887"},{"taxonomy":"product_tag","embeddable":true,"href":"http:\/\/astehshop.com\/index.php\/wp-json\/wp\/v2\/product_tag?post=8887"}],"curies":[{"name":"wp","href":"https:\/\/api.w.org\/{rel}","templated":true}]}}