{"id":8874,"date":"2024-01-14T15:26:27","date_gmt":"2024-01-14T14:26:27","guid":{"rendered":"http:\/\/astehshop.com\/?post_type=product&#038;p=8874"},"modified":"2024-01-14T15:26:28","modified_gmt":"2024-01-14T14:26:28","slug":"spoljasna-sirena-westernsecurity-ws-20h","status":"publish","type":"product","link":"http:\/\/astehshop.com\/index.php\/product\/spoljasna-sirena-westernsecurity-ws-20h\/","title":{"rendered":"Spolja\u0161na sirena WesternSecurity WS-20H"},"content":{"rendered":"<p>Spoljna sirena sa blicerom, antisabota\u017eno za\u0161ti\u0107ena, dvostruko ku\u0107i\u0161te<br \/>\npozitivna i negativna trigeracija, alarm u slu\u010daju gubitka napajanja, sa tr\u010de\u0107im diodama koje rade non stop.<\/p>\n","protected":false},"excerpt":{"rendered":"<p>Spoljna sirena sa blicerom, antisabota\u017eno za\u0161ti\u0107ena, dvostruko ku\u0107i\u0161te<br \/>\npozitivna i negativna trigeracija, alarm u slu\u010daju gubitka napajanja, sa tr\u010de\u0107im diodama koje rade non stop.<\/p>\n","protected":false},"featured_media":8875,"comment_status":"open","ping_status":"closed","template":"","meta":{"_mi_skip_tracking":false,"_exactmetrics_sitenote_active":false,"_exactmetrics_sitenote_note":"","_exactmetrics_sitenote_category":0,"spay_email":""},"product_cat":[145],"product_tag":[6522,6521,332,6520],"brands":[{"id":2046,"name":"paradox","slug":"paradox"}],"df_price":75,"df_sale_price":"","df_regular_price":75,"df_image_link":"https:\/\/i2.wp.com\/astehshop.com\/wp-content\/uploads\/2024\/01\/westernsecurity-ws-20h_0.jpg?fit=450%2C253","jetpack_publicize_connections":[],"jetpack_sharing_enabled":true,"jetpack_likes_enabled":true,"jetpack-related-posts":[{"id":8877,"url":"http:\/\/astehshop.com\/index.php\/product\/spoljna-sirena-ws-30hr\/","url_meta":{"origin":8874,"position":0},"title":"Spoljna sirena WS-30HR","date":"14. sije\u010dnja 2024.","format":false,"excerpt":"Spoljna sirena sa sijalicom koja blica, antisabota\u017eno za\u0161ti\u0107ena, dvostruko ku\u0107i\u0161te, crvena boja pozitivna i negativna trigeracija, alarm u slu\u010daju gubitka napajanja, potreban akumulator od 12V 1.3Ah, sa tr\u010de\u0107im diodama koje rade non stop.","rel":"","context":"Srodne objave","img":{"alt_text":"","src":"https:\/\/i2.wp.com\/astehshop.com\/wp-content\/uploads\/2024\/01\/westernsecurity-ws-30hr_0.jpg?fit=1200%2C675&resize=350%2C200","width":350,"height":200},"classes":[]},{"id":2556,"url":"http:\/\/astehshop.com\/index.php\/product\/spoljna-sirena-ws-905r\/","url_meta":{"origin":8874,"position":1},"title":"Spoljna sirena WS-905R","date":"27. velja\u010de 2018.","format":false,"excerpt":"Spoljna sirena sa LED diodama, antisabota\u017eno za\u0161ti\u0107ena, dvostruko ku\u0107i\u0161te, sa akumulatorom 1.3Ah, crvena boja","rel":"","context":"Srodne objave","img":{"alt_text":"","src":"https:\/\/i2.wp.com\/astehshop.com\/wp-content\/uploads\/2018\/02\/ws905r.jpg?fit=500%2C387&resize=350%2C200","width":350,"height":200},"classes":[]},{"id":2547,"url":"http:\/\/astehshop.com\/index.php\/product\/solo-ibs-spoljna-sirena\/","url_meta":{"origin":8874,"position":2},"title":"SOLO IBS spoljna sirena","date":"27. velja\u010de 2018.","format":false,"excerpt":"Spoljna sirena sa blicerom, antisabota\u017eno za\u0161ti\u0107ena, dvostruko ku\u0107i\u0161te","rel":"","context":"Srodne objave","img":{"alt_text":"","src":"https:\/\/i1.wp.com\/astehshop.com\/wp-content\/uploads\/2018\/02\/solo-ibs-sirena.jpg?fit=500%2C418&resize=350%2C200","width":350,"height":200},"classes":[]},{"id":2559,"url":"http:\/\/astehshop.com\/index.php\/product\/paradox-bezicna-spoljna-sirena-sr130\/","url_meta":{"origin":8874,"position":3},"title":"Paradox be\u017ei\u010dna spoljna sirena SR130","date":"27. velja\u010de 2018.","format":false,"excerpt":"Paradox be\u017ei\u010dna spoljna sirena, antisabota\u017eno za\u0161ti\u0107ena, 100bB, ispunava EN 50131 Security Grade 2 standard Ja\u010dine 100db sa integrisanim strob svetlom,","rel":"","context":"Srodne objave","img":{"alt_text":"","src":"https:\/\/i2.wp.com\/astehshop.com\/wp-content\/uploads\/2018\/02\/sr130-sirena.jpg?fit=500%2C387&resize=350%2C200","width":350,"height":200},"classes":[]},{"id":8880,"url":"http:\/\/astehshop.com\/index.php\/product\/paradox-sr250-bezicna-sirena\/","url_meta":{"origin":8874,"position":4},"title":"Paradox SR250 be\u017ei\u010dna sirena","date":"14. sije\u010dnja 2024.","format":false,"excerpt":"SR250 Paradox be\u017ei\u010dna spoljna sirena, antisabota\u017eno za\u0161ti\u0107ena na 433MHz Ja\u010dine 100dB sa integrisanim strob svetlom, domet 70m sa MG6130\/6160\/6250 i K32LX, 70m sa MG5000\/5050\/5050+, RTX3 na EVO192 i EVO HD i SP SPECTRA centralama (osim SP4000), dvostruka antisabota\u017ena za\u0161tita. Napaja se sa tri 1.5V D-baterije. Ispunjava EN 50131-4, EN 50131-1\u2026","rel":"","context":"Srodne objave","img":{"alt_text":"","src":"https:\/\/i1.wp.com\/astehshop.com\/wp-content\/uploads\/2024\/01\/paradox-sr250_0.jpg?fit=1200%2C675&resize=350%2C200","width":350,"height":200},"classes":[]},{"id":12222,"url":"http:\/\/astehshop.com\/index.php\/product\/paradox-sr230m-red-spoljna-sirena\/","url_meta":{"origin":8874,"position":5},"title":"Paradox SR230M &#8211; Red spoljna sirena","date":"28. sije\u010dnja 2026.","format":false,"excerpt":"SR230M-Red- Be\u017ei\u010dna spolja\u0161nja sirena Ja\u010dine 100dB sa integrisanim LED svjetlom crvene boje. Integrisan be\u017ei\u010dni primopredajnik na frekvenciji 868MHz, koristi auto learn funkciju \u0161to zna\u010di da se automatski registruje na centralu M serije, spolja\u0161nja monta\u017ea, za\u0161tita IP54, tamper prekida\u010d, baterija 3 x C 1,5V. https:\/\/www.youtube.com\/watch?v=wwNzb5jhWJE","rel":"","context":"Srodne objave","img":{"alt_text":"","src":"https:\/\/i0.wp.com\/astehshop.com\/wp-content\/uploads\/2026\/01\/230m-paradox.jpg?fit=1200%2C1200&resize=350%2C200","width":350,"height":200},"classes":[]}],"_links":{"self":[{"href":"http:\/\/astehshop.com\/index.php\/wp-json\/wp\/v2\/product\/8874"}],"collection":[{"href":"http:\/\/astehshop.com\/index.php\/wp-json\/wp\/v2\/product"}],"about":[{"href":"http:\/\/astehshop.com\/index.php\/wp-json\/wp\/v2\/types\/product"}],"replies":[{"embeddable":true,"href":"http:\/\/astehshop.com\/index.php\/wp-json\/wp\/v2\/comments?post=8874"}],"wp:featuredmedia":[{"embeddable":true,"href":"http:\/\/astehshop.com\/index.php\/wp-json\/wp\/v2\/media\/8875"}],"wp:attachment":[{"href":"http:\/\/astehshop.com\/index.php\/wp-json\/wp\/v2\/media?parent=8874"}],"wp:term":[{"taxonomy":"product_cat","embeddable":true,"href":"http:\/\/astehshop.com\/index.php\/wp-json\/wp\/v2\/product_cat?post=8874"},{"taxonomy":"product_tag","embeddable":true,"href":"http:\/\/astehshop.com\/index.php\/wp-json\/wp\/v2\/product_tag?post=8874"}],"curies":[{"name":"wp","href":"https:\/\/api.w.org\/{rel}","templated":true}]}}