{"id":8744,"date":"2024-01-10T15:42:12","date_gmt":"2024-01-10T14:42:12","guid":{"rendered":"http:\/\/astehshop.com\/?post_type=product&#038;p=8744"},"modified":"2024-01-10T15:42:12","modified_gmt":"2024-01-10T14:42:12","slug":"nedis-hdmi-razdjelnik-8-portni-1x-hdmi-ulaz-8x-hdmi-izlaz","status":"publish","type":"product","link":"http:\/\/astehshop.com\/index.php\/product\/nedis-hdmi-razdjelnik-8-portni-1x-hdmi-ulaz-8x-hdmi-izlaz\/","title":{"rendered":"NEDIS HDMI Razdjelnik | 8-portni | 1x HDMI Ulaz &#8211; 8x HDMI Izlaz"},"content":{"rendered":"<p>Filmove, prezentacije, slike ili drugi sadr\u017eaj s HDMI &#x2122; ure\u0111aja istovremeno prika\u017eite na 8 zaslona. HDMI razdjelnik poja\u010dava signal, \u0161to vam omogu\u0107uje upotrebu du\u017eih kabela bez pogor\u0161anja signala.<\/p>\n<p>Zna\u010dajke<\/p>\n<p>\u2022 Podr\u017eava Ultra HD 4K2K@60Hz i 3D<br \/>\n\u2022 Podr\u017eava HDCP 2.2<br \/>\n\u2022 Jednostavna instalacija: plug and play<br \/>\n\u2022 Podijeli 1 HDMI &#x2122; izlaz na 8 HDMI izlaza<br \/>\n\u2022 Poja\u010dava digitalni video signal<\/p>\n<p>Specifikacije proizvoda:<\/p>\n<p>-Utika\u010d za struju Euro \/ Tip C (CEE 7\/16)<br \/>\n-Materijal Metal<br \/>\n-Vanjski materijal Metal<br \/>\n-Tip ure\u0111aja Splitter<br \/>\n-Boja tamno siva<br \/>\n-Podr\u017eana tehnologija: 3D, DTS-HD-Master Audio, Dolby True HD, HDCP, Deep Color 30\/36 bit, Dolby Digital<br \/>\n-Potro\u0161nja energije 4 W<br \/>\n-Brzina prijenosa podataka 18 Gbps<br \/>\n-Priklju\u010dak ulaz 1x HDMI<br \/>\n-Verzija 4K : 4K@60Hz<br \/>\n-Propusnost 600 MHz<br \/>\n-Elektroni\u010dki ure\u0111aj tipa 4K HDMI<br \/>\n-Maksimalna razlu\u010divost 4K2K@60Hz<br \/>\n-Podr\u017eane rezolucije: 1080P@60Hz, 720p@60Hz, 4K@60Hz, 4K@30Hz, 1080p@120Hz, 576p@60Hz, 480p@60Hz<\/p>\n","protected":false},"excerpt":{"rendered":"<p>Filmove, prezentacije, slike ili drugi sadr\u017eaj s HDMI &#x2122; ure\u0111aja istovremeno prika\u017eite na 8 zaslona. HDMI razdjelnik poja\u010dava signal, \u0161to vam omogu\u0107uje upotrebu du\u017eih kabela bez pogor\u0161anja signala.<\/p>\n<p>Zna\u010dajke<\/p>\n<p>\u2022 Podr\u017eava Ultra HD 4K2K@60Hz i 3D<br \/>\n\u2022 Podr\u017eava HDCP 2.2<br \/>\n\u2022 Jednostavna instalacija: plug and play<br \/>\n\u2022 Podijeli 1 HDMI &#x2122; izlaz na 8 HDMI izlaza<br \/>\n\u2022 Poja\u010dava digitalni video signal<\/p>\n<p>Specifikacije proizvoda:<\/p>\n<p>-Utika\u010d za struju Euro \/ Tip C (CEE 7\/16)<br \/>\n-Materijal Metal<br \/>\n-Vanjski materijal Metal<br \/>\n-Tip ure\u0111aja Splitter<br \/>\n-Boja tamno siva<br \/>\n-Podr\u017eana tehnologija: 3D, DTS-HD-Master Audio, Dolby True HD, HDCP, Deep Color 30\/36 bit, Dolby Digital<br \/>\n-Potro\u0161nja energije 4 W<br \/>\n-Brzina prijenosa podataka 18 Gbps<br \/>\n-Priklju\u010dak ulaz 1x HDMI<br \/>\n-Verzija 4K : 4K@60Hz<br \/>\n-Propusnost 600 MHz<br \/>\n-Elektroni\u010dki ure\u0111aj tipa 4K HDMI<br \/>\n-Maksimalna razlu\u010divost 4K2K@60Hz<br \/>\n-Podr\u017eane rezolucije: 1080P@60Hz, 720p@60Hz, 4K@60Hz, 4K@30Hz, 1080p@120Hz, 576p@60Hz, 480p@60Hz<\/p>\n","protected":false},"featured_media":8745,"comment_status":"open","ping_status":"closed","template":"","meta":{"_mi_skip_tracking":false,"_exactmetrics_sitenote_active":false,"_exactmetrics_sitenote_note":"","_exactmetrics_sitenote_category":0,"spay_email":""},"product_cat":[3694],"product_tag":[4287,6380,6379,3695],"brands":[],"df_price":230,"df_sale_price":"","df_regular_price":230,"df_image_link":"https:\/\/i0.wp.com\/astehshop.com\/wp-content\/uploads\/2024\/01\/hdmi-spliter.jpg?fit=400%2C400","jetpack_publicize_connections":[],"jetpack_sharing_enabled":true,"jetpack_likes_enabled":true,"jetpack-related-posts":[{"id":5848,"url":"http:\/\/astehshop.com\/index.php\/product\/4k-hdmi-splitter-razdjelnik-1-hdmi-ulaz-8-hdmi-izlaza\/","url_meta":{"origin":8744,"position":0},"title":"4K HDMI Splitter (Razdjelnik) | 1 HDMI Ulaz | 8 HDMI Izlaza","date":"23. sije\u010dnja 2022.","format":false,"excerpt":"EDISION 4K HDMI Splitter (Razdjelnik) 1x8 se koristi kako bi jedan HDMI izvor distribuirali na 8 HDMI ure\u0111aja. Razdjelnik omogu\u0107uje jednostavno dijeljenje slike i zvuka s jednog HDMI ure\u0111aja na 8 HDMI televizora ili monitora. Mo\u017ee se postaviti i na kraju dugog HDMI kabela kako bi regenerirao izgubljeni HDMI signal.\u2026","rel":"","context":"Srodne objave","img":{"alt_text":"","src":"https:\/\/i0.wp.com\/astehshop.com\/wp-content\/uploads\/2022\/01\/hdmi-na-8.jpg?fit=400%2C312&resize=350%2C200","width":350,"height":200},"classes":[]},{"id":11890,"url":"http:\/\/astehshop.com\/index.php\/product\/uniview-8-kanalni-nvr301-08s3\/","url_meta":{"origin":8744,"position":1},"title":"UniView 8 kanalni NVR301-08S3","date":"31. listopada 2025.","format":false,"excerpt":"Podr\u017eava Ultra 265\/H.265\/H.264 video formate \u2022 4\/8\/16-kanalni ulaz \u2022 Podr\u017eava 1-kanalni HDMI, 1-kanalni VGA, HDMI u rezoluciji do 4K (3840x2160) \u2022 Simultani HDMI i VGA izlaz \u2022 Snimanje u rezoluciji do 4K \u2022 Podr\u017eava nadogradnju u oblak","rel":"","context":"Srodne objave","img":{"alt_text":"","src":"https:\/\/i2.wp.com\/astehshop.com\/wp-content\/uploads\/2025\/10\/NVR301-08S3.png?fit=600%2C338&resize=350%2C200","width":350,"height":200},"classes":[]},{"id":8424,"url":"http:\/\/astehshop.com\/index.php\/product\/unv-xvr-snimac-4-kanalni-xvr301-04q3-4k\/","url_meta":{"origin":8744,"position":2},"title":"UNV XVR snima\u010d 4 kanalni XVR301-04Q3 4K","date":"23. listopada 2023.","format":false,"excerpt":"Podr\u017eava H.265\/H.264 video formate * Podr\u017eava zvuk preko koaksijalnog kabla (samo za TVI kamere) * Podr\u017eava TVI, AHD, CVI, CVBS, IP kamere sa prilagodljivim pristupom * 4\/8-kanalni BNC ulaz * Podr\u017eava 1-kanalni CVBS izlaz, 1-kanalni VGA izlaz, 1-kanalni HDMI izlaz do 4K (3840 x 2160) * HDMI i VGA istovremeni\u2026","rel":"","context":"Srodne objave","img":{"alt_text":"","src":"https:\/\/i0.wp.com\/astehshop.com\/wp-content\/uploads\/2023\/10\/XVR301-G3.jpg?fit=695%2C524&resize=350%2C200","width":350,"height":200},"classes":[]},{"id":8545,"url":"http:\/\/astehshop.com\/index.php\/product\/unv-mrezni-snimac-nvr301-s3-series\/","url_meta":{"origin":8744,"position":3},"title":"UNV mre\u017eni snima\u010d 4 kanala NVR301-S3 Series","date":"10. studenoga 2023.","format":false,"excerpt":"Podr\u017eava Ultra 265\/H.265\/H.264 video formate 4\/8\/16-kanalni ulaz Podr\u017eava glavne kamere uskla\u0111ene sa ONVIF (profil S, profil G, profil T) i RTSP protokole Podr\u017eava 1-kanalni HDMI, 1-kanalni VGA, HDMI do 4K (3840x2160) rezolucije HDMI i VGA simultani izlaz Snimanje u rezoluciji do 4K 1 SATA HDD do 8TB Podr\u0161ka nadogradnji oblaka","rel":"","context":"Srodne objave","img":{"alt_text":"","src":"https:\/\/i1.wp.com\/astehshop.com\/wp-content\/uploads\/2023\/11\/NVR301-S3-Series.jpg?fit=510%2C348&resize=350%2C200","width":350,"height":200},"classes":[]},{"id":8020,"url":"http:\/\/astehshop.com\/index.php\/product\/hdmi-splitter-sa-1-na-4-uredaja\/","url_meta":{"origin":8744,"position":4},"title":"HDMI splitter sa 1 na 4 ure\u0111aja","date":"13. kolovoza 2023.","format":false,"excerpt":"HDMI splitter sa 1 na 4 ure\u0111aja","rel":"","context":"Srodne objave","img":{"alt_text":"","src":"https:\/\/i2.wp.com\/astehshop.com\/wp-content\/uploads\/2023\/08\/HDMI-Splitter-4-Port-e1675339302186.jpg?fit=1200%2C979&resize=350%2C200","width":350,"height":200},"classes":[]},{"id":8425,"url":"http:\/\/astehshop.com\/index.php\/product\/unv-xvr-snimac-8-kanalni-xvr301-08q3-4k\/","url_meta":{"origin":8744,"position":5},"title":"UNV XVR snima\u010d 8 kanalni XVR301-08Q3 4K","date":"23. listopada 2023.","format":false,"excerpt":"Podr\u017eava H.265\/H.264 video formate * Podr\u017eava zvuk preko koaksijalnog kabla (samo za TVI kamere) * Podr\u017eava TVI, AHD, CVI, CVBS, IP kamere sa prilagodljivim pristupom * 4\/8-kanalni BNC ulaz * Podr\u017eava 1-kanalni CVBS izlaz, 1-kanalni VGA izlaz, 1-kanalni HDMI izlaz do 4K (3840 x 2160) * HDMI i VGA istovremeni\u2026","rel":"","context":"Srodne objave","img":{"alt_text":"","src":"https:\/\/i0.wp.com\/astehshop.com\/wp-content\/uploads\/2023\/10\/XVR301-G3.jpg?fit=695%2C524&resize=350%2C200","width":350,"height":200},"classes":[]}],"_links":{"self":[{"href":"http:\/\/astehshop.com\/index.php\/wp-json\/wp\/v2\/product\/8744"}],"collection":[{"href":"http:\/\/astehshop.com\/index.php\/wp-json\/wp\/v2\/product"}],"about":[{"href":"http:\/\/astehshop.com\/index.php\/wp-json\/wp\/v2\/types\/product"}],"replies":[{"embeddable":true,"href":"http:\/\/astehshop.com\/index.php\/wp-json\/wp\/v2\/comments?post=8744"}],"wp:featuredmedia":[{"embeddable":true,"href":"http:\/\/astehshop.com\/index.php\/wp-json\/wp\/v2\/media\/8745"}],"wp:attachment":[{"href":"http:\/\/astehshop.com\/index.php\/wp-json\/wp\/v2\/media?parent=8744"}],"wp:term":[{"taxonomy":"product_cat","embeddable":true,"href":"http:\/\/astehshop.com\/index.php\/wp-json\/wp\/v2\/product_cat?post=8744"},{"taxonomy":"product_tag","embeddable":true,"href":"http:\/\/astehshop.com\/index.php\/wp-json\/wp\/v2\/product_tag?post=8744"}],"curies":[{"name":"wp","href":"https:\/\/api.w.org\/{rel}","templated":true}]}}