{"id":8601,"date":"2023-11-11T12:12:23","date_gmt":"2023-11-11T11:12:23","guid":{"rendered":"http:\/\/astehshop.com\/?post_type=product&#038;p=8601"},"modified":"2023-11-11T12:12:24","modified_gmt":"2023-11-11T11:12:24","slug":"solarna-ploca-375-w","status":"publish","type":"product","link":"http:\/\/astehshop.com\/index.php\/product\/solarna-ploca-375-w\/","title":{"rendered":"Solarna plo\u010da 375 W"},"content":{"rendered":"<table class=\"table\">\n<tbody>\n<tr>\n<td class=\"attrib\">Snaga<\/td>\n<td>375\u00a0W<\/td>\n<\/tr>\n<tr>\n<td class=\"attrib\">Tip \u0107elija<\/td>\n<td>Mono<\/td>\n<\/tr>\n<tr>\n<td class=\"attrib\">U\u010dinkovitost modula<\/td>\n<td>22.3\u00a0%<\/td>\n<\/tr>\n<tr>\n<td class=\"attrib\">Te\u017eina<\/td>\n<td>19.5\u00a0kg<\/td>\n<\/tr>\n<tr>\n<td class=\"attrib\">\u0160irina<\/td>\n<td>1038\u00a0mm<\/td>\n<\/tr>\n<tr>\n<td class=\"attrib\">Visina<\/td>\n<td>1755\u00a0mm<\/td>\n<\/tr>\n<tr>\n<td class=\"attrib\">Debljina<\/td>\n<td>35\u00a0mm<\/td>\n<\/tr>\n<\/tbody>\n<\/table>\n","protected":false},"excerpt":{"rendered":"<table class=\"table\">\n<tbody>\n<tr>\n<td class=\"attrib\">Snaga<\/td>\n<td>375\u00a0W<\/td>\n<\/tr>\n<tr>\n<td class=\"attrib\">Tip \u0107elija<\/td>\n<td>Mono<\/td>\n<\/tr>\n<tr>\n<td class=\"attrib\">U\u010dinkovitost modula<\/td>\n<td>22.3\u00a0%<\/td>\n<\/tr>\n<tr>\n<td class=\"attrib\">Te\u017eina<\/td>\n<td>19.5\u00a0kg<\/td>\n<\/tr>\n<tr>\n<td class=\"attrib\">\u0160irina<\/td>\n<td>1038\u00a0mm<\/td>\n<\/tr>\n<tr>\n<td class=\"attrib\">Visina<\/td>\n<td>1755\u00a0mm<\/td>\n<\/tr>\n<tr>\n<td class=\"attrib\">Debljina<\/td>\n<td>35\u00a0mm<\/td>\n<\/tr>\n<\/tbody>\n<\/table>\n","protected":false},"featured_media":8602,"comment_status":"open","ping_status":"closed","template":"","meta":{"_mi_skip_tracking":false,"_exactmetrics_sitenote_active":false,"_exactmetrics_sitenote_note":"","_exactmetrics_sitenote_category":0,"spay_email":""},"product_cat":[5715],"product_tag":[5454,6313,5111,5724],"brands":[],"df_price":305,"df_sale_price":"","df_regular_price":305,"df_image_link":"https:\/\/i1.wp.com\/astehshop.com\/wp-content\/uploads\/2023\/11\/Screenshot-2023-11-11-at-12-10-58-YINGLI-SOLAR-MODULE-YL375D-Solarni-paneli-Solarne-elektrane-rootCategory-Kim-Tec-Web-Shop.png?fit=403%2C450","jetpack_publicize_connections":[],"jetpack_sharing_enabled":true,"jetpack_likes_enabled":true,"jetpack-related-posts":[{"id":8604,"url":"http:\/\/astehshop.com\/index.php\/product\/solarni-panel-545-w\/","url_meta":{"origin":8601,"position":0},"title":"Solarni panel 545 W","date":"11. studenoga 2023.","format":false,"excerpt":"Solarni paneli Snaga 545\u00a0W Tip \u0107elija Mono U\u010dinkovitost modula 20.9\u00a0% Te\u017eina 29\u00a0kg \u0160irina 1096\u00a0mm Visina 2384\u00a0mm Debljina 35\u00a0mm","rel":"","context":"Srodne objave","img":{"alt_text":"","src":"https:\/\/i1.wp.com\/astehshop.com\/wp-content\/uploads\/2023\/11\/Screenshot-2023-11-11-at-12-12-33-Risen-RSM110-8-545M-Solarni-paneli-Solarne-elektrane-rootCategory-Kim-Tec-Web-Shop.png?fit=438%2C381&resize=350%2C200","width":350,"height":200},"classes":[]},{"id":6774,"url":"http:\/\/astehshop.com\/index.php\/product\/tester-baterija\/","url_meta":{"origin":8601,"position":1},"title":"Tester Baterija","date":"20. studenoga 2022.","format":false,"excerpt":"Testirajte preostalu razinu energije AAA, AA, C, D, 9 V i dugmastih baterija s ovim prakti\u010dnim, kompaktnim testerom baterija Specifikacije proizvoda Boja: crna Dubina: 40 mm \u0160irina: 80 mm Visina: 150 mm Format baterije 9V AA AAA C D dugmaste baterije","rel":"","context":"Srodne objave","img":{"alt_text":"","src":"https:\/\/i2.wp.com\/astehshop.com\/wp-content\/uploads\/2022\/11\/Tester-Baterija.jpg?fit=400%2C400&resize=350%2C200","width":350,"height":200},"classes":[]},{"id":7756,"url":"http:\/\/astehshop.com\/index.php\/product\/led-traka-green-tech-2m-usb-daljinski-72-w-m-5050-30-led-m-rgb-ip20\/","url_meta":{"origin":8601,"position":2},"title":"LED traka Green Tech 2m, USB + daljinski, 7,2 W\/m, 5050, 30 LED\/m, RGB, IP20","date":"13. svibnja 2023.","format":false,"excerpt":"Snaga: 7,2 W \/ m Boja svjetlosti: RGB Napon: DC 5 V LED diode: San`an 5050 \/ 30 komada po metru IP za\u0161tita: IP20 FLUX: 66 lm \/ m Duljina LED trake: 2 metra Radni vijek: 20 000 radnih sati Certifikati: CE, FCC, RoHs Neto te\u017eina: 0,075 kg Bruto te\u017eina:\u2026","rel":"","context":"Srodne objave","img":{"alt_text":"","src":"https:\/\/i2.wp.com\/astehshop.com\/wp-content\/uploads\/2023\/05\/LSU-USB2M_3786.png?fit=800%2C800&resize=350%2C200","width":350,"height":200},"classes":[]},{"id":6603,"url":"http:\/\/astehshop.com\/index.php\/product\/xiaomi-mi-home-security-camera-360-2k-pro\/","url_meta":{"origin":8601,"position":3},"title":"Xiaomi Mi Home Security Camera 360\u00b0 2K Pro","date":"17. studenoga 2022.","format":false,"excerpt":"\u2022 3 milijuna piksela za \u010di\u0161\u0107u sliku \u2022 1920 \u00d7 1080 = 1080p ==> 2304 \u00d7 1296 = 1296p Night vision kamera \u2022 Pobolj\u0161ana infracrvena tehnologija za snimanje preko no\u0107i \u2022 Prikaz i snimanje videa u boji pri slabom osvjetljenju Dvostruki mikrofon \u2022 Gledajte i \u010dujte \u0161to se doga\u0111a u\u2026","rel":"","context":"Srodne objave","img":{"alt_text":"","src":"https:\/\/i2.wp.com\/astehshop.com\/wp-content\/uploads\/2022\/11\/xiaomi-mi-home-security-camera-360-2k-pro.jpg?fit=800%2C800&resize=350%2C200","width":350,"height":200},"classes":[]},{"id":6448,"url":"http:\/\/astehshop.com\/index.php\/product\/solarni-prijenosni-set-green-tech-sps-300-fm-tf-bluetooth-usb\/","url_meta":{"origin":8601,"position":4},"title":"Solarni prijenosni set Green Tech SPS-300, FM, TF, Bluetooth, USB","date":"23. listopada 2022.","format":false,"excerpt":"LED: Snaga: 3 W + 3 W + 3 W \/ LED \u017earulje uklju\u010dene u pakiranje Boja svjetlosti: 4000 K Napon: AC 85 - 265 V \/ 50 - 60 Hz FLUX: 300 lm LED diode: SMD Kut svjetlosti: 120 \u00b0 UGR: < 19 Radni vijek: 20 000 radnih sati\u2026","rel":"","context":"Srodne objave","img":{"alt_text":"","src":"https:\/\/i0.wp.com\/astehshop.com\/wp-content\/uploads\/2022\/10\/7937_bf9df51dc75f5892c0b67bfbdb43f6f85av.png?fit=800%2C800&resize=350%2C200","width":350,"height":200},"classes":[]},{"id":9912,"url":"http:\/\/astehshop.com\/index.php\/product\/stolica-x-trike-me-gc-905-game-crvena\/","url_meta":{"origin":8601,"position":5},"title":"Stolica X-trike me GC-905 game, crvena","date":"18. sije\u010dnja 2025.","format":false,"excerpt":"Maksimalna nosivost: 130 kg Materijal: PU + PVC Sustav prilago\u0111avanja visine: 100 - 350 mm Najlonska za\u0161tita na ru\u010dkama Ergonomi\u010dan dizajn Certifikati: CE, RoHS Neto te\u017eina: 17 kg Bruto te\u017eina: 19 kg Boja artikla: crna + crvena Dimenzije pakiranja: 850 x 320 x 650 mm","rel":"","context":"Srodne objave","img":{"alt_text":"","src":"https:\/\/i0.wp.com\/astehshop.com\/wp-content\/uploads\/2025\/01\/GC-905RD_1874.jpg?fit=800%2C800&resize=350%2C200","width":350,"height":200},"classes":[]}],"_links":{"self":[{"href":"http:\/\/astehshop.com\/index.php\/wp-json\/wp\/v2\/product\/8601"}],"collection":[{"href":"http:\/\/astehshop.com\/index.php\/wp-json\/wp\/v2\/product"}],"about":[{"href":"http:\/\/astehshop.com\/index.php\/wp-json\/wp\/v2\/types\/product"}],"replies":[{"embeddable":true,"href":"http:\/\/astehshop.com\/index.php\/wp-json\/wp\/v2\/comments?post=8601"}],"wp:featuredmedia":[{"embeddable":true,"href":"http:\/\/astehshop.com\/index.php\/wp-json\/wp\/v2\/media\/8602"}],"wp:attachment":[{"href":"http:\/\/astehshop.com\/index.php\/wp-json\/wp\/v2\/media?parent=8601"}],"wp:term":[{"taxonomy":"product_cat","embeddable":true,"href":"http:\/\/astehshop.com\/index.php\/wp-json\/wp\/v2\/product_cat?post=8601"},{"taxonomy":"product_tag","embeddable":true,"href":"http:\/\/astehshop.com\/index.php\/wp-json\/wp\/v2\/product_tag?post=8601"}],"curies":[{"name":"wp","href":"https:\/\/api.w.org\/{rel}","templated":true}]}}