{"id":8541,"date":"2023-11-10T15:59:33","date_gmt":"2023-11-10T14:59:33","guid":{"rendered":"http:\/\/astehshop.com\/?post_type=product&#038;p=8541"},"modified":"2023-11-10T15:59:35","modified_gmt":"2023-11-10T14:59:35","slug":"unv-mrezni-snimac-nvr-nvr301-04ls3-p4","status":"publish","type":"product","link":"http:\/\/astehshop.com\/index.php\/product\/unv-mrezni-snimac-nvr-nvr301-04ls3-p4\/","title":{"rendered":"UNV mre\u017eni snima\u010d NVR NVR301-04LS3-P4"},"content":{"rendered":"<p>Podr\u017eava Ultra 265\/H.265\/H.264 video formate<\/p>\n<p>4-kanalni ulaz<\/p>\n<p>Podr\u017eava glavne kamere uskla\u0111ene sa ONVIF (profil S, profil G, profil T) i RTSP protokole<\/p>\n<p>Podr\u017eava 1-kanalni HDMI, 1-kanalni VGA, HDMI do 4K (3840&#215;2160) rezolucije<\/p>\n<p>HDMI i VGA simultani izlaz<\/p>\n<p>Snimanje u rezoluciji do 4K<\/p>\n<p>1 SATA HDD do 6 TB<\/p>\n<p>Podr\u0161ka nadogradnji oblaka<\/p>\n","protected":false},"excerpt":{"rendered":"<p>Podr\u017eava Ultra 265\/H.265\/H.264 video formate<\/p>\n<p>4-kanalni ulaz<\/p>\n<p>Podr\u017eava glavne kamere uskla\u0111ene sa ONVIF (profil S, profil G, profil T) i RTSP protokole<\/p>\n<p>Podr\u017eava 1-kanalni HDMI, 1-kanalni VGA, HDMI do 4K (3840&#215;2160) rezolucije<\/p>\n<p>HDMI i VGA simultani izlaz<\/p>\n<p>Snimanje u rezoluciji do 4K<\/p>\n<p>1 SATA HDD do 6 TB<\/p>\n<p>Podr\u0161ka nadogradnji oblaka<\/p>\n","protected":false},"featured_media":8542,"comment_status":"open","ping_status":"closed","template":"","meta":{"_mi_skip_tracking":false,"_exactmetrics_sitenote_active":false,"_exactmetrics_sitenote_note":"","_exactmetrics_sitenote_category":0,"spay_email":""},"product_cat":[1558],"product_tag":[2086,6270,6132,6130],"brands":[{"id":6129,"name":"UNV","slug":"unv"}],"df_price":265,"df_sale_price":"","df_regular_price":265,"df_image_link":"https:\/\/i0.wp.com\/astehshop.com\/wp-content\/uploads\/2023\/11\/NVR301-04LS3-P4.jpg?fit=450%2C307","jetpack_publicize_connections":[],"jetpack_sharing_enabled":true,"jetpack_likes_enabled":true,"jetpack-related-posts":[{"id":8923,"url":"http:\/\/astehshop.com\/index.php\/product\/unv-nvr301-04s3-serije-4-kanalni\/","url_meta":{"origin":8541,"position":0},"title":"UNV NVR301-04S3 Serije 4 kanalni","date":"17. sije\u010dnja 2024.","format":false,"excerpt":"Podr\u017eava Ultra 265\/H.265\/H.264 video formate 4\/-kanalni ulaz Podr\u017eava glavne kamere uskla\u0111ene sa ONVIF (profil S, profil G, profil T) i RTSP protokole Podr\u017eava 1-kanalni HDMI, 1-kanalni VGA, HDMI do 4K (3840x2160) rezolucije HDMI i VGA simultani izlaz Snimanje u rezoluciji do 4K 1 SATA HDD do 8TB Podr\u0161ka nadogradnji oblaka","rel":"","context":"Srodne objave","img":{"alt_text":"","src":"https:\/\/i2.wp.com\/astehshop.com\/wp-content\/uploads\/2024\/01\/NVR301-08X-P8-.png?fit=1200%2C1046&resize=350%2C200","width":350,"height":200},"classes":[]},{"id":8545,"url":"http:\/\/astehshop.com\/index.php\/product\/unv-mrezni-snimac-nvr301-s3-series\/","url_meta":{"origin":8541,"position":1},"title":"UNV mre\u017eni snima\u010d 4 kanala NVR301-S3 Series","date":"10. studenoga 2023.","format":false,"excerpt":"Podr\u017eava Ultra 265\/H.265\/H.264 video formate 4\/8\/16-kanalni ulaz Podr\u017eava glavne kamere uskla\u0111ene sa ONVIF (profil S, profil G, profil T) i RTSP protokole Podr\u017eava 1-kanalni HDMI, 1-kanalni VGA, HDMI do 4K (3840x2160) rezolucije HDMI i VGA simultani izlaz Snimanje u rezoluciji do 4K 1 SATA HDD do 8TB Podr\u0161ka nadogradnji oblaka","rel":"","context":"Srodne objave","img":{"alt_text":"","src":"https:\/\/i1.wp.com\/astehshop.com\/wp-content\/uploads\/2023\/11\/NVR301-S3-Series.jpg?fit=510%2C348&resize=350%2C200","width":350,"height":200},"classes":[]},{"id":8543,"url":"http:\/\/astehshop.com\/index.php\/product\/unv-mrezni-poe-snimac-nvr301-ls3-p8\/","url_meta":{"origin":8541,"position":2},"title":"UNV mre\u017eni POE snima\u010d NVR301-LS3-P8","date":"10. studenoga 2023.","format":false,"excerpt":"Podr\u017eava Ultra 265\/H.265\/H.264 video formate 8\/16-kanalni ulaz Plug & Play sa 8 nezavisnih PoE mre\u017enih interfejsa Podr\u017eava glavne kamere uskla\u0111ene sa ONVIF (profil S, profil G, profil T) i RTSP protokole Podr\u017eava 1-kanalni HDMI, 1-kanalni VGA, HDMI do 4K (3840x2160) rezolucije HDMI i VGA simultani izlaz Snimanje u rezoluciji do\u2026","rel":"","context":"Srodne objave","img":{"alt_text":"","src":"https:\/\/i0.wp.com\/astehshop.com\/wp-content\/uploads\/2023\/11\/NVR301-LS3-P8.jpg?fit=510%2C348&resize=350%2C200","width":350,"height":200},"classes":[]},{"id":8547,"url":"http:\/\/astehshop.com\/index.php\/product\/unv-mrezni-snimac-8-kanala-nvr301-s3-series\/","url_meta":{"origin":8541,"position":3},"title":"UNV mre\u017eni snima\u010d 8 kanala NVR301-S3 Series","date":"10. studenoga 2023.","format":false,"excerpt":"Podr\u017eava Ultra 265\/H.265\/H.264 video formate 4\/8\/16-kanalni ulaz Podr\u017eava glavne kamere uskla\u0111ene sa ONVIF (profil S, profil G, profil T) i RTSP protokole Podr\u017eava 1-kanalni HDMI, 1-kanalni VGA, HDMI do 4K (3840x2160) rezolucije HDMI i VGA simultani izlaz Snimanje u rezoluciji do 4K 1 SATA HDD do 8TB Podr\u0161ka nadogradnji oblaka","rel":"","context":"Srodne objave","img":{"alt_text":"","src":"https:\/\/i1.wp.com\/astehshop.com\/wp-content\/uploads\/2023\/11\/NVR301-S3-Series.jpg?fit=510%2C348&resize=350%2C200","width":350,"height":200},"classes":[]},{"id":8553,"url":"http:\/\/astehshop.com\/index.php\/product\/unv-16-kanalni-mrezni-snimac-nvr302-16e2-iq\/","url_meta":{"origin":8541,"position":4},"title":"UNV 16 kanalni mre\u017eni snima\u010d NVR302-16E2-IQ","date":"10. studenoga 2023.","format":false,"excerpt":"Podr\u017eava Ultra H.265\/H.265\/H.264 video formate 9\/16\/32-kanalni ulaz Podr\u017eava glavne kamere ONVIF uskla\u0111enosti (profil S, profil G, profil T) i RTSP protokole Podr\u017eava 1-kanalni HDMI, 1-kanalni VGA. HDMI do 4K (3840x2160) rezolucije Podr\u017eava HDMI i VGA simultani izlaz Snimanje rezolucije do 12 megapiksela 2 SATA HDD-a, do 8TB za svaki HDD\u2026","rel":"","context":"Srodne objave","img":{"alt_text":"","src":"https:\/\/i2.wp.com\/astehshop.com\/wp-content\/uploads\/2023\/11\/NVR302-16E2-IQ.jpg?fit=510%2C348&resize=350%2C200","width":350,"height":200},"classes":[]},{"id":8548,"url":"http:\/\/astehshop.com\/index.php\/product\/mrezni-4-kanalni-snimac-unv-nvr501-04b\/","url_meta":{"origin":8541,"position":5},"title":"Mre\u017eni 4 kanalni snima\u010d UNV NVR501-04B","date":"10. studenoga 2023.","format":false,"excerpt":"Podr\u017eava Ultra 265\/H.265\/H.264 video formate 4\/8\/16-kanalni ulaz Podr\u017eava glavne kamere uskla\u0111ene sa ONVIF (profil S, profil G, profil T) i RTSP protokole HDMI i VGA simultani izlaz Snimanje rezolucije do 16 megapiksela 1 SATA HDD, do 8TB za svaki HDD ANR tehnologija za pobolj\u0161anje pouzdanosti skladi\u0161tenja kada je mre\u017ea isklju\u010dena\u2026","rel":"","context":"Srodne objave","img":{"alt_text":"","src":"https:\/\/i2.wp.com\/astehshop.com\/wp-content\/uploads\/2023\/11\/unv-4-kan.jpg?fit=510%2C348&resize=350%2C200","width":350,"height":200},"classes":[]}],"_links":{"self":[{"href":"http:\/\/astehshop.com\/index.php\/wp-json\/wp\/v2\/product\/8541"}],"collection":[{"href":"http:\/\/astehshop.com\/index.php\/wp-json\/wp\/v2\/product"}],"about":[{"href":"http:\/\/astehshop.com\/index.php\/wp-json\/wp\/v2\/types\/product"}],"replies":[{"embeddable":true,"href":"http:\/\/astehshop.com\/index.php\/wp-json\/wp\/v2\/comments?post=8541"}],"wp:featuredmedia":[{"embeddable":true,"href":"http:\/\/astehshop.com\/index.php\/wp-json\/wp\/v2\/media\/8542"}],"wp:attachment":[{"href":"http:\/\/astehshop.com\/index.php\/wp-json\/wp\/v2\/media?parent=8541"}],"wp:term":[{"taxonomy":"product_cat","embeddable":true,"href":"http:\/\/astehshop.com\/index.php\/wp-json\/wp\/v2\/product_cat?post=8541"},{"taxonomy":"product_tag","embeddable":true,"href":"http:\/\/astehshop.com\/index.php\/wp-json\/wp\/v2\/product_tag?post=8541"}],"curies":[{"name":"wp","href":"https:\/\/api.w.org\/{rel}","templated":true}]}}