{"id":8523,"date":"2023-11-02T15:31:32","date_gmt":"2023-11-02T14:31:32","guid":{"rendered":"http:\/\/astehshop.com\/?post_type=product&#038;p=8523"},"modified":"2023-11-02T15:31:33","modified_gmt":"2023-11-02T14:31:33","slug":"lenovo-thinksmart-view-za690000us","status":"publish","type":"product","link":"http:\/\/astehshop.com\/index.php\/product\/lenovo-thinksmart-view-za690000us\/","title":{"rendered":"LENOVO ThinkSmart View ZA690000US"},"content":{"rendered":"<p>Qualcomm Snapdragon 624, 2GB LPDDR3-1866 RAM, 8GB eMMC ROM, Qualcomm Adreno 506 GPU, 8&#8243; Touchscreen 1280 x 800 IPS, WebCam, LAN: Ne, 11ac 2&#215;2 + BT4.2, 1x USB-C 2.0 (only for service support, no functions for user), 1x Power connector, Te\u017eina: 1kg, Boja: Crna, AOSP 8.1<\/p>\n","protected":false},"excerpt":{"rendered":"<p>Qualcomm Snapdragon 624, 2GB LPDDR3-1866 RAM, 8GB eMMC ROM, Qualcomm Adreno 506 GPU, 8&#8243; Touchscreen 1280 x 800 IPS, WebCam, LAN: Ne, 11ac 2&#215;2 + BT4.2, 1x USB-C 2.0 (only for service support, no functions for user), 1x Power connector, Te\u017eina: 1kg, Boja: Crna, AOSP 8.1<\/p>\n","protected":false},"featured_media":8524,"comment_status":"open","ping_status":"closed","template":"","meta":{"_mi_skip_tracking":false,"_exactmetrics_sitenote_active":false,"_exactmetrics_sitenote_note":"","_exactmetrics_sitenote_category":0,"spay_email":""},"product_cat":[1347],"product_tag":[6249,1348],"brands":[],"df_price":289,"df_sale_price":"","df_regular_price":289,"df_image_link":"https:\/\/i2.wp.com\/astehshop.com\/wp-content\/uploads\/2023\/11\/lenovo-thinksmart-hub-view-zoom-rooms.jpg?fit=450%2C330","jetpack_publicize_connections":[],"jetpack_sharing_enabled":true,"jetpack_likes_enabled":true,"jetpack-related-posts":[{"id":8692,"url":"http:\/\/astehshop.com\/index.php\/product\/racunar-licenciran-lenovo-ssd-hdd\/","url_meta":{"origin":8523,"position":0},"title":"RA\u010cUNAR LICENCIRAN LENOVO SSD + HDD","date":"4. prosinca 2023.","format":false,"excerpt":"Intel Core i3-10105, 8GB DDR4 RAM 1TB HDD 7200rpm 3.5\" + 256GB SSD M.2 2242 PCIe\u00ae 3.0x4 NVMe\u00ae, Intel UHD Graphics 630, 9.0mm DVD\u00b1RW, 4x USB 2.0, 1x HDMI\u00ae 2.0, 1x DisplayPort\u2122 1.4, 1x VGA, 1x Ethernet (RJ-45), 1x line-in (3.5mm), 1x serial (9-pin), USB mouse, NO Keyboard,, PSU: 180W,\u2026","rel":"","context":"Srodne objave","img":{"alt_text":"","src":"https:\/\/i0.wp.com\/astehshop.com\/wp-content\/uploads\/2023\/12\/img-1699863837-84b6139017eb.webp?fit=450%2C450&resize=350%2C200","width":350,"height":200},"classes":[]},{"id":8346,"url":"http:\/\/astehshop.com\/index.php\/product\/tp-link-cpe510-13dbi-outdoor-wireless-access-point\/","url_meta":{"origin":8523,"position":1},"title":"TP-Link CPE510 13dBi Outdoor Wireless Access Point","date":"21. listopada 2023.","format":false,"excerpt":"300Mbps, 13dBi 2x2 Dual-polarized Directional Antenna, 1x 10\/100Mbps, IEEE 802.11a\/n; 5GHz; Qualcomm Atheros Enterprise 560MHz CPU, MIPS 74Kc, 64MB DDR2 RAM, 8MB Flash; FCC, RoHS, IPX5","rel":"","context":"Srodne objave","img":{"alt_text":"","src":"https:\/\/i2.wp.com\/astehshop.com\/wp-content\/uploads\/2023\/10\/TP-Link-CPE510-13dBi.jpg?fit=800%2C800&resize=350%2C200","width":350,"height":200},"classes":[]},{"id":5370,"url":"http:\/\/astehshop.com\/index.php\/product\/xiaomi-mi-router-ac2350\/","url_meta":{"origin":8523,"position":2},"title":"Xiaomi Mi router AC2350","date":"10. listopada 2021.","format":false,"excerpt":"Usmjeriva\u010d koji se isti\u010de po svojih 7 vanjskih antena s neovisnim poja\u010dalima, \u0161to garantuje odli\u010dnu pokrivenost be\u017ei\u010dne mre\u017ee. Podr\u017eava do 128 ure\u0111aja spojenih istovremeno. Uklju\u010duje specifi\u010dnu antenu za AIoT ure\u0111aje. Model DVB4248GL Vrsta proizvoda Router Procesor Qualcomm QCA9563 1-core 775MHz ROM memorija 16 MB RAM memorija 128 MB Vrsta antene\u2026","rel":"","context":"Srodne objave","img":{"alt_text":"","src":"https:\/\/i1.wp.com\/astehshop.com\/wp-content\/uploads\/2021\/10\/AC2350.jpg?fit=1200%2C675&resize=350%2C200","width":350,"height":200},"classes":[]},{"id":8342,"url":"http:\/\/astehshop.com\/index.php\/product\/tp-link-cpe210-9dbi-outdoor-wireless-access-point\/","url_meta":{"origin":8523,"position":3},"title":"TP-Link CPE210 9dBi Outdoor Wireless Access Point","date":"21. listopada 2023.","format":false,"excerpt":"300Mbps, 9dBi 2x2 Dual-polarized Directional Antenna, 1x 10\/100Mbps, IEEE 802.11b\/g\/n; 2.4GHz; Qualcomm Atheros 560MHz CPU, MIPS 74Kc; 64MB DDR2 RAM, 8MB Flash; FCC, RoHS, IPX5","rel":"","context":"Srodne objave","img":{"alt_text":"","src":"https:\/\/i0.wp.com\/astehshop.com\/wp-content\/uploads\/2023\/10\/16617-TP-Link-CPE210-9dBi-Outdoor-Wireless-Access-Point-3.jpg?fit=450%2C450&resize=350%2C200","width":350,"height":200},"classes":[]},{"id":7287,"url":"http:\/\/astehshop.com\/index.php\/product\/laptop-gateway-amd-ryzen-7-15-6-akcijska-cijena\/","url_meta":{"origin":8523,"position":4},"title":"LAPTOP GATEWAY AMD RYZEN 7 15.6&#8243; AKCIJSKA CIJENA","date":"6. o\u017eujka 2023.","format":false,"excerpt":"GATEWAY GWTN156 laptop GWNR71517-BL AMD Ryzen 7 3700U, 8GB DDR4 RAM, 512GB SSD, AMD Radeon RX Vega 10, 15.6\" 1920 x 1080 display, LAN:Ne, Fingerprint, Web kamera, Free M.2 slot, 1x USB Type-C, 2x USB 3.0, 1x Headphone port, 1x MicroSD Slot, 1x HDMI, Tastatura: US-Internacionalna, Te\u017eina: 1.81kg, Boja: Plava,\u2026","rel":"","context":"Srodne objave","img":{"alt_text":"","src":"https:\/\/i1.wp.com\/astehshop.com\/wp-content\/uploads\/2023\/03\/CKMOaXhiCBALfilcQrNm.jpg?fit=800%2C578&resize=350%2C200","width":350,"height":200},"classes":[]},{"id":9734,"url":"http:\/\/astehshop.com\/index.php\/product\/djecji-tablet-blackview-tab3-kids-2gb-ram-32gb-wifi-7-undersea-blue\/","url_meta":{"origin":8523,"position":5},"title":"Dje\u010dji Tablet Blackview Tab3 Kids | 2GB RAM | 32GB | WiFi | 7&#8243; | Undersea Blue","date":"24. studenoga 2024.","format":false,"excerpt":"Tablet Blackview Tab 3 Kids Blue WiFi 7\u201d 2GB + 32GB Veli\u010dina: 7\u201d Display: IPS, 1280 x 800, 149 PPI Memorija: 32GB RAM: 2GB CPU: Unisoc SC7731E 2.0GHz GPU: ARM Mali-T820 MP1 OS: Android 13 Zadnja kamera: 2MP Prednja kamera: 0,3MP Kapacitet baterije: 3280mAh Dimenzije: 195.60 x 136.00 x 21.40\u2026","rel":"","context":"Srodne objave","img":{"alt_text":"","src":"https:\/\/i2.wp.com\/astehshop.com\/wp-content\/uploads\/2024\/11\/Djecji-Tablet-Blackview-Tab3-Kids.jpg?fit=400%2C400&resize=350%2C200","width":350,"height":200},"classes":[]}],"_links":{"self":[{"href":"http:\/\/astehshop.com\/index.php\/wp-json\/wp\/v2\/product\/8523"}],"collection":[{"href":"http:\/\/astehshop.com\/index.php\/wp-json\/wp\/v2\/product"}],"about":[{"href":"http:\/\/astehshop.com\/index.php\/wp-json\/wp\/v2\/types\/product"}],"replies":[{"embeddable":true,"href":"http:\/\/astehshop.com\/index.php\/wp-json\/wp\/v2\/comments?post=8523"}],"wp:featuredmedia":[{"embeddable":true,"href":"http:\/\/astehshop.com\/index.php\/wp-json\/wp\/v2\/media\/8524"}],"wp:attachment":[{"href":"http:\/\/astehshop.com\/index.php\/wp-json\/wp\/v2\/media?parent=8523"}],"wp:term":[{"taxonomy":"product_cat","embeddable":true,"href":"http:\/\/astehshop.com\/index.php\/wp-json\/wp\/v2\/product_cat?post=8523"},{"taxonomy":"product_tag","embeddable":true,"href":"http:\/\/astehshop.com\/index.php\/wp-json\/wp\/v2\/product_tag?post=8523"}],"curies":[{"name":"wp","href":"https:\/\/api.w.org\/{rel}","templated":true}]}}