{"id":8499,"date":"2023-11-02T14:00:29","date_gmt":"2023-11-02T13:00:29","guid":{"rendered":"http:\/\/astehshop.com\/?post_type=product&#038;p=8499"},"modified":"2024-02-18T10:42:32","modified_gmt":"2024-02-18T09:42:32","slug":"longse-dome-ip-4k-kamera-4mp-2-7-13-5mm-af-5x-zoom-poe-25m-ir-cmlb5xfg400","status":"publish","type":"product","link":"http:\/\/astehshop.com\/index.php\/product\/longse-dome-ip-4k-kamera-4mp-2-7-13-5mm-af-5x-zoom-poe-25m-ir-cmlb5xfg400\/","title":{"rendered":"Longse DOME IP 4K KAMERA 4MP 2.7-13.5mm AF 5x Zoom POE 25M IR CMLB5XFG400"},"content":{"rendered":"<p>Ovaj model kamere dolazi u metalnom ku\u0107i\u0161tu sa automatskim fokusom \u0161irokog objektiva 2.7-13.5mm i 5x Opti\u010dkim zumom<\/p>\n<p>Rezolucijom od 4MP 4K i ista \u0107e pokriti dosta \u0161irok spektar va\u0161eg prostora sa jasnom slikom ili videom zapisom. No\u0107nog je IR Dometa do 25 metara.<\/p>\n<p>Sa kompresijom H.265 ili H.265+ kamera \u0107e u\u0161tedjeti mjesto na va\u0161em hard disku ili SD kartici, a da potom ne gubi na kvalitetu snimka.<\/p>\n<p>Kamera posjeduje inteligentne funkcije poput Face Detection, Intrusion Detetion, Line Cross Detetion, Loiter Detetion, People Gather Detecion<\/p>\n<p>Istu je jednostavno povezati na va\u0161 ruter i putem Bitvision aplikacije kameru pratiti putem interneta.<\/p>\n<p>IP67 Standardom ista je vodootporna i za\u0161ti\u0107ena od ulaza pra\u0161ine. Ovaj tip namjenjen unutra\u0161nju monta\u017eu.<\/p>\n<p>Prednost IP POE Kamera je ta \u0161to je dovoljan jedan UTP Kabal (preporuka Cat6), a kroz isti kamera dobije napajanje i video signal. U koliko kamera radi zasebno mo\u017ee se spojiti direktno na Adapter 12V 1 ili 2A.<\/p>\n<p>Garancija 24 mjeseca (U slu\u010daju kvara u uslovima garancije ure\u0111aj se ne popravlja, nego isklju\u010divo mijenja za novi ure\u0111aj istih ili boljih karekteristika). Kod ugradnje bitno je obratiti pa\u017enju da isto odradi ovla\u0161tena ili stru\u010dna osoba.<\/p>\n<p>1\/3\u2033 Progressive Scan CMOS, Fullhan SOC, DWDR, With Internal POE, Main Stream: 4MP@30fps \/1080P@30fps\/ 720P@30fps, Support Intrusion Detection (based on human shape detection)<\/p>\n","protected":false},"excerpt":{"rendered":"<p>Ovaj model kamere dolazi u metalnom ku\u0107i\u0161tu sa automatskim fokusom \u0161irokog objektiva 2.7-13.5mm i 5x Opti\u010dkim zumom<\/p>\n<p>Rezolucijom od 4MP 4K i ista \u0107e pokriti dosta \u0161irok spektar va\u0161eg prostora sa jasnom slikom ili videom zapisom. No\u0107nog je IR Dometa do 25 metara.<\/p>\n<p>Sa kompresijom H.265 ili H.265+ kamera \u0107e u\u0161tedjeti mjesto na va\u0161em hard disku ili SD kartici, a da potom ne gubi na kvalitetu snimka.<\/p>\n<p>Kamera posjeduje inteligentne funkcije poput Face Detection, Intrusion Detetion, Line Cross Detetion, Loiter Detetion, People Gather Detecion<\/p>\n<p>Istu je jednostavno povezati na va\u0161 ruter i putem Bitvision aplikacije kameru pratiti putem interneta.<\/p>\n<p>IP67 Standardom ista je vodootporna i za\u0161ti\u0107ena od ulaza pra\u0161ine. Ovaj tip namjenjen unutra\u0161nju monta\u017eu.<\/p>\n<p>Prednost IP POE Kamera je ta \u0161to je dovoljan jedan UTP Kabal (preporuka Cat6), a kroz isti kamera dobije napajanje i video signal. U koliko kamera radi zasebno mo\u017ee se spojiti direktno na Adapter 12V 1 ili 2A.<\/p>\n<p>Garancija 24 mjeseca (U slu\u010daju kvara u uslovima garancije ure\u0111aj se ne popravlja, nego isklju\u010divo mijenja za novi ure\u0111aj istih ili boljih karekteristika). Kod ugradnje bitno je obratiti pa\u017enju da isto odradi ovla\u0161tena ili stru\u010dna osoba.<\/p>\n<p>1\/3\u2033 Progressive Scan CMOS, Fullhan SOC, DWDR, With Internal POE, Main Stream: 4MP@30fps \/1080P@30fps\/ 720P@30fps, Support Intrusion Detection (based on human shape detection)<\/p>\n","protected":false},"featured_media":8500,"comment_status":"open","ping_status":"closed","template":"","meta":{"_mi_skip_tracking":false,"_exactmetrics_sitenote_active":false,"_exactmetrics_sitenote_note":"","_exactmetrics_sitenote_category":0,"spay_email":""},"product_cat":[1037],"product_tag":[6213,6211,539,6212,468,477,1049,2969,470],"brands":[{"id":2220,"name":"Longse","slug":"longse"}],"df_price":379,"df_sale_price":"","df_regular_price":379,"df_image_link":"https:\/\/i0.wp.com\/astehshop.com\/wp-content\/uploads\/2023\/11\/CMLB5XFG400.png?fit=350%2C200","jetpack_publicize_connections":[],"jetpack_sharing_enabled":true,"jetpack_likes_enabled":true,"jetpack-related-posts":[{"id":5251,"url":"http:\/\/astehshop.com\/index.php\/product\/bullet-ip-4k-kamera-5mp-2-7-13-5mm-af-5x-zoom-poe-40m-ir-bmmb5xrl400\/","url_meta":{"origin":8499,"position":0},"title":"BULLET IP 4K KAMERA 5MP 2.7-13.5mm AF 5x Zoom POE 40M IR BMMB5XRL400","date":"9. listopada 2021.","format":false,"excerpt":"Ovaj model kamere dolazi u metalnom ku\u0107i\u0161tu sa automatskim fokusom \u0161irokog objektiva 2.7-13.5mm i 5x Opti\u010dkim zumom Rezolucijom od 5MP 4K i ista \u0107e pokriti dosta \u0161irok spektar va\u0161eg prostora sa jasnom slikom ili videom zapisom. No\u0107nog je IR Dometa do 40 metara. Sa kompresijom H.265 ili H.265+ kamera \u0107e\u2026","rel":"","context":"Srodne objave","img":{"alt_text":"","src":"https:\/\/i1.wp.com\/astehshop.com\/wp-content\/uploads\/2021\/10\/BMMB5XRL400.jpg?fit=960%2C700&resize=350%2C200","width":350,"height":200},"classes":[]},{"id":5249,"url":"http:\/\/astehshop.com\/index.php\/product\/bullet-ip-kamera-4mp-3-6mm-poe-20m-ir-lbe30rl400\/","url_meta":{"origin":8499,"position":1},"title":"BULLET IP KAMERA 4MP 3.6MM POE 20M IR LBE30RL400","date":"9. listopada 2021.","format":false,"excerpt":"Model: LBE30RL400 Ovaj model kamere dolazi u metalnom ku\u0107i\u0161tu sa objektivom 3.6mm i rezolucijom od 4MP 4K i ista \u0107e pokriti dosta \u0161irok spektar va\u0161eg prostora sa jasnom slikom ili videom zapisom. No\u0107nog je IR Dometa do 20 metara. Sa kompresijom H.265 ili H.265+ kamera \u0107e u\u0161tedjeti mjesto na va\u0161em\u2026","rel":"","context":"Srodne objave","img":{"alt_text":"","src":"https:\/\/i1.wp.com\/astehshop.com\/wp-content\/uploads\/2021\/10\/LBE30RL400.jpg?fit=960%2C700&resize=350%2C200","width":350,"height":200},"classes":[]},{"id":5183,"url":"http:\/\/astehshop.com\/index.php\/product\/longse-bullet-ip-kamera-starlight-4-mp-lbe30rl400\/","url_meta":{"origin":8499,"position":2},"title":"Longse Bullet IP kamera StarLight 4 MP LBE30RL400","date":"8. rujna 2021.","format":false,"excerpt":"Model: LBE30RL400 Ovaj model kamere dolazi u metalnom ku\u0107i\u0161tu sa objektivom 3.6mm i rezolucijom od 4MP 4K i ista \u0107e pokriti dosta \u0161irok spektar va\u0161eg prostora sa jasnom slikom ili videom zapisom. No\u0107nog je IR Dometa do 20 metara. Sa kompresijom H.265 ili H.265+ kamera \u0107e u\u0161tedjeti mjesto na va\u0161em\u2026","rel":"","context":"Srodne objave","img":{"alt_text":"","src":"https:\/\/i0.wp.com\/astehshop.com\/wp-content\/uploads\/2021\/09\/LBE30RL400.jpg?fit=960%2C700&resize=350%2C200","width":350,"height":200},"classes":[]},{"id":9172,"url":"http:\/\/astehshop.com\/index.php\/product\/poe-dome-ip-kamera-longse-4mp-2-8mm-25m-ir-sd-card-slot-mic-cmsefg400\/","url_meta":{"origin":8499,"position":3},"title":"POE Dome IP Kamera Longse 4MP 2.8mm 25m IR SD Card slot + Mic CMSEFG400","date":"10. o\u017eujka 2024.","format":false,"excerpt":"Ovaj model kamere dolazi u metalnom ku\u0107i\u0161tu sa objektivom 2.8mm i rezolucijom 4MP 4K. \u0160irokim objektivom od 2.8mm i ista \u0107e pokriti \u0161irok dio prostora sa jasnom i kvalitetnom slikom ili videom. No\u0107ni IR domet 25m. Posjeduje integrirani mikrofon i utor za MicroSD karticu. Sa kompresijom H.265+ kamera \u0107e u\u0161tedjeti\u2026","rel":"","context":"Srodne objave","img":{"alt_text":"","src":"https:\/\/i0.wp.com\/astehshop.com\/wp-content\/uploads\/2024\/03\/CMSDKL500.jpg?fit=618%2C475&resize=350%2C200","width":350,"height":200},"classes":[]},{"id":9178,"url":"http:\/\/astehshop.com\/index.php\/product\/poe-bullet-ip-kamera-longse-4mp-2-8mm-25m-ir-full-color-24h-mic-bmscfg400wh\/","url_meta":{"origin":8499,"position":4},"title":"POE Bullet IP Kamera Longse 4MP 2.8mm 25m IR Full Color 24h + MIC BMSCFG400WH","date":"10. o\u017eujka 2024.","format":false,"excerpt":"Ovaj model kamere dolazi u metalnom ku\u0107i\u0161tu. Rezolucijom Full HD 4MP i objektivom 2.8mm ista \u0107e pokriti kvalitetno \u0161irok spekrtar prostora sa jasnom slikom ili videom. No\u0107ni IR domet 25m sa Full Color osvjetljenjem kamera \u0107e raditi u boji 24\/7h. Sa kompresijom H.265 ili H.265+ kamera \u0107e u\u0161tedjeti mjesto na\u2026","rel":"","context":"Srodne objave","img":{"alt_text":"","src":"https:\/\/i0.wp.com\/astehshop.com\/wp-content\/uploads\/2024\/03\/BMSCFG400WH-1.jpg?fit=510%2C348&resize=350%2C200","width":350,"height":200},"classes":[]},{"id":8503,"url":"http:\/\/astehshop.com\/index.php\/product\/longse-full-color-ip-bullet-kamera-4mp-2-8mm-25m-ir-poe-mic-bmsafg400wh-2\/","url_meta":{"origin":8499,"position":5},"title":"Longse Full Color IP Bullet kamera 4MP 2.8mm 25m IR POE + Mic BMSAFG400WH-2","date":"2. studenoga 2023.","format":false,"excerpt":"Ovaj model kamere dolazi u metalnom ku\u0107i\u0161tu. Rezolucijom Full HD 4MP i objektivom 2.8mm ista \u0107e pokriti kvalitetno svoj dio prostora sa jasnom slikom ili videom. No\u0107ni IR domet 25m sa Full Color osvjetljenjem kamera \u0107e raditi u boji 24\/7h. Sa kompresijom H.265 ili H.265+ kamera \u0107e u\u0161tedjeti mjesto na\u2026","rel":"","context":"Srodne objave","img":{"alt_text":"","src":"https:\/\/i0.wp.com\/astehshop.com\/wp-content\/uploads\/2023\/11\/BMSAFG400WH-2.png?fit=1140%2C924&resize=350%2C200","width":350,"height":200},"classes":[]}],"_links":{"self":[{"href":"http:\/\/astehshop.com\/index.php\/wp-json\/wp\/v2\/product\/8499"}],"collection":[{"href":"http:\/\/astehshop.com\/index.php\/wp-json\/wp\/v2\/product"}],"about":[{"href":"http:\/\/astehshop.com\/index.php\/wp-json\/wp\/v2\/types\/product"}],"replies":[{"embeddable":true,"href":"http:\/\/astehshop.com\/index.php\/wp-json\/wp\/v2\/comments?post=8499"}],"wp:featuredmedia":[{"embeddable":true,"href":"http:\/\/astehshop.com\/index.php\/wp-json\/wp\/v2\/media\/8500"}],"wp:attachment":[{"href":"http:\/\/astehshop.com\/index.php\/wp-json\/wp\/v2\/media?parent=8499"}],"wp:term":[{"taxonomy":"product_cat","embeddable":true,"href":"http:\/\/astehshop.com\/index.php\/wp-json\/wp\/v2\/product_cat?post=8499"},{"taxonomy":"product_tag","embeddable":true,"href":"http:\/\/astehshop.com\/index.php\/wp-json\/wp\/v2\/product_tag?post=8499"}],"curies":[{"name":"wp","href":"https:\/\/api.w.org\/{rel}","templated":true}]}}