{"id":8314,"date":"2023-10-19T11:37:34","date_gmt":"2023-10-19T09:37:34","guid":{"rendered":"http:\/\/astehshop.com\/?post_type=product&#038;p=8314"},"modified":"2026-01-15T09:52:38","modified_gmt":"2026-01-15T08:52:38","slug":"imou-ipc-a22ep-g-ranger-2-pt-wifi-ai-kamera","status":"publish","type":"product","link":"http:\/\/astehshop.com\/index.php\/product\/imou-ipc-a22ep-g-ranger-2-pt-wifi-ai-kamera\/","title":{"rendered":"IMOU IPC-A22EP-G Ranger 2 PT WiFi AI kamera"},"content":{"rendered":"<p>IP WiFi 2MP PT IC kamera \u2013 Imou Ranger 2, IC dometa 10m, objektiv 3.6mm, mikrofon, zvu\u010dnik, MicroSD card slot. Detekcija ljudi | 2MP \u2013 1080P | H.265 | Pokrivenost od 360\u00b0 | Dvosmerni razgovor | Ugra\u0111eni reflektor i sirena | Dvostruka antena i Hotspot | MicroSD do 256GB<\/p>\n<p>Ranger 2 IPC-A22EP Wifi PT kamera pru\u017ea prac\u0301enje u\u017eivo sa rezolucijom 2MP i funkcijama pomeranja od 0~355\u00b0 i 5~80\u00b0 nagiba, na taj na\u010din Ranger 2 obezbe\u0111uje da svaki ugao va\u0161eg stana, ku\u0107e ili poslovnog prostora bude potpuno pokriven.<\/p>\n<p>&nbsp;<\/p>\n<h3 class=\"nitro-offscreen\"><strong>Pametno pra\u0107enje<\/strong><\/h3>\n<p class=\"nitro-offscreen\">Kamera automatski prati i snima aktivnosti koje se aktiviraju pokretom. Bi\u0107e Vam u fokusu objekti koji su Vam najva\u017eniji.<\/p>\n<h4 class=\"nitro-offscreen\">Mod privatnosti<\/h4>\n<p class=\"nitro-offscreen\">Jednim klikom na mobilnu aplikaciju mo\u017eete da zatvorite so\u010divo kamere i o\u010duvate svoju privatnost dok ste kod ku\u0107e.<\/p>\n<h3 class=\"nitro-offscreen\"><strong>Detekcija ljudi<\/strong><\/h3>\n<p class=\"nitro-offscreen\">Moc\u0301na tehnologija za obradu slika brzo pronalazi i klasifikuje ljudske objekte i odmah \u0161alje obave\u0161tenje na va\u0161 pametni telefon. Pratite \u0161ta je va\u017eno bez primanja dosadnih la\u017enih upozorenja.<\/p>\n<h3 class=\"nitro-offscreen\"><strong>Ugra\u0111ena sirena<\/strong><\/h3>\n<p class=\"nitro-offscreen\">Sa ugra\u0111enom sirenom mo\u017eete upozoriti i odbiti nenajavljene posetioce.<\/p>\n<h3 class=\"nitro-offscreen\"><strong>Detekcija nenormalnog zvuka i dvosmerna komunikacija<\/strong><\/h3>\n<p class=\"nitro-offscreen\">Kamera ima i dvosmernu komunikaciju tako da mo\u017eete da se obratite lopovu i da ga obavestite da ste pozvali policiju ili da pri\u010date sa svojim uku\u0107anima. Detekcija zvuka vam omogu\u0107ava da dobijete obave\u0161tenje na svom mobilnom telefonu na primer o tome da se beba probudila i pla\u010de. Mo\u017eete i da je umirite pomo\u0107u dvosmerne komunikacije tako \u0161to \u0107ete da joj ne\u0161to pri\u010date dok se vi ne pojavite.<\/p>\n<p class=\"nitro-offscreen\"><strong>Prostor za skladi\u0161tenje je mogu\u0107 na microSD kartici, NVR snima\u010du i cloud prostoru.<\/strong><\/p>\n<p class=\"nitro-offscreen\">Sa micro SD 32GB \u2013<strong> do 2 dana<\/strong>\u00a0 \u2013 rezolucija 2MP, h.265+ kompresijom i 25fps (snimanjem na pokret i do 5-10 dana)<br \/>\nSa micro SD 64GB \u2013<strong> do 4 dana<\/strong>\u00a0 \u2013 rezolucija 2MP, h.265+ kompresijom i 25fps (snimanjem na pokret i do 10-20 dana)<br \/>\nSa micro SD 128GB \u2013 <strong>do 8 dana<\/strong> \u2013 rezolucija 2MP, h.265+ kompresijom i 25fps (snimanjem na pokret i do 20-30 dana)<br \/>\nSa micro SD 256GB \u2013 <strong>do 16 dana<\/strong> \u2013 rezolucija 2MP, h.265+ kompresijom i 25fps (snimanjem na pokret i do 40-60 dana)<\/p>\n<p>&nbsp;<\/p>\n<p>&nbsp;<\/p>\n","protected":false},"excerpt":{"rendered":"<p>IP WiFi 2MP PT IC kamera \u2013 Imou Ranger 2, IC dometa 10m, objektiv 3.6mm, mikrofon, zvu\u010dnik, MicroSD card slot. Detekcija ljudi | 2MP \u2013 1080P | H.265 | Pokrivenost od 360\u00b0 | Dvosmerni razgovor | Ugra\u0111eni reflektor i sirena | Dvostruka antena i Hotspot | MicroSD do 256GB<\/p>\n<p>Ranger 2 IPC-A22EP Wifi PT kamera pru\u017ea prac\u0301enje u\u017eivo sa rezolucijom 2MP i funkcijama pomeranja od 0~355\u00b0 i 5~80\u00b0 nagiba, na taj na\u010din Ranger 2 obezbe\u0111uje da svaki ugao va\u0161eg stana, ku\u0107e ili poslovnog prostora bude potpuno pokriven.<\/p>\n<p>&nbsp;<\/p>\n<h3 class=\"nitro-offscreen\"><strong>Pametno pra\u0107enje<\/strong><\/h3>\n<p class=\"nitro-offscreen\">Kamera automatski prati i snima aktivnosti koje se aktiviraju pokretom. Bi\u0107e Vam u fokusu objekti koji su Vam najva\u017eniji.<\/p>\n<h4 class=\"nitro-offscreen\">Mod privatnosti<\/h4>\n<p class=\"nitro-offscreen\">Jednim klikom na mobilnu aplikaciju mo\u017eete da zatvorite so\u010divo kamere i o\u010duvate svoju privatnost dok ste kod ku\u0107e.<\/p>\n<h3 class=\"nitro-offscreen\"><strong>Detekcija ljudi<\/strong><\/h3>\n<p class=\"nitro-offscreen\">Moc\u0301na tehnologija za obradu slika brzo pronalazi i klasifikuje ljudske objekte i odmah \u0161alje obave\u0161tenje na va\u0161 pametni telefon. Pratite \u0161ta je va\u017eno bez primanja dosadnih la\u017enih upozorenja.<\/p>\n<h3 class=\"nitro-offscreen\"><strong>Ugra\u0111ena sirena<\/strong><\/h3>\n<p class=\"nitro-offscreen\">Sa ugra\u0111enom sirenom mo\u017eete upozoriti i odbiti nenajavljene posetioce.<\/p>\n<h3 class=\"nitro-offscreen\"><strong>Detekcija nenormalnog zvuka i dvosmerna komunikacija<\/strong><\/h3>\n<p class=\"nitro-offscreen\">Kamera ima i dvosmernu komunikaciju tako da mo\u017eete da se obratite lopovu i da ga obavestite da ste pozvali policiju ili da pri\u010date sa svojim uku\u0107anima. Detekcija zvuka vam omogu\u0107ava da dobijete obave\u0161tenje na svom mobilnom telefonu na primer o tome da se beba probudila i pla\u010de. Mo\u017eete i da je umirite pomo\u0107u dvosmerne komunikacije tako \u0161to \u0107ete da joj ne\u0161to pri\u010date dok se vi ne pojavite.<\/p>\n<p class=\"nitro-offscreen\"><strong>Prostor za skladi\u0161tenje je mogu\u0107 na microSD kartici, NVR snima\u010du i cloud prostoru.<\/strong><\/p>\n<p class=\"nitro-offscreen\">Sa micro SD 32GB \u2013<strong> do 2 dana<\/strong>\u00a0 \u2013 rezolucija 2MP, h.265+ kompresijom i 25fps (snimanjem na pokret i do 5-10 dana)<br \/>\nSa micro SD 64GB \u2013<strong> do 4 dana<\/strong>\u00a0 \u2013 rezolucija 2MP, h.265+ kompresijom i 25fps (snimanjem na pokret i do 10-20 dana)<br \/>\nSa micro SD 128GB \u2013 <strong>do 8 dana<\/strong> \u2013 rezolucija 2MP, h.265+ kompresijom i 25fps (snimanjem na pokret i do 20-30 dana)<br \/>\nSa micro SD 256GB \u2013 <strong>do 16 dana<\/strong> \u2013 rezolucija 2MP, h.265+ kompresijom i 25fps (snimanjem na pokret i do 40-60 dana)<\/p>\n<p>&nbsp;<\/p>\n<p>&nbsp;<\/p>\n","protected":false},"featured_media":8315,"comment_status":"open","ping_status":"closed","template":"","meta":{"_mi_skip_tracking":false,"_exactmetrics_sitenote_active":false,"_exactmetrics_sitenote_note":"","_exactmetrics_sitenote_category":0,"spay_email":""},"product_cat":[135],"product_tag":[5996,2986,1527,3207,1183],"brands":[{"id":2045,"name":"Dahua","slug":"dahua"}],"df_price":"","df_sale_price":"","df_regular_price":"","df_image_link":"https:\/\/i1.wp.com\/astehshop.com\/wp-content\/uploads\/2023\/10\/4731e4a3-c024-40ba-906b-76b1cf9ef862.jpg?fit=450%2C382","jetpack_publicize_connections":[],"jetpack_sharing_enabled":true,"jetpack_likes_enabled":true,"jetpack-related-posts":[{"id":7534,"url":"http:\/\/astehshop.com\/index.php\/product\/dahua-imou-ipc-a42p-ranger-4-mpx-wifi-roto-kamera\/","url_meta":{"origin":8314,"position":0},"title":"Dahua Imou IPC-A42P  Ranger 4 MPX wifi roto kamera","date":"1. travnja 2023.","format":false,"excerpt":"rotiranje kamere 360 stepeni Detekcija ljudi pametno pra\u0107enje No\u0107ni mod mod privatnosti Saznajte kada vam se beba probudila sa odli\u010dnom detekcijom zvuka na Ranger 2 kameri Pove\u017eite se sa svojim domom bez obzira gdje se nalazite \u2013 pogledajte \u0161ta Vam rade ljubimci ili djeca 24 \/ 7 za\u0161tita","rel":"","context":"Srodne objave","img":{"alt_text":"","src":"https:\/\/i2.wp.com\/astehshop.com\/wp-content\/uploads\/2023\/04\/IPC-A22E-IMOU.jpg?fit=784%2C718&resize=350%2C200","width":350,"height":200},"classes":[]},{"id":7532,"url":"http:\/\/astehshop.com\/index.php\/product\/dahua-imou-ipc-a22ep-a-ranger-2-wifi-roto-kamera\/","url_meta":{"origin":8314,"position":1},"title":"Dahua Imou IPC-A22EP-A  Ranger 2 wifi roto kamera","date":"1. travnja 2023.","format":false,"excerpt":"2 MPX rotiranje kamere 360 stepeni Detekcija ljudi pametno pra\u0107enje No\u0107ni mod mod privatnosti Saznajte kada vam se beba probudila sa odli\u010dnom detekcijom zvuka na Ranger 2 kameri Pove\u017eite se sa svojim domom bez obzira gdje se nalazite - pogledajte \u0161ta Vam rade ljubimci ili djeca 24 \/ 7 za\u0161tita","rel":"","context":"Srodne objave","img":{"alt_text":"","src":"https:\/\/i2.wp.com\/astehshop.com\/wp-content\/uploads\/2023\/04\/IPC-A22E-IMOU.jpg?fit=784%2C718&resize=350%2C200","width":350,"height":200},"classes":[]},{"id":8292,"url":"http:\/\/astehshop.com\/index.php\/product\/wifi-kamera-imou-ipc-t22ep\/","url_meta":{"origin":8314,"position":2},"title":"Wifi kamera Imou IPC-T22EP","date":"19. listopada 2023.","format":false,"excerpt":"IP WiFi 2MP Eyeball IC kamera. 1\/2.8\u201d CMOS, progresivno skeniranje. Efektivni broj piksela 1920 x 1080. Fiksni objektiv 2.8mm (Vidni ugao: 92\u00b0 horizontalno). Opciono: 3.6mm (Vidni ugao 78\u00b0). 16x Digitalni zum. H.265\/H.264 video kompresija, do 25\/30 fps u svim rezolucijama. IC dometa 30m. Inkorporiran mikrofon. Detekcija pokreta, detekcija ljudi. RJ-45\u2026","rel":"","context":"Srodne objave","img":{"alt_text":"","src":"https:\/\/i0.wp.com\/astehshop.com\/wp-content\/uploads\/2023\/10\/b-IPC-T22EAPimg.jpg?fit=720%2C660&resize=350%2C200","width":350,"height":200},"classes":[]},{"id":7521,"url":"http:\/\/astehshop.com\/index.php\/product\/imou-dahua-wifi-kamera-ipc-g22\/","url_meta":{"origin":8314,"position":3},"title":"Imou Dahua WiFi kamera IPC-G22","date":"1. travnja 2023.","format":false,"excerpt":"Pametna WIFI bullet kamera IMOU 2 MPX SD kartica maksimalno do 128 GB Ugra\u0111en mikrofon Detekcija pokreta Detekcija ljudi IP67 Uz kameru dolazi adapter 12v 1A Podr\u017eava Android i Iphone Besplatna IMOU aplikacija","rel":"","context":"Srodne objave","img":{"alt_text":"","src":"https:\/\/i2.wp.com\/astehshop.com\/wp-content\/uploads\/2023\/04\/ipc-g22-imou.png?fit=834%2C726&resize=350%2C200","width":350,"height":200},"classes":[]},{"id":7529,"url":"http:\/\/astehshop.com\/index.php\/product\/dahua-imou-wifi-ip-kamera-ipc-g42p-4-mpx\/","url_meta":{"origin":8314,"position":4},"title":"Dahua Imou WIFI ip kamera IPC-G42P 4 MPX","date":"1. travnja 2023.","format":false,"excerpt":"Pametna WIFI bullet kamera IMOU 4 MPX SD kartica maksimalno do 128 GB Ugra\u0111en mikrofon Detekcija pokreta Detekcija ljudi IP67 Uz kameru dolazi adapter 12v 1A Podr\u017eava Android i Iphone Besplatna IMOU aplikacija","rel":"","context":"Srodne objave","img":{"alt_text":"","src":"https:\/\/i1.wp.com\/astehshop.com\/wp-content\/uploads\/2023\/04\/ipc-g42p-imou.jpg?fit=800%2C800&resize=350%2C200","width":350,"height":200},"classes":[]},{"id":8277,"url":"http:\/\/astehshop.com\/index.php\/product\/dahua-imou-ipc-f42p\/","url_meta":{"origin":8314,"position":5},"title":"Dahua Imou IPC-F42P","date":"1. listopada 2023.","format":false,"excerpt":"IP WiFi 4MP Bullet IC kamera; Imou Bullet 2C-D; IC 30m, 2.8mm, mikrofon, microSD card slot, plastika, IP67. IP WiFi 4MP Bullet IC kamera. 1\/2.7\u201d CMOS, progresivno skeniranje. Efektivni broj piksela 2560 x 1440. Fiksni objektiv 2.8mm (vidni ugao 106\u00b0 horizontalno). Opciono 3.6mm ili 6mm (vidni ugao 92\u00b0 ili 55\u00b0).\u2026","rel":"","context":"Srodne objave","img":{"alt_text":"","src":"https:\/\/i1.wp.com\/astehshop.com\/wp-content\/uploads\/2023\/10\/ipc-f42p.ipc-f42n.png?fit=738%2C637&resize=350%2C200","width":350,"height":200},"classes":[]}],"_links":{"self":[{"href":"http:\/\/astehshop.com\/index.php\/wp-json\/wp\/v2\/product\/8314"}],"collection":[{"href":"http:\/\/astehshop.com\/index.php\/wp-json\/wp\/v2\/product"}],"about":[{"href":"http:\/\/astehshop.com\/index.php\/wp-json\/wp\/v2\/types\/product"}],"replies":[{"embeddable":true,"href":"http:\/\/astehshop.com\/index.php\/wp-json\/wp\/v2\/comments?post=8314"}],"wp:featuredmedia":[{"embeddable":true,"href":"http:\/\/astehshop.com\/index.php\/wp-json\/wp\/v2\/media\/8315"}],"wp:attachment":[{"href":"http:\/\/astehshop.com\/index.php\/wp-json\/wp\/v2\/media?parent=8314"}],"wp:term":[{"taxonomy":"product_cat","embeddable":true,"href":"http:\/\/astehshop.com\/index.php\/wp-json\/wp\/v2\/product_cat?post=8314"},{"taxonomy":"product_tag","embeddable":true,"href":"http:\/\/astehshop.com\/index.php\/wp-json\/wp\/v2\/product_tag?post=8314"}],"curies":[{"name":"wp","href":"https:\/\/api.w.org\/{rel}","templated":true}]}}