{"id":8290,"date":"2023-10-19T10:34:10","date_gmt":"2023-10-19T08:34:10","guid":{"rendered":"http:\/\/astehshop.com\/?post_type=product&#038;p=8290"},"modified":"2026-02-28T16:22:07","modified_gmt":"2026-02-28T15:22:07","slug":"ip-kamera-imou-ipc-t22eap-turret","status":"publish","type":"product","link":"http:\/\/astehshop.com\/index.php\/product\/ip-kamera-imou-ipc-t22eap-turret\/","title":{"rendered":"IP kamera IMOU IPC-T22EAP Turret"},"content":{"rendered":"<p><strong>\u00a0Tip kamere: <\/strong><\/p>\n<p>IP<\/p>\n<p><strong>\u00a0\u00a0\u00a0Rezolucija senzora: <\/strong><\/p>\n<p>2 Megapiksela<\/p>\n<p><strong>\u00a0\u00a0\u00a0Veli\u010dina: <\/strong><\/p>\n<p>1\/2.8&#8243;<\/p>\n<p><strong>\u00a0\u00a0\u00a0Tip senzora: <\/strong><\/p>\n<p>CMOS<\/p>\n<p><strong>\u00a0\u00a0\u00a0Digitalni zum: <\/strong><\/p>\n<p>8x<\/p>\n<p><strong>\u00a0\u00a0\u00a0Uglovi snimanja: <\/strong><\/p>\n<p>2.8mm: 107\u00b0 x92\u00b0 x50\u00b0 (diagonal x horizontal x vertical), 3.6mm: 97\u00b0 x78\u00b0 x40\u00b0 (diagonal x horizontal x vertical)<\/p>\n<p>&nbsp;<\/p>\n<p><strong>SO\u010cIVO<\/strong><\/p>\n<p><strong>\u00a0\u00a0\u00a0Fokusna daljina: <\/strong><\/p>\n<p>2.8mm~3.6mm<\/p>\n<p>&nbsp;<\/p>\n<p><strong>SNIMANJE VIDEA<\/strong><\/p>\n<p><strong>\u00a0\u00a0\u00a0Rezolucija videa: <\/strong><\/p>\n<p>1920 x 1080<\/p>\n<p><strong>\u00a0\u00a0\u00a0Frame rate: <\/strong><\/p>\n<p>1~25\/30fps<\/p>\n<p><strong>\u00a0\u00a0\u00a0Podr\u017eani video formati: <\/strong><\/p>\n<p>H.264, H.265<\/p>\n<p><strong>\u00a0\u00a0\u00a0Zvu\u010dnici: <\/strong><\/p>\n<p>Ugra\u0111eni<\/p>\n<p><strong>\u00a0\u00a0\u00a0Mikrofon: <\/strong><\/p>\n<p>Ugra\u0111en<\/p>\n<p>&nbsp;<\/p>\n<p><strong>\u017dI\u010cNA MRE\u017dA<\/strong><\/p>\n<p><strong>\u00a0\u00a0\u00a0Protok \u017ei\u010dne mre\u017ee: <\/strong><\/p>\n<p>RJ-45 (10\/100Mbps Base-T)<\/p>\n<p>&nbsp;<\/p>\n<p><strong>BE\u017dI\u010cNA MRE\u017dA<\/strong><\/p>\n<p><strong>\u00a0\u00a0\u00a0Standard: <\/strong><\/p>\n<p>IEEE 802.11b, IEEE 802.11g, IEEE 802.11n<\/p>\n<p>&nbsp;<\/p>\n<p><strong>DODATNE FUNKCIJE<\/strong><\/p>\n<p><strong>\u00a0\u00a0\u00a0Snimanje: <\/strong><\/p>\n<p>Detekcija pokreta, Detekcija ljudskog oblika, Night Vision<\/p>\n<p>&nbsp;<\/p>\n<p><strong>MEMORIJA<\/strong><\/p>\n<p><strong>\u00a0\u00a0\u00a0Podr\u017eane memorijske kartice: <\/strong><\/p>\n<p>MicroSD (do 256GB)<\/p>\n<p>&nbsp;<\/p>\n<p><strong>\u00a0\u00a0\u00a0Dimenzije: <\/strong><\/p>\n<p>109.9mm x 81mm<\/p>\n<p><strong>\u00a0\u00a0\u00a0Masa: <\/strong><\/p>\n<p>200g<\/p>\n<p><strong>\u00a0\u00a0\u00a0Boja: <\/strong><\/p>\n<p>Bela<\/p>\n<p><strong>\u00a0\u00a0\u00a0Napomena: <\/strong><\/p>\n<p>Alarm Notification, Night Vision<\/p>\n<p><strong>\u00a0\u00a0\u00a0Tip ku\u0107i\u0161ta: <\/strong><\/p>\n<p>Eyeball<\/p>\n","protected":false},"excerpt":{"rendered":"<p><strong>\u00a0Tip kamere: <\/strong><\/p>\n<p>IP<\/p>\n<p><strong>\u00a0\u00a0\u00a0Rezolucija senzora: <\/strong><\/p>\n<p>2 Megapiksela<\/p>\n<p><strong>\u00a0\u00a0\u00a0Veli\u010dina: <\/strong><\/p>\n<p>1\/2.8&#8243;<\/p>\n<p><strong>\u00a0\u00a0\u00a0Tip senzora: <\/strong><\/p>\n<p>CMOS<\/p>\n<p><strong>\u00a0\u00a0\u00a0Digitalni zum: <\/strong><\/p>\n<p>8x<\/p>\n<p><strong>\u00a0\u00a0\u00a0Uglovi snimanja: <\/strong><\/p>\n<p>2.8mm: 107\u00b0 x92\u00b0 x50\u00b0 (diagonal x horizontal x vertical), 3.6mm: 97\u00b0 x78\u00b0 x40\u00b0 (diagonal x horizontal x vertical)<\/p>\n<p>&nbsp;<\/p>\n<p><strong>SO\u010cIVO<\/strong><\/p>\n<p><strong>\u00a0\u00a0\u00a0Fokusna daljina: <\/strong><\/p>\n<p>2.8mm~3.6mm<\/p>\n<p>&nbsp;<\/p>\n<p><strong>SNIMANJE VIDEA<\/strong><\/p>\n<p><strong>\u00a0\u00a0\u00a0Rezolucija videa: <\/strong><\/p>\n<p>1920 x 1080<\/p>\n<p><strong>\u00a0\u00a0\u00a0Frame rate: <\/strong><\/p>\n<p>1~25\/30fps<\/p>\n<p><strong>\u00a0\u00a0\u00a0Podr\u017eani video formati: <\/strong><\/p>\n<p>H.264, H.265<\/p>\n<p><strong>\u00a0\u00a0\u00a0Zvu\u010dnici: <\/strong><\/p>\n<p>Ugra\u0111eni<\/p>\n<p><strong>\u00a0\u00a0\u00a0Mikrofon: <\/strong><\/p>\n<p>Ugra\u0111en<\/p>\n<p>&nbsp;<\/p>\n<p><strong>\u017dI\u010cNA MRE\u017dA<\/strong><\/p>\n<p><strong>\u00a0\u00a0\u00a0Protok \u017ei\u010dne mre\u017ee: <\/strong><\/p>\n<p>RJ-45 (10\/100Mbps Base-T)<\/p>\n<p>&nbsp;<\/p>\n<p><strong>BE\u017dI\u010cNA MRE\u017dA<\/strong><\/p>\n<p><strong>\u00a0\u00a0\u00a0Standard: <\/strong><\/p>\n<p>IEEE 802.11b, IEEE 802.11g, IEEE 802.11n<\/p>\n<p>&nbsp;<\/p>\n<p><strong>DODATNE FUNKCIJE<\/strong><\/p>\n<p><strong>\u00a0\u00a0\u00a0Snimanje: <\/strong><\/p>\n<p>Detekcija pokreta, Detekcija ljudskog oblika, Night Vision<\/p>\n<p>&nbsp;<\/p>\n<p><strong>MEMORIJA<\/strong><\/p>\n<p><strong>\u00a0\u00a0\u00a0Podr\u017eane memorijske kartice: <\/strong><\/p>\n<p>MicroSD (do 256GB)<\/p>\n<p>&nbsp;<\/p>\n<p><strong>\u00a0\u00a0\u00a0Dimenzije: <\/strong><\/p>\n<p>109.9mm x 81mm<\/p>\n<p><strong>\u00a0\u00a0\u00a0Masa: <\/strong><\/p>\n<p>200g<\/p>\n<p><strong>\u00a0\u00a0\u00a0Boja: <\/strong><\/p>\n<p>Bela<\/p>\n<p><strong>\u00a0\u00a0\u00a0Napomena: <\/strong><\/p>\n<p>Alarm Notification, Night Vision<\/p>\n<p><strong>\u00a0\u00a0\u00a0Tip ku\u0107i\u0161ta: <\/strong><\/p>\n<p>Eyeball<\/p>\n","protected":false},"featured_media":8291,"comment_status":"open","ping_status":"closed","template":"","meta":{"_mi_skip_tracking":false,"_exactmetrics_sitenote_active":false,"_exactmetrics_sitenote_note":"","_exactmetrics_sitenote_category":0,"spay_email":""},"product_cat":[1037],"product_tag":[2994,5971,5972,5969,5970],"brands":[{"id":2045,"name":"Dahua","slug":"dahua"}],"df_price":80,"df_sale_price":"","df_regular_price":80,"df_image_link":"https:\/\/i0.wp.com\/astehshop.com\/wp-content\/uploads\/2023\/10\/b-IPC-T22EAPimg.jpg?fit=450%2C413","jetpack_publicize_connections":[],"jetpack_sharing_enabled":true,"jetpack_likes_enabled":true,"jetpack-related-posts":[{"id":5443,"url":"http:\/\/astehshop.com\/index.php\/product\/dahua-hac-hfw1200tl-a-0360b-s4-2mp-hdcvi-ir-bullet-camera\/","url_meta":{"origin":8290,"position":0},"title":"DAHUA HAC-HFW1200TL-A-0360B-S4 2MP HDCVI IR Bullet  Kamera sa mikrofonom ISTEK ZALIHA","date":"16. listopada 2021.","format":false,"excerpt":"Tip kamere HDCVI Rezolucija senzora 2 Megapiksela Veli\u010dina 1\/2.7\u2033 Tip senzora CMOS Uglovi snimanja 87.5\u00b0 horizontalni Osvetljenje 0 Lux sa IR on, 0.02Lux\/F1.85 So\u010divo Fokusna daljina 3.6mm Fokusni koeficijent F1.85 Snimanje videa Rezolucija videa 1.920 x 1.080 Frame rate 25\/30\/50\/60fps@720P, 25\/30fps@1080P Audio Zvu\u010dnici Ugra\u0111eni Mikrofon Ugra\u0111en Fizi\u010dke karakteristike Dimenzije 198.9mm\u2026","rel":"","context":"Srodne objave","img":{"alt_text":"","src":"https:\/\/i2.wp.com\/astehshop.com\/wp-content\/uploads\/2021\/10\/HAC-HFW1200TL-0360B.png?fit=400%2C400&resize=350%2C200","width":350,"height":200},"classes":[]},{"id":9417,"url":"http:\/\/astehshop.com\/index.php\/product\/imou-kamera-ranger-dual-8mp-53-ipc-s2xp-8m0wed\/","url_meta":{"origin":8290,"position":1},"title":"IMOU KAMERA Ranger DUAL 8MP (5+3) IPC-S2XP-8M0WED","date":"23. lipnja 2024.","format":false,"excerpt":"Specifikacije: **Kamera sa fiksnim objektivom:** - Senzor: 1\/2.8 in\u010da, 3 megapiksela progresivni CMOS - Rezolucija: 3MP (2304x1296) - No\u0107ni re\u017eim: Domet od 15m (49ft) - Fiksni objektiv: 3.6mm - Ugao gledanja: 84\u00b0(H), 45\u00b0(V), 101\u00b0(D) - Pan: 0~355\u00b0, Tilt: 0~15\u00b0 **Pan & Tilt kamera:** - Senzor: 1\/3 in\u010da, 5 megapiksela progresivni\u2026","rel":"","context":"Srodne objave","img":{"alt_text":"","src":"https:\/\/i2.wp.com\/astehshop.com\/wp-content\/uploads\/2024\/06\/dual-ranger.png?fit=1078%2C990&resize=350%2C200","width":350,"height":200},"classes":[]},{"id":4627,"url":"http:\/\/astehshop.com\/index.php\/product\/kamera-za-video-nadzor-tvt-td-7421as1-p-2mp-2-8mm\/","url_meta":{"origin":8290,"position":2},"title":"Kamera za video nadzor TVT TD-7421AS1-P-2MP-2.8mm","date":"6. rujna 2020.","format":false,"excerpt":"TVT kamera\u00a0TD-7421AS1-P\/D\/IR1\u00a0je kamera vrhunskog kvaliteta, izuzetne ostrine slike, potpunog sklada boja\u00a0i pouzdanosti sa dobro poznatim CMOS\u00a0cipom, kvalitetnom elektronikom i odlicnom zavrsnom obradom kucista. TVT proizvodjac kamera za video nadzor je dobro poznat po svom kvalitetu kako kod nas tako i u Evropi, i spadaju u sam vrh po kvalitetu. Ovo\u2026","rel":"","context":"Srodne objave","img":{"alt_text":"","src":"https:\/\/i1.wp.com\/astehshop.com\/wp-content\/uploads\/2020\/09\/TD-7421AS1-P.jpg?fit=842%2C782&resize=350%2C200","width":350,"height":200},"classes":[]},{"id":8292,"url":"http:\/\/astehshop.com\/index.php\/product\/wifi-kamera-imou-ipc-t22ep\/","url_meta":{"origin":8290,"position":3},"title":"Wifi kamera Imou IPC-T22EP","date":"19. listopada 2023.","format":false,"excerpt":"IP WiFi 2MP Eyeball IC kamera. 1\/2.8\u201d CMOS, progresivno skeniranje. Efektivni broj piksela 1920 x 1080. Fiksni objektiv 2.8mm (Vidni ugao: 92\u00b0 horizontalno). Opciono: 3.6mm (Vidni ugao 78\u00b0). 16x Digitalni zum. H.265\/H.264 video kompresija, do 25\/30 fps u svim rezolucijama. IC dometa 30m. Inkorporiran mikrofon. Detekcija pokreta, detekcija ljudi. RJ-45\u2026","rel":"","context":"Srodne objave","img":{"alt_text":"","src":"https:\/\/i0.wp.com\/astehshop.com\/wp-content\/uploads\/2023\/10\/b-IPC-T22EAPimg.jpg?fit=720%2C660&resize=350%2C200","width":350,"height":200},"classes":[]},{"id":8297,"url":"http:\/\/astehshop.com\/index.php\/product\/dahua-imou-ipc-f22eap-poe\/","url_meta":{"origin":8290,"position":4},"title":"Dahua Imou IPC-F22EAP POE","date":"19. listopada 2023.","format":false,"excerpt":"P 2MP bullet kamera; Imou; IC 30m; 2.8mm; mikrofon; plastika; IP67; PoE. IP 2MP PoE Bullet IC kamera. 1\/2.8\u201d CMOS, progresivno skeniranje. Efektivni broj piksela 1920 x 1080. Fiksni objektiv 2.8mm (Vidni ugao: 102\u00b0 horizontalno). Opciono: 3.6mm (89\u00b0). 8x Digitalni zum. H.265\/H.264 video kompresija, do 25\/30 fps u svim rezolucijama.\u2026","rel":"","context":"Srodne objave","img":{"alt_text":"","src":"https:\/\/i1.wp.com\/astehshop.com\/wp-content\/uploads\/2023\/10\/ipc-f22ap-4.jpg?fit=1200%2C745&resize=350%2C200","width":350,"height":200},"classes":[]},{"id":3579,"url":"http:\/\/astehshop.com\/index.php\/product\/kamera-ip-4mp-dvw30m400zoom-poe\/","url_meta":{"origin":8290,"position":5},"title":"Kamera IP 4MP DVW30M400ZOOM POE","date":"31. kolovoza 2019.","format":false,"excerpt":"Kamera IP 4 megapiksela, tip kamere Dome, CMOS senzor 1\/3\", Lens 2.8 - 12.0mm, IR domet 30 metara, autofokus, Infrared LED:14\u00b5 x 24, Ethernet 10\/100M (RJ45), kut gledanja 26\u00ba - 90\u00ba, aplikacija za smartphone Android\/iOS, ONVIF protokol version 2.4, PoE, IP66 za\u0161tita (otporna na vodu i pra\u0161inu), metalno ku\u0107i\u0161te, DC\u2026","rel":"","context":"Srodne objave","img":{"alt_text":"","src":"https:\/\/i0.wp.com\/astehshop.com\/wp-content\/uploads\/2019\/08\/DVW30M400ZOOM-POE.png?fit=1200%2C1200&resize=350%2C200","width":350,"height":200},"classes":[]}],"_links":{"self":[{"href":"http:\/\/astehshop.com\/index.php\/wp-json\/wp\/v2\/product\/8290"}],"collection":[{"href":"http:\/\/astehshop.com\/index.php\/wp-json\/wp\/v2\/product"}],"about":[{"href":"http:\/\/astehshop.com\/index.php\/wp-json\/wp\/v2\/types\/product"}],"replies":[{"embeddable":true,"href":"http:\/\/astehshop.com\/index.php\/wp-json\/wp\/v2\/comments?post=8290"}],"wp:featuredmedia":[{"embeddable":true,"href":"http:\/\/astehshop.com\/index.php\/wp-json\/wp\/v2\/media\/8291"}],"wp:attachment":[{"href":"http:\/\/astehshop.com\/index.php\/wp-json\/wp\/v2\/media?parent=8290"}],"wp:term":[{"taxonomy":"product_cat","embeddable":true,"href":"http:\/\/astehshop.com\/index.php\/wp-json\/wp\/v2\/product_cat?post=8290"},{"taxonomy":"product_tag","embeddable":true,"href":"http:\/\/astehshop.com\/index.php\/wp-json\/wp\/v2\/product_tag?post=8290"}],"curies":[{"name":"wp","href":"https:\/\/api.w.org\/{rel}","templated":true}]}}