{"id":8283,"date":"2023-10-06T18:56:52","date_gmt":"2023-10-06T16:56:52","guid":{"rendered":"http:\/\/astehshop.com\/?post_type=product&#038;p=8283"},"modified":"2024-02-18T10:40:08","modified_gmt":"2024-02-18T09:40:08","slug":"tastatura-paradox-k32lx","status":"publish","type":"product","link":"http:\/\/astehshop.com\/index.php\/product\/tastatura-paradox-k32lx\/","title":{"rendered":"Tastatura Paradox K32LX"},"content":{"rendered":"<p>LCD \u0161ifrator sa ugra\u0111enim be\u017ei\u010dnim prijemnikom, bez daljinskog upravlja\u010da<br \/>\nKompatibilan sa centralama iz SpectraSP serije, <strong>u kompletu se ne isporu\u010duje daljinski upravlja\u010d.<\/strong> Podr\u017eava REM1 V3.0, REM15, REM2 V1.04,REM25, REM3, RAC1 V2.0, RAC2 V1.0, PMD2P, PMD1P, PMD75, PMD85, DCT10, DCT2, DCTXP2, DCT6, GS250, SD738, 2WPGM, RPT1, K32RF (K32LRF), K37 (K32IRF), SR150, SR120, SR130,WS\/WC\/WH588P, SD360, G550, NVR780, WD1, NV35MR, NV75MR, NV780MR<\/p>\n","protected":false},"excerpt":{"rendered":"<p>LCD \u0161ifrator sa ugra\u0111enim be\u017ei\u010dnim prijemnikom, bez daljinskog upravlja\u010da<br \/>\nKompatibilan sa centralama iz SpectraSP serije, <strong>u kompletu se ne isporu\u010duje daljinski upravlja\u010d.<\/strong> Podr\u017eava REM1 V3.0, REM15, REM2 V1.04,REM25, REM3, RAC1 V2.0, RAC2 V1.0, PMD2P, PMD1P, PMD75, PMD85, DCT10, DCT2, DCTXP2, DCT6, GS250, SD738, 2WPGM, RPT1, K32RF (K32LRF), K37 (K32IRF), SR150, SR120, SR130,WS\/WC\/WH588P, SD360, G550, NVR780, WD1, NV35MR, NV75MR, NV780MR<\/p>\n","protected":false},"featured_media":8284,"comment_status":"open","ping_status":"closed","template":"","meta":{"_mi_skip_tracking":false,"_exactmetrics_sitenote_active":false,"_exactmetrics_sitenote_note":"","_exactmetrics_sitenote_category":0,"spay_email":""},"product_cat":[144],"product_tag":[274,5966,5967,5968],"brands":[{"id":2046,"name":"paradox","slug":"paradox"}],"df_price":255,"df_sale_price":"","df_regular_price":255,"df_image_link":"https:\/\/i0.wp.com\/astehshop.com\/wp-content\/uploads\/2023\/10\/paradox-pxmx32lx-keyboard-with-two-way-radio-receiver-paradox-k32lx-86-pxmx32lx-8b3.jpg?fit=450%2C450","jetpack_publicize_connections":[],"jetpack_sharing_enabled":true,"jetpack_likes_enabled":true,"jetpack-related-posts":[{"id":8889,"url":"http:\/\/astehshop.com\/index.php\/product\/paradox-rem25-daljinski\/","url_meta":{"origin":8283,"position":0},"title":"Paradox REM25 daljinski","date":"14. sije\u010dnja 2024.","format":false,"excerpt":"Daljinski upravlja\u010d sa 5 tastera sa dvosmernom komunikacijom, bele boje Vodootporan, do 6 razli\u010ditih operacija (uklju\u010denje \/ isklju\u010denje sistema, kontrola PGMova,...), prikaz statusa sistema, kompatibilan sa svim MG centralama, RTX3, K641LX, K32LX.","rel":"","context":"Srodne objave","img":{"alt_text":"","src":"https:\/\/i2.wp.com\/astehshop.com\/wp-content\/uploads\/2024\/01\/paradox-rem25w_0.jpg?fit=1200%2C675&resize=350%2C200","width":350,"height":200},"classes":[]},{"id":2505,"url":"http:\/\/astehshop.com\/index.php\/product\/paradox-daljinski-rem15\/","url_meta":{"origin":8283,"position":1},"title":"Paradox daljinski REM15","date":"27. velja\u010de 2018.","format":false,"excerpt":"Daljinski upravlja\u010d sa 5 razli\u010ditih operacija, vodootporan, pozadinsko osvetljenje,","rel":"","context":"Srodne objave","img":{"alt_text":"","src":"https:\/\/i1.wp.com\/astehshop.com\/wp-content\/uploads\/2018\/02\/rem-15-daljinski.jpg?fit=500%2C406&resize=350%2C200","width":350,"height":200},"classes":[]},{"id":2502,"url":"http:\/\/astehshop.com\/index.php\/product\/daljinski-paradox-rem1\/","url_meta":{"origin":8283,"position":2},"title":"Daljinski Paradox REM1","date":"27. velja\u010de 2018.","format":false,"excerpt":"Daljinski upravlja\u010d sa 4 tastera, vodootporan, do 5 razli\u010ditih operacija","rel":"","context":"Srodne objave","img":{"alt_text":"","src":"https:\/\/i1.wp.com\/astehshop.com\/wp-content\/uploads\/2018\/02\/rem-1-daljinski.jpg?fit=500%2C406&resize=350%2C200","width":350,"height":200},"classes":[]},{"id":2508,"url":"http:\/\/astehshop.com\/index.php\/product\/paradox-daljinski-rem2\/","url_meta":{"origin":8283,"position":3},"title":"Paradox daljinski REM2","date":"27. velja\u010de 2018.","format":false,"excerpt":"Daljinski upravlja\u010d sa 5 tastera sa dvosmjernom komunikacijom vodootporan, do 6 razli\u010ditih operacija","rel":"","context":"Srodne objave","img":{"alt_text":"","src":"https:\/\/i0.wp.com\/astehshop.com\/wp-content\/uploads\/2018\/02\/rem2-paradox.jpg?fit=500%2C406&resize=350%2C200","width":350,"height":200},"classes":[]},{"id":3978,"url":"http:\/\/astehshop.com\/index.php\/product\/paradox-k641r-lcd-sifrator-tastatura\/","url_meta":{"origin":8283,"position":4},"title":"Paradox K641R LCD \u0161ifrator tastatura","date":"18. velja\u010de 2020.","format":false,"excerpt":"\u2022 32 znakovni plavi LCD modul tipkovnice sa ugra\u0111enim \u010dita\u010dem kartica \u2022 Podesivo pozadinsko osvjetljenje, kontrast i brzina skrolanja \u2022 Pru\u017ea pristup preko kartice ili korisni\u010dke \u0161ifre \u2022 Uklju\u010divanje\/isklju\u010divanje alarma sa karticom \u2022 Magnetni kontakt","rel":"","context":"Srodne objave","img":{"alt_text":"","src":"https:\/\/i1.wp.com\/astehshop.com\/wp-content\/uploads\/2020\/02\/K641R.jpg?fit=946%2C952&resize=350%2C200","width":350,"height":200},"classes":[]},{"id":3976,"url":"http:\/\/astehshop.com\/index.php\/product\/paradox-k641lx-lcd-sifrator-tastatura\/","url_meta":{"origin":8283,"position":5},"title":"Paradox K641LX LCD \u0161ifrator tastatura","date":"18. velja\u010de 2020.","format":false,"excerpt":"\u2022 32 znakovni plavi LCD modul tipkovnice sa ugra\u0111enim primopredajnikom \u2022 Podesivo pozadinsko osvjetljenje, kontrast i brzina skrolanja \u2022 Prikaz vremena koriste\u0107i 12h ili 24h format \u2022 Ugra\u0111eni primopredajnik (433 ili 868 MHz)","rel":"","context":"Srodne objave","img":{"alt_text":"","src":"https:\/\/i0.wp.com\/astehshop.com\/wp-content\/uploads\/2020\/02\/K641LX.jpg?fit=856%2C840&resize=350%2C200","width":350,"height":200},"classes":[]}],"_links":{"self":[{"href":"http:\/\/astehshop.com\/index.php\/wp-json\/wp\/v2\/product\/8283"}],"collection":[{"href":"http:\/\/astehshop.com\/index.php\/wp-json\/wp\/v2\/product"}],"about":[{"href":"http:\/\/astehshop.com\/index.php\/wp-json\/wp\/v2\/types\/product"}],"replies":[{"embeddable":true,"href":"http:\/\/astehshop.com\/index.php\/wp-json\/wp\/v2\/comments?post=8283"}],"wp:featuredmedia":[{"embeddable":true,"href":"http:\/\/astehshop.com\/index.php\/wp-json\/wp\/v2\/media\/8284"}],"wp:attachment":[{"href":"http:\/\/astehshop.com\/index.php\/wp-json\/wp\/v2\/media?parent=8283"}],"wp:term":[{"taxonomy":"product_cat","embeddable":true,"href":"http:\/\/astehshop.com\/index.php\/wp-json\/wp\/v2\/product_cat?post=8283"},{"taxonomy":"product_tag","embeddable":true,"href":"http:\/\/astehshop.com\/index.php\/wp-json\/wp\/v2\/product_tag?post=8283"}],"curies":[{"name":"wp","href":"https:\/\/api.w.org\/{rel}","templated":true}]}}