{"id":7962,"date":"2023-06-16T20:20:45","date_gmt":"2023-06-16T18:20:45","guid":{"rendered":"http:\/\/astehshop.com\/?post_type=product&#038;p=7962"},"modified":"2023-06-16T20:20:45","modified_gmt":"2023-06-16T18:20:45","slug":"ugradni-zvucnik-t-104gk","status":"publish","type":"product","link":"http:\/\/astehshop.com\/index.php\/product\/ugradni-zvucnik-t-104gk\/","title":{"rendered":"Ugradni zvu\u010dnik T-104GK"},"content":{"rendered":"<p><span class=\"HwtZe\" lang=\"bs\"><span class=\"jCAhz ChMk0b\"><span class=\"ryNqvb\">T-104GK je stropni zvu\u010dnik ugra\u0111en u transformator od 70v\/100v. Tehnika transformatora od 70v\/100v smanjuje gubitke u liniji na du\u017eim udaljenostima i omogu\u0107ava jednostavno paralelno povezivanje<\/span><\/span> <span class=\"jCAhz ChMk0b\"><span class=\"ryNqvb\">vi\u0161e zvu\u010dnika.<\/span><\/span> <span class=\"jCAhz ChMk0b\"><span class=\"ryNqvb\">Ugra\u0111eni 4\u201d vodootporni drajver zvu\u010dnika je dizajniran sa \u0161irokim frekventnim odzivom 90-20kHz, vi\u0161estruke slavine 3W i 6W su korisne za razli\u010dite primjene koje variraju od veli\u010dine sobe i ambijentalne buke.<\/span><\/span> <span class=\"jCAhz ChMk0b\"><span class=\"ryNqvb\">Metalna re\u0161etka, ABS pregrada i metalni stra\u017enji poklopac su obojeni u atraktivnu RAL9016 bijelu boju.<\/span><\/span> <span class=\"jCAhz ChMk0b\"><span class=\"ryNqvb\">Njegova opru\u017ena stezaljka \u010dini jednostavnu i sigurnu instalaciju.<\/span><\/span> <span class=\"jCAhz ChMk0b\"><span class=\"ryNqvb\">Idealan je izbor za industrijsku i komercijalnu primenu u hotelima, \u0161kolama, kancelarijama i fabrikama gde je potrebna muzika u pozadini i pejd\u017eing.<\/span><\/span><\/span><\/p>\n","protected":false},"excerpt":{"rendered":"<p><span class=\"HwtZe\" lang=\"bs\"><span class=\"jCAhz ChMk0b\"><span class=\"ryNqvb\">T-104GK je stropni zvu\u010dnik ugra\u0111en u transformator od 70v\/100v. Tehnika transformatora od 70v\/100v smanjuje gubitke u liniji na du\u017eim udaljenostima i omogu\u0107ava jednostavno paralelno povezivanje<\/span><\/span> <span class=\"jCAhz ChMk0b\"><span class=\"ryNqvb\">vi\u0161e zvu\u010dnika.<\/span><\/span> <span class=\"jCAhz ChMk0b\"><span class=\"ryNqvb\">Ugra\u0111eni 4\u201d vodootporni drajver zvu\u010dnika je dizajniran sa \u0161irokim frekventnim odzivom 90-20kHz, vi\u0161estruke slavine 3W i 6W su korisne za razli\u010dite primjene koje variraju od veli\u010dine sobe i ambijentalne buke.<\/span><\/span> <span class=\"jCAhz ChMk0b\"><span class=\"ryNqvb\">Metalna re\u0161etka, ABS pregrada i metalni stra\u017enji poklopac su obojeni u atraktivnu RAL9016 bijelu boju.<\/span><\/span> <span class=\"jCAhz ChMk0b\"><span class=\"ryNqvb\">Njegova opru\u017ena stezaljka \u010dini jednostavnu i sigurnu instalaciju.<\/span><\/span> <span class=\"jCAhz ChMk0b\"><span class=\"ryNqvb\">Idealan je izbor za industrijsku i komercijalnu primenu u hotelima, \u0161kolama, kancelarijama i fabrikama gde je potrebna muzika u pozadini i pejd\u017eing.<\/span><\/span><\/span><\/p>\n","protected":false},"featured_media":7963,"comment_status":"open","ping_status":"closed","template":"","meta":{"_mi_skip_tracking":false,"_exactmetrics_sitenote_active":false,"_exactmetrics_sitenote_note":"","_exactmetrics_sitenote_category":0,"spay_email":""},"product_cat":[5612],"product_tag":[5618,5617,5606],"brands":[],"df_price":65,"df_sale_price":"","df_regular_price":65,"df_image_link":"https:\/\/i2.wp.com\/astehshop.com\/wp-content\/uploads\/2023\/06\/T-104GK.jpg?fit=418%2C450","jetpack_publicize_connections":[],"jetpack_sharing_enabled":true,"jetpack_likes_enabled":true,"jetpack-related-posts":[{"id":7958,"url":"http:\/\/astehshop.com\/index.php\/product\/ugradni-zvucnik-tc-t-105u-itc\/","url_meta":{"origin":7962,"position":0},"title":"Ugradni zvu\u010dnik TC T-105U ITC","date":"16. lipnja 2023.","format":false,"excerpt":"T-105U je plafonski zvu\u010dnik sa ugra\u0111enim transformatorom od 70v\/100v. The Tehnika transformatora 70v\/100v smanjuje gubitke u liniji na du\u017eim udaljenostima i omogu\u0107ava jednostavno paralelno povezivanje vi\u0161e zvu\u010dnika. Ugra\u0111eni 5\u201d drajver zvu\u010dnika je dizajniran za \u0161irok frekventni odziv 80-16kHz, vi\u0161estruki odvodnici 1,5W, 3W i 6W su korisni za razli\u010dite primjene variraju\u2026","rel":"","context":"Srodne objave","img":{"alt_text":"","src":"https:\/\/i1.wp.com\/astehshop.com\/wp-content\/uploads\/2023\/06\/TC-T-105U.jpg?fit=1200%2C1166&resize=350%2C200","width":350,"height":200},"classes":[]},{"id":7964,"url":"http:\/\/astehshop.com\/index.php\/product\/itc-t-775w-5-incni-dvosmjerni-30w-zvucnik-za-montiranje-na-zid\/","url_meta":{"origin":7962,"position":1},"title":"ITC T-775W 5-in\u010dni dvosmjerni 30W zvu\u010dnik za montiranje na zid","date":"16. lipnja 2023.","format":false,"excerpt":"T-775 je zidni zvu\u010dnik sa ugra\u0111enim transformatorom od 70v\/100v. Tehnika transformatora 70v\/100v smanjuje gubitke u liniji na ve\u0107oj udaljenosti i omogu\u0107ava lako paralelno povezivanje vi\u0161e zvu\u010dnika. Ugra\u0111eni 5\u201d+1,5\u201d dvosmjerni drajver zvu\u010dnika je dizajniran za \u0161irok frekventni odziv 130-15kHz, RMS izlazne snage 30 vati su pogodne za ve\u0107inu aplikacija. Metalna re\u0161etka,\u2026","rel":"","context":"Srodne objave","img":{"alt_text":"","src":"https:\/\/i2.wp.com\/astehshop.com\/wp-content\/uploads\/2023\/06\/T-775W.jpg?fit=930%2C948&resize=350%2C200","width":350,"height":200},"classes":[]},{"id":7986,"url":"http:\/\/astehshop.com\/index.php\/product\/zidni-zvucnik-dsp112\/","url_meta":{"origin":7962,"position":2},"title":"Zidni zvu\u010dnik DSP112","date":"19. lipnja 2023.","format":false,"excerpt":"5\u201d Zidni zvu\u010dnik za 70\/100V liniju. Snaga 1.5W-3W-5W na 70V. 3W-6W na 100V. Osetljivost 91dB, frekventni opseg 120Hz-14kHz. Materijal ABS. Dimenzije: 277\u0445180x80mm, te\u017eina 0.95Kg. Nazidna monta\u017ea.","rel":"","context":"Srodne objave","img":{"alt_text":"","src":"https:\/\/i0.wp.com\/astehshop.com\/wp-content\/uploads\/2023\/06\/DSP112.jpg?fit=600%2C600&resize=350%2C200","width":350,"height":200},"classes":[]},{"id":7971,"url":"http:\/\/astehshop.com\/index.php\/product\/plafonski-zvucnik-dsp3011\/","url_meta":{"origin":7962,"position":3},"title":"Plafonski zvu\u010dnik DSP3011","date":"19. lipnja 2023.","format":false,"excerpt":"3\u02ba plafonski zvu\u010dnik za 70\/100V liniju. Snaga 1.5-3W\/70V, 3-6W\/100V,\u00a0 osetljivost 88dB\u00b12dB, frekventni opseg 120Hz-20kHz. Te\u017eina 0.5kg. Materijal aluminijum. Dimenzija otvora za monta\u017eu 90-93mm. Spoljni pre\u010dnik 104mm. Dubina 76mm. Ugradna monta\u017ea sa bo\u010dnim kop\u010dama sa oprugama.","rel":"","context":"Srodne objave","img":{"alt_text":"","src":"https:\/\/i1.wp.com\/astehshop.com\/wp-content\/uploads\/2023\/06\/DSP3011.jpg?fit=400%2C400&resize=350%2C200","width":350,"height":200},"classes":[]},{"id":7994,"url":"http:\/\/astehshop.com\/index.php\/product\/vodootporan-zidni-zvucnik-dsp255ii-crni-ili-bijeli\/","url_meta":{"origin":7962,"position":4},"title":"Vodootporan zidni zvu\u010dnik DSP255II crni ili bijeli","date":"20. lipnja 2023.","format":false,"excerpt":"2x3\u201d, 1.1\u201d, vodootporan, zidni zvu\u010dnik, za 100V\/70V\/8\u03a9 liniju. Snaga 1W-2W-4W-8W-15W na 70V, 2W-4W-8W-15W-30W na 100V. 30W na 8\u03a9. RMS 30W. Osetljivost 87dB, Maksimalni nivo zvuka 102dB\/1m, frekventni opseg 140Hz-20kHz. Rotacioni prekida\u010d za izbor snage\/impedanse. Materijal Aluminijum. Dimenzije: 109x102x376mm, te\u017eina 3kg. Nazidna monta\u017ea. Bijela\/Crna boja. Komplet sa U- nosa\u010dem.","rel":"","context":"Srodne objave","img":{"alt_text":"","src":"https:\/\/i1.wp.com\/astehshop.com\/wp-content\/uploads\/2023\/06\/DSP255II.jpg?fit=600%2C600&resize=350%2C200","width":350,"height":200},"classes":[]},{"id":7988,"url":"http:\/\/astehshop.com\/index.php\/product\/zidni-zvucnik-crni-ili-bijeli\/","url_meta":{"origin":7962,"position":5},"title":"Zidni zvu\u010dnik crni ili bijeli","date":"19. lipnja 2023.","format":false,"excerpt":"4\u201d dvosistemski zidni zvu\u010dnik, za 100V\/70V\/8\u03a9 liniju. Snaga 2W-4W-8W-15W-20W na 70V, 4W-8W-15W-20W na 100V. 20W na 8\u03a9. RMS 20W. Osetljivost 90dB, Maksimalni nivo zvuka103dB\/1m, frekventni opseg 95Hz-20kHz. Rotacioni prekida\u010d za izbor snage\/impedanse. Materijal Aluminijum, ABS. Dimenzije: 255x176x170mm, te\u017eina 2.6kg. Nazidna monta\u017ea.","rel":"","context":"Srodne objave","img":{"alt_text":"","src":"https:\/\/i0.wp.com\/astehshop.com\/wp-content\/uploads\/2023\/06\/DSP8062.jpg?fit=600%2C600&resize=350%2C200","width":350,"height":200},"classes":[]}],"_links":{"self":[{"href":"http:\/\/astehshop.com\/index.php\/wp-json\/wp\/v2\/product\/7962"}],"collection":[{"href":"http:\/\/astehshop.com\/index.php\/wp-json\/wp\/v2\/product"}],"about":[{"href":"http:\/\/astehshop.com\/index.php\/wp-json\/wp\/v2\/types\/product"}],"replies":[{"embeddable":true,"href":"http:\/\/astehshop.com\/index.php\/wp-json\/wp\/v2\/comments?post=7962"}],"wp:featuredmedia":[{"embeddable":true,"href":"http:\/\/astehshop.com\/index.php\/wp-json\/wp\/v2\/media\/7963"}],"wp:attachment":[{"href":"http:\/\/astehshop.com\/index.php\/wp-json\/wp\/v2\/media?parent=7962"}],"wp:term":[{"taxonomy":"product_cat","embeddable":true,"href":"http:\/\/astehshop.com\/index.php\/wp-json\/wp\/v2\/product_cat?post=7962"},{"taxonomy":"product_tag","embeddable":true,"href":"http:\/\/astehshop.com\/index.php\/wp-json\/wp\/v2\/product_tag?post=7962"}],"curies":[{"name":"wp","href":"https:\/\/api.w.org\/{rel}","templated":true}]}}