{"id":7958,"date":"2023-06-16T20:11:25","date_gmt":"2023-06-16T18:11:25","guid":{"rendered":"http:\/\/astehshop.com\/?post_type=product&#038;p=7958"},"modified":"2023-06-16T20:11:26","modified_gmt":"2023-06-16T18:11:26","slug":"ugradni-zvucnik-tc-t-105u-itc","status":"publish","type":"product","link":"http:\/\/astehshop.com\/index.php\/product\/ugradni-zvucnik-tc-t-105u-itc\/","title":{"rendered":"Ugradni zvu\u010dnik TC T-105U ITC"},"content":{"rendered":"<p>T-105U je plafonski zvu\u010dnik sa ugra\u0111enim transformatorom od 70v\/100v. The<br \/>\nTehnika transformatora 70v\/100v smanjuje gubitke u liniji na du\u017eim udaljenostima<br \/>\ni omogu\u0107ava jednostavno paralelno povezivanje vi\u0161e zvu\u010dnika.<br \/>\nUgra\u0111eni 5\u201d drajver zvu\u010dnika je dizajniran za \u0161irok frekventni odziv<br \/>\n80-16kHz, vi\u0161estruki odvodnici 1,5W, 3W i 6W su korisni za<br \/>\nrazli\u010dite primjene variraju od veli\u010dine sobe i ambijentalne buke<br \/>\nokolina. Metalna re\u0161etka i ABS pregrada su ofarbani u atraktivnu bijelu boju. Njegova opru\u017ena obujmica olak\u0161ava<br \/>\ni sigurnu instalaciju.<br \/>\nIdealan je izbor za industrijsku i komercijalnu primenu u hotelima, \u0161kolama, kancelarijama i fabrikama gde je muzika u pozadini<br \/>\ni potrebno je pejd\u017eing.<\/p>\n","protected":false},"excerpt":{"rendered":"<p>T-105U je plafonski zvu\u010dnik sa ugra\u0111enim transformatorom od 70v\/100v. The<br \/>\nTehnika transformatora 70v\/100v smanjuje gubitke u liniji na du\u017eim udaljenostima<br \/>\ni omogu\u0107ava jednostavno paralelno povezivanje vi\u0161e zvu\u010dnika.<br \/>\nUgra\u0111eni 5\u201d drajver zvu\u010dnika je dizajniran za \u0161irok frekventni odziv<br \/>\n80-16kHz, vi\u0161estruki odvodnici 1,5W, 3W i 6W su korisni za<br \/>\nrazli\u010dite primjene variraju od veli\u010dine sobe i ambijentalne buke<br \/>\nokolina. Metalna re\u0161etka i ABS pregrada su ofarbani u atraktivnu bijelu boju. Njegova opru\u017ena obujmica olak\u0161ava<br \/>\ni sigurnu instalaciju.<br \/>\nIdealan je izbor za industrijsku i komercijalnu primenu u hotelima, \u0161kolama, kancelarijama i fabrikama gde je muzika u pozadini<br \/>\ni potrebno je pejd\u017eing.<\/p>\n","protected":false},"featured_media":7959,"comment_status":"open","ping_status":"closed","template":"","meta":{"_mi_skip_tracking":false,"_exactmetrics_sitenote_active":false,"_exactmetrics_sitenote_note":"","_exactmetrics_sitenote_category":0,"spay_email":""},"product_cat":[5604],"product_tag":[5607,5605,5606,5608,5611,5609,5610],"brands":[],"df_price":39,"df_sale_price":"","df_regular_price":39,"df_image_link":"https:\/\/i1.wp.com\/astehshop.com\/wp-content\/uploads\/2023\/06\/TC-T-105U.jpg?fit=450%2C437","jetpack_publicize_connections":[],"jetpack_sharing_enabled":true,"jetpack_likes_enabled":true,"jetpack-related-posts":[{"id":7964,"url":"http:\/\/astehshop.com\/index.php\/product\/itc-t-775w-5-incni-dvosmjerni-30w-zvucnik-za-montiranje-na-zid\/","url_meta":{"origin":7958,"position":0},"title":"ITC T-775W 5-in\u010dni dvosmjerni 30W zvu\u010dnik za montiranje na zid","date":"16. lipnja 2023.","format":false,"excerpt":"T-775 je zidni zvu\u010dnik sa ugra\u0111enim transformatorom od 70v\/100v. Tehnika transformatora 70v\/100v smanjuje gubitke u liniji na ve\u0107oj udaljenosti i omogu\u0107ava lako paralelno povezivanje vi\u0161e zvu\u010dnika. Ugra\u0111eni 5\u201d+1,5\u201d dvosmjerni drajver zvu\u010dnika je dizajniran za \u0161irok frekventni odziv 130-15kHz, RMS izlazne snage 30 vati su pogodne za ve\u0107inu aplikacija. Metalna re\u0161etka,\u2026","rel":"","context":"Srodne objave","img":{"alt_text":"","src":"https:\/\/i2.wp.com\/astehshop.com\/wp-content\/uploads\/2023\/06\/T-775W.jpg?fit=930%2C948&resize=350%2C200","width":350,"height":200},"classes":[]},{"id":7962,"url":"http:\/\/astehshop.com\/index.php\/product\/ugradni-zvucnik-t-104gk\/","url_meta":{"origin":7958,"position":1},"title":"Ugradni zvu\u010dnik T-104GK","date":"16. lipnja 2023.","format":false,"excerpt":"T-104GK je stropni zvu\u010dnik ugra\u0111en u transformator od 70v\/100v. Tehnika transformatora od 70v\/100v smanjuje gubitke u liniji na du\u017eim udaljenostima i omogu\u0107ava jednostavno paralelno povezivanje vi\u0161e zvu\u010dnika. Ugra\u0111eni 4\u201d vodootporni drajver zvu\u010dnika je dizajniran sa \u0161irokim frekventnim odzivom 90-20kHz, vi\u0161estruke slavine 3W i 6W su korisne za razli\u010dite primjene koje\u2026","rel":"","context":"Srodne objave","img":{"alt_text":"","src":"https:\/\/i2.wp.com\/astehshop.com\/wp-content\/uploads\/2023\/06\/T-104GK.jpg?fit=876%2C942&resize=350%2C200","width":350,"height":200},"classes":[]},{"id":7971,"url":"http:\/\/astehshop.com\/index.php\/product\/plafonski-zvucnik-dsp3011\/","url_meta":{"origin":7958,"position":2},"title":"Plafonski zvu\u010dnik DSP3011","date":"19. lipnja 2023.","format":false,"excerpt":"3\u02ba plafonski zvu\u010dnik za 70\/100V liniju. Snaga 1.5-3W\/70V, 3-6W\/100V,\u00a0 osetljivost 88dB\u00b12dB, frekventni opseg 120Hz-20kHz. Te\u017eina 0.5kg. Materijal aluminijum. Dimenzija otvora za monta\u017eu 90-93mm. Spoljni pre\u010dnik 104mm. Dubina 76mm. Ugradna monta\u017ea sa bo\u010dnim kop\u010dama sa oprugama.","rel":"","context":"Srodne objave","img":{"alt_text":"","src":"https:\/\/i1.wp.com\/astehshop.com\/wp-content\/uploads\/2023\/06\/DSP3011.jpg?fit=400%2C400&resize=350%2C200","width":350,"height":200},"classes":[]},{"id":7986,"url":"http:\/\/astehshop.com\/index.php\/product\/zidni-zvucnik-dsp112\/","url_meta":{"origin":7958,"position":3},"title":"Zidni zvu\u010dnik DSP112","date":"19. lipnja 2023.","format":false,"excerpt":"5\u201d Zidni zvu\u010dnik za 70\/100V liniju. Snaga 1.5W-3W-5W na 70V. 3W-6W na 100V. Osetljivost 91dB, frekventni opseg 120Hz-14kHz. Materijal ABS. Dimenzije: 277\u0445180x80mm, te\u017eina 0.95Kg. Nazidna monta\u017ea.","rel":"","context":"Srodne objave","img":{"alt_text":"","src":"https:\/\/i0.wp.com\/astehshop.com\/wp-content\/uploads\/2023\/06\/DSP112.jpg?fit=600%2C600&resize=350%2C200","width":350,"height":200},"classes":[]},{"id":7974,"url":"http:\/\/astehshop.com\/index.php\/product\/plafonski-ugradni-zvucnik-dsp124\/","url_meta":{"origin":7958,"position":4},"title":"Plafonski ugradni zvu\u010dnik DSP124","date":"19. lipnja 2023.","format":false,"excerpt":"6.5\u02ba plafonski zvu\u010dnik za \u00a070\/100V liniju. Snaga 3-6W\/70V, 6-10W\/100V,\u00a0 osetljivost 90dB\u00b12dB, izobli\u010denja < 2%, frekventni opseg 83Hz-18kHz. Te\u017eina 0.66kg. Materijal Aluminijum. Dimenzija otvora za monta\u017eu 165-170mm. Spoljni pre\u010dnik 186mm. Dubina 90mm. Ugradna monta\u017ea sa bo\u010dnim kop\u010dama sa oprugama.","rel":"","context":"Srodne objave","img":{"alt_text":"","src":"https:\/\/i0.wp.com\/astehshop.com\/wp-content\/uploads\/2023\/06\/DSP124.jpg?fit=600%2C600&resize=350%2C200","width":350,"height":200},"classes":[]},{"id":7976,"url":"http:\/\/astehshop.com\/index.php\/product\/plafonski-ugradni-zvucnik-dsp6011\/","url_meta":{"origin":7958,"position":5},"title":"Plafonski ugradni zvu\u010dnik DSP6011","date":"19. lipnja 2023.","format":false,"excerpt":"6.5\u02ba plafonski zvu\u010dnik za \u00a070\/100V liniju. Snaga 3-6W\/70V, 6W\/100V,\u00a0 osetljivost 95dB\u00b12dB, izobli\u010denja < 1.5%, frekventni opseg 90Hz-20kHz. Te\u017eina 0.9kg. Materijal Aluminijum. Dimenzija otvora za monta\u017eu 165mm. Spoljni pre\u010dnik 185mm. Dubina 74mm. Ugradna monta\u017ea sa bo\u010dnim kop\u010dama sa oprugama.","rel":"","context":"Srodne objave","img":{"alt_text":"","src":"","width":0,"height":0},"classes":[]}],"_links":{"self":[{"href":"http:\/\/astehshop.com\/index.php\/wp-json\/wp\/v2\/product\/7958"}],"collection":[{"href":"http:\/\/astehshop.com\/index.php\/wp-json\/wp\/v2\/product"}],"about":[{"href":"http:\/\/astehshop.com\/index.php\/wp-json\/wp\/v2\/types\/product"}],"replies":[{"embeddable":true,"href":"http:\/\/astehshop.com\/index.php\/wp-json\/wp\/v2\/comments?post=7958"}],"wp:featuredmedia":[{"embeddable":true,"href":"http:\/\/astehshop.com\/index.php\/wp-json\/wp\/v2\/media\/7959"}],"wp:attachment":[{"href":"http:\/\/astehshop.com\/index.php\/wp-json\/wp\/v2\/media?parent=7958"}],"wp:term":[{"taxonomy":"product_cat","embeddable":true,"href":"http:\/\/astehshop.com\/index.php\/wp-json\/wp\/v2\/product_cat?post=7958"},{"taxonomy":"product_tag","embeddable":true,"href":"http:\/\/astehshop.com\/index.php\/wp-json\/wp\/v2\/product_tag?post=7958"}],"curies":[{"name":"wp","href":"https:\/\/api.w.org\/{rel}","templated":true}]}}