{"id":7868,"date":"2023-06-01T19:54:34","date_gmt":"2023-06-01T17:54:34","guid":{"rendered":"http:\/\/astehshop.com\/?post_type=product&#038;p=7868"},"modified":"2025-10-05T09:24:41","modified_gmt":"2025-10-05T07:24:41","slug":"alarmni-hub-vrhunski-model-dahua-arc3000h-fw2","status":"publish","type":"product","link":"http:\/\/astehshop.com\/index.php\/product\/alarmni-hub-vrhunski-model-dahua-arc3000h-fw2\/","title":{"rendered":"Alarmni hub vrhunski model Dahua ARC3000H-FW2"},"content":{"rendered":"<p>Alarmni hub, vrhunski model (WiFi, \u017ei\u010dna mre\u017ea, GPRS, 3G). Podr\u017eava do 150 periferija (do 6 sirena, 64 daljinaca). Frekvencija 868.0 MHz\u2013868.6 MHz, domet do 2.000m na otvorenom. 2-smerna komunikacija sa AES128 enkripcijom. Frequency Hopping. Wi-Fi 2.4G\/5G. RJ-45 mre\u017eni port 10\/100Mbps. 3G\/GPRS. Single SIM (GSM:900\/1800MHz, WCDMA:B1\/B5\/B8, LTE-FDD:B1\/B3\/B5\/B7\/B8\/B20, LTE-TDD:B38\/B40\/B41). Dual SIM single standby. Ugra\u0111ena litijumska baterija autonomije do 12h. LED indikator, 3 tastera za upravljanje (reset, aktiviranje, AP). Tamper. Protokoli: TCP\/IP, L2TP, DHCP, UPNP, NTP. ANR, Cloud Update. Video verifikacija alarma. Stona ili zidna monta\u017ea. Dimenzije 163.0 mm \u00d7 163.0 mm \u00d7 32.0 mm, masa 0.38kg. Sa napajanjem 220VAc\/12Vdc 1.5A. CE sertifikovan. Slanje SMS-ova na do 5 brojeva, pozivanje na do 5 brojeva.<\/p>\n<p>&nbsp;<\/p>\n<p><a href=\"https:\/\/i0.wp.com\/astehshop.com\/wp-content\/uploads\/2023\/06\/dahua-arc3000h-fw2-con.jpg\" data-rel=\"lightbox-image-0\" data-rl_title=\"\" data-rl_caption=\"\" title=\"\"><img data-attachment-id=\"7870\" data-permalink=\"http:\/\/astehshop.com\/?attachment_id=7870\" data-orig-file=\"https:\/\/i0.wp.com\/astehshop.com\/wp-content\/uploads\/2023\/06\/dahua-arc3000h-fw2-con.jpg?fit=1000%2C724\" data-orig-size=\"1000,724\" data-comments-opened=\"1\" data-image-meta=\"{&quot;aperture&quot;:&quot;0&quot;,&quot;credit&quot;:&quot;&quot;,&quot;camera&quot;:&quot;&quot;,&quot;caption&quot;:&quot;&quot;,&quot;created_timestamp&quot;:&quot;0&quot;,&quot;copyright&quot;:&quot;&quot;,&quot;focal_length&quot;:&quot;0&quot;,&quot;iso&quot;:&quot;0&quot;,&quot;shutter_speed&quot;:&quot;0&quot;,&quot;title&quot;:&quot;&quot;,&quot;orientation&quot;:&quot;0&quot;}\" data-image-title=\"dahua-arc3000h-fw2-con\" data-image-description=\"\" data-image-caption=\"\" data-medium-file=\"https:\/\/i0.wp.com\/astehshop.com\/wp-content\/uploads\/2023\/06\/dahua-arc3000h-fw2-con.jpg?fit=450%2C326\" data-large-file=\"https:\/\/i0.wp.com\/astehshop.com\/wp-content\/uploads\/2023\/06\/dahua-arc3000h-fw2-con.jpg?fit=1000%2C724\" decoding=\"async\" loading=\"lazy\" class=\"alignnone size-medium wp-image-7870\" src=\"https:\/\/i0.wp.com\/astehshop.com\/wp-content\/uploads\/2023\/06\/dahua-arc3000h-fw2-con.jpg?resize=450%2C326\" alt=\"\" width=\"450\" height=\"326\" srcset=\"https:\/\/i0.wp.com\/astehshop.com\/wp-content\/uploads\/2023\/06\/dahua-arc3000h-fw2-con.jpg?resize=450%2C326 450w, https:\/\/i0.wp.com\/astehshop.com\/wp-content\/uploads\/2023\/06\/dahua-arc3000h-fw2-con.jpg?resize=768%2C556 768w, https:\/\/i0.wp.com\/astehshop.com\/wp-content\/uploads\/2023\/06\/dahua-arc3000h-fw2-con.jpg?resize=300%2C217 300w, https:\/\/i0.wp.com\/astehshop.com\/wp-content\/uploads\/2023\/06\/dahua-arc3000h-fw2-con.jpg?resize=600%2C434 600w, https:\/\/i0.wp.com\/astehshop.com\/wp-content\/uploads\/2023\/06\/dahua-arc3000h-fw2-con.jpg?w=1000 1000w\" sizes=\"(max-width: 450px) 100vw, 450px\" data-recalc-dims=\"1\" \/><\/a><\/p>\n","protected":false},"excerpt":{"rendered":"<p>Alarmni hub, vrhunski model (WiFi, \u017ei\u010dna mre\u017ea, GPRS, 3G). Podr\u017eava do 150 periferija (do 6 sirena, 64 daljinaca). Frekvencija 868.0 MHz\u2013868.6 MHz, domet do 2.000m na otvorenom. 2-smerna komunikacija sa AES128 enkripcijom. Frequency Hopping. Wi-Fi 2.4G\/5G. RJ-45 mre\u017eni port 10\/100Mbps. 3G\/GPRS. Single SIM (Ga<\/p>\n<p>Alarmni hub, vrhunski model (WiFi, \u017ei\u010dna mre\u017ea, GPRS, 3G). Podr\u017eava do 150 periferija (do 6 sirena, 64 daljinaca). Frekvencija 868.0 MHz\u2013868.6 MHz, domet do 2.000m na otvorenom. 2-smerna komunikacija sa AES128 enkripcijom. Frequency Hopping. Wi-Fi 2.4G\/5G. RJ-45 mre\u017eni port 10\/100Mbps. 3G\/GPRS. Single SIM (GSM:900\/1800MHz, WCDMA:B1\/B5\/B8, LTE-FDD:B1\/B3\/B5\/B7\/B8\/B20, LTE-TDD:B38\/B40\/B41). Dual SIM single standby. Ugra\u0111ena litijumska baterija autonomije do 12h. LED indikator, 3 tastera za upravljanje (reset, aktiviranje, AP). Tamper. Protokoli: TCP\/IP, L2TP, DHCP, UPNP, NTP. ANR, Cloud Update. Video verifikacija alarma. Stona ili zidna monta\u017ea. Dimenzije 163.0 mm \u00d7 163.0 mm \u00d7 32.0 mm, masa 0.38kg. Sa napajanjem 220VAc\/12Vdc 1.5A. CE sertifikovan. Slanje SMS-ova na do 5 brojeva, pozivanje na do 5 brojeva.<\/p>\n<p>&nbsp;<\/p>\n<p><a href=\"http:\/\/astehshop.com\/wp-content\/uploads\/2023\/06\/dahua-arc3000h-fw2-con.jpg\"><img decoding=\"async\" loading=\"lazy\" class=\"alignnone size-medium wp-image-7870\" src=\"http:\/\/astehshop.com\/wp-content\/uploads\/2023\/06\/dahua-arc3000h-fw2-con-450x326.jpg\" alt=\"\" width=\"450\" height=\"326\" srcset=\"https:\/\/i0.wp.com\/astehshop.com\/wp-content\/uploads\/2023\/06\/dahua-arc3000h-fw2-con.jpg?resize=450%2C326 450w, https:\/\/i0.wp.com\/astehshop.com\/wp-content\/uploads\/2023\/06\/dahua-arc3000h-fw2-con.jpg?resize=768%2C556 768w, https:\/\/i0.wp.com\/astehshop.com\/wp-content\/uploads\/2023\/06\/dahua-arc3000h-fw2-con.jpg?resize=300%2C217 300w, https:\/\/i0.wp.com\/astehshop.com\/wp-content\/uploads\/2023\/06\/dahua-arc3000h-fw2-con.jpg?resize=600%2C434 600w, https:\/\/i0.wp.com\/astehshop.com\/wp-content\/uploads\/2023\/06\/dahua-arc3000h-fw2-con.jpg?w=1000 1000w\" sizes=\"(max-width: 450px) 100vw, 450px\" \/><\/a><\/p>\n<p>SM:900\/1800MHz, WCDMA:B1\/B5\/B8, LTE-FDD:B1\/B3\/B5\/B7\/B8\/B20, LTE-TDD:B38\/B40\/B41). Dual SIM single standby. Ugra\u0111ena litijumska baterija autonomije do 12h. LED indikator, 3 tastera za upravljanje (reset, aktiviranje, AP). Tamper. Protokoli: TCP\/IP, L2TP, DHCP, UPNP, NTP. ANR, Cloud Update. Video verifikacija alarma. Stona ili zidna monta\u017ea. Dimenzije 163.0 mm \u00d7 163.0 mm \u00d7 32.0 mm, masa 0.38kg. Sa napajanjem 220VAc\/12Vdc 1.5A. CE sertifikovan. Slanje SMS-ova na do 5 brojeva, pozivanje na do 5 brojeva.<\/p>\n","protected":false},"featured_media":7869,"comment_status":"open","ping_status":"closed","template":"","meta":{"_mi_skip_tracking":false,"_exactmetrics_sitenote_active":false,"_exactmetrics_sitenote_note":"","_exactmetrics_sitenote_category":0,"spay_email":""},"product_cat":[142],"product_tag":[927,246,5540,5539,2663,933],"brands":[{"id":2045,"name":"Dahua","slug":"dahua"}],"df_price":499,"df_sale_price":"","df_regular_price":499,"df_image_link":"https:\/\/i2.wp.com\/astehshop.com\/wp-content\/uploads\/2023\/06\/dahua-arc3000h-fw2.jpg?fit=450%2C415","jetpack_publicize_connections":[],"jetpack_sharing_enabled":true,"jetpack_likes_enabled":true,"jetpack-related-posts":[{"id":5823,"url":"http:\/\/astehshop.com\/index.php\/product\/ajax-hub-plus-bijeli-ili-crni\/","url_meta":{"origin":7868,"position":0},"title":"AJAX Hub Plus Bijeli ili Crni","date":"20. sije\u010dnja 2022.","format":false,"excerpt":"Centralna jedinica (HUB) be\u017ei\u010dnog protuprovalnog sistema sa integriranim LAN, WiFi i Dual-SIM GSM\/GPRS komunikatorom, omogu\u0107eno dodavanje i rad do 150 be\u017ei\u010dnih ure\u0111aja, 25 particija, max 99 korisnika. Ugra\u0111ena back-up baterija. Crne ili bijele boje","rel":"","context":"Srodne objave","img":{"alt_text":"","src":"","width":0,"height":0},"classes":[]},{"id":2887,"url":"http:\/\/astehshop.com\/index.php\/product\/alarm-sigurnosni-birac-broja\/","url_meta":{"origin":7868,"position":1},"title":"ALARM SIGURNOSNI + BIRA\u010c BROJA","date":"8. listopada 2018.","format":false,"excerpt":"Alarmni uredjaj koji reagira na pokret i ima ugra\u0111en modem za biranje \u017eeljenog telefonskog broja u slu\u010daju aktiviranja ure\u0111aja. \u0160ifra od 4 znamenke. Pretprogramirano odga\u0111anje pri ulasku i izlasku. Tehni\u010dki podaci Alarm: 130dB ili tihi alarm Detekcija: infracrveno Domet detektora: 120\u00b0 na 6m Izlazno vrijeme: 30 sek Ulazno vrijeme: 10\u2026","rel":"","context":"Srodne objave","img":{"alt_text":"","src":"https:\/\/i2.wp.com\/astehshop.com\/wp-content\/uploads\/2018\/10\/konig-alarm.jpg?fit=478%2C497&resize=350%2C200","width":350,"height":200},"classes":[]},{"id":8487,"url":"http:\/\/astehshop.com\/index.php\/product\/dahua-airshield-bezicni-alarmni-set-promo-cijena\/","url_meta":{"origin":7868,"position":2},"title":"Dahua AirShield be\u017ei\u010dni alarmni set &#8211; promo cijena","date":"30. listopada 2023.","format":false,"excerpt":"U setu dobijate jedan Dahua HUB sa be\u017ei\u010dnom i \u017ei\u010danom konekcijom te SIM utorima Jedan daljinski jednu unutra\u0161nju sirenu jedan senzor pokreta jedan magnet Veoma laka integracija u DMSS aplikaciju \u00a0 https:\/\/www.youtube.com\/watch?v=KmuGyj8oxKI","rel":"","context":"Srodne objave","img":{"alt_text":"","src":"https:\/\/i2.wp.com\/astehshop.com\/wp-content\/uploads\/2023\/10\/dahua-alarm.jpg?fit=940%2C788&resize=350%2C200","width":350,"height":200},"classes":[]},{"id":8872,"url":"http:\/\/astehshop.com\/index.php\/product\/paradox-gprs-gsm-komunikator-pcs250\/","url_meta":{"origin":7868,"position":3},"title":"Paradox GPRS\/GSM komunikator PCS250","date":"14. sije\u010dnja 2024.","format":false,"excerpt":"GPRS\/GSM komunikator, ispunjava EN 50131 Security Grade 3 standard Slanje izve\u0161taja na IPR512GPRS\/IP monitoring stanicu, slanje SMS-ova, aktivacija i deaktivacija alarma slanjem SMS-a na PCS, slanje fabri\u010dki definisanih glasovnih poruka sa kombinacijom VDMP3 (samo u GSM modu), jednostavna instalacija, povezivanje sa 4 \u017eice.","rel":"","context":"Srodne objave","img":{"alt_text":"","src":"https:\/\/i0.wp.com\/astehshop.com\/wp-content\/uploads\/2024\/01\/paradox-pcs250_0.jpg?fit=1200%2C675&resize=350%2C200","width":350,"height":200},"classes":[]},{"id":7878,"url":"http:\/\/astehshop.com\/index.php\/product\/dahua-alarmni-daljinski-ard323-w2\/","url_meta":{"origin":7868,"position":4},"title":"Dahua alarmni daljinski ARD323-W2","date":"1. lipnja 2023.","format":false,"excerpt":"Daljinski upravlja\u010d. 4 tastera (Home, Away, Disarm, and SOS). Dvobojni LED indikator. Frekvencija 868.0MHz\u2013868.6MHz. Domet do 900m na otvorenom. 2-smerna komunikacija sa AES128 enkripcijom. Frequency Hopping. Detekcija ja\u010dine signala. Sa CR2032 baterijom. Trajanje baterije do 5 godina. Upozorenje za slabu bateriju. Plasti\u010dno ku\u0107i\u0161te. Radna temperatura \u201310 \u00b0C to +55 \u00b0C.\u2026","rel":"","context":"Srodne objave","img":{"alt_text":"","src":"https:\/\/i2.wp.com\/astehshop.com\/wp-content\/uploads\/2023\/06\/dahua-ara24-w2-1.jpg?fit=1200%2C1131&resize=350%2C200","width":350,"height":200},"classes":[]},{"id":4531,"url":"http:\/\/astehshop.com\/index.php\/product\/alarmna-centrala-bezicnog-sistema-crne-boje-ajax-hub-bl\/","url_meta":{"origin":7868,"position":5},"title":"Alarmna centrala be\u017ei\u010dnog sistema crne boje AJAX-HUB-BL","date":"4. svibnja 2020.","format":false,"excerpt":"AJAX-HUB-BL \u00a0 Model: AJAX Hub BL Centralna jedinica (HUB) be\u017ei\u010dnog protuprovalnog sustava sa integriranim LAN i GSM\/GPRS komunikatorom, omogu\u0107eno dodavanje i rad do 100 be\u017ei\u010dnih ure\u0111aja, max 50 korisnika. Ugra\u0111ena back-up baterija. Crne boje, Modularna izvedba, 99 ugra\u0111enih be\u017ei\u010dnih zona, 9 Particija, Be\u017ei\u010dna frekvencija 868MHz, Dvosmjerna be\u017ei\u010dna komunikacija, Automatsko prijavljivanje\u2026","rel":"","context":"Srodne objave","img":{"alt_text":"","src":"https:\/\/i2.wp.com\/astehshop.com\/wp-content\/uploads\/2020\/05\/AJAX-HUB-BL.png?fit=864%2C520&resize=350%2C200","width":350,"height":200},"classes":[]}],"_links":{"self":[{"href":"http:\/\/astehshop.com\/index.php\/wp-json\/wp\/v2\/product\/7868"}],"collection":[{"href":"http:\/\/astehshop.com\/index.php\/wp-json\/wp\/v2\/product"}],"about":[{"href":"http:\/\/astehshop.com\/index.php\/wp-json\/wp\/v2\/types\/product"}],"replies":[{"embeddable":true,"href":"http:\/\/astehshop.com\/index.php\/wp-json\/wp\/v2\/comments?post=7868"}],"wp:featuredmedia":[{"embeddable":true,"href":"http:\/\/astehshop.com\/index.php\/wp-json\/wp\/v2\/media\/7869"}],"wp:attachment":[{"href":"http:\/\/astehshop.com\/index.php\/wp-json\/wp\/v2\/media?parent=7868"}],"wp:term":[{"taxonomy":"product_cat","embeddable":true,"href":"http:\/\/astehshop.com\/index.php\/wp-json\/wp\/v2\/product_cat?post=7868"},{"taxonomy":"product_tag","embeddable":true,"href":"http:\/\/astehshop.com\/index.php\/wp-json\/wp\/v2\/product_tag?post=7868"}],"curies":[{"name":"wp","href":"https:\/\/api.w.org\/{rel}","templated":true}]}}