{"id":7823,"date":"2023-05-23T19:13:09","date_gmt":"2023-05-23T17:13:09","guid":{"rendered":"http:\/\/astehshop.com\/?post_type=product&#038;p=7823"},"modified":"2025-10-05T09:28:05","modified_gmt":"2025-10-05T07:28:05","slug":"dahua-4-kanalni-poe-snimac-nvr-2104hs-p-s3","status":"publish","type":"product","link":"http:\/\/astehshop.com\/index.php\/product\/dahua-4-kanalni-poe-snimac-nvr-2104hs-p-s3\/","title":{"rendered":"Dahua 4 kanalni POE snima\u010d NVR 2104HS-P-S3"},"content":{"rendered":"<p>4-kanalni NVR sa 4X PoE; Lite serija; Do 12Mp; Do 80Mbps; Metalno ku\u0107i\u0161te; 1X SATA. 4-kanalni NVR. Lite serija. Podr\u017eane rezolucije snimanja 12MP \/8MP \/5MP \/4MP \/3MP \/2MP \/720p \/D1. HDMI izlaz (do 3840\u00d72160). VGA. Multi screen prikaz 1\/4 kamera. Podr\u017eane kompresije Smart H.265\/H.265\/Smart H.264\/H.264. Dual Stream. Bit rate \u2013 Access: 80 Mbps, Storage: 80 Mbps, Forward: 60 Mbps<\/p>\n<p><a href=\"https:\/\/i0.wp.com\/astehshop.com\/wp-content\/uploads\/2023\/05\/NVR-2104HS-P-S3.png\" data-rel=\"lightbox-image-0\" data-rl_title=\"\" data-rl_caption=\"\" title=\"\"><img data-attachment-id=\"7825\" data-permalink=\"http:\/\/astehshop.com\/?attachment_id=7825\" data-orig-file=\"https:\/\/i0.wp.com\/astehshop.com\/wp-content\/uploads\/2023\/05\/NVR-2104HS-P-S3.png?fit=400%2C400\" data-orig-size=\"400,400\" data-comments-opened=\"1\" data-image-meta=\"{&quot;aperture&quot;:&quot;0&quot;,&quot;credit&quot;:&quot;&quot;,&quot;camera&quot;:&quot;&quot;,&quot;caption&quot;:&quot;&quot;,&quot;created_timestamp&quot;:&quot;0&quot;,&quot;copyright&quot;:&quot;&quot;,&quot;focal_length&quot;:&quot;0&quot;,&quot;iso&quot;:&quot;0&quot;,&quot;shutter_speed&quot;:&quot;0&quot;,&quot;title&quot;:&quot;&quot;,&quot;orientation&quot;:&quot;0&quot;}\" data-image-title=\"NVR 2104HS-P-S3\" data-image-description=\"\" data-image-caption=\"\" data-medium-file=\"https:\/\/i0.wp.com\/astehshop.com\/wp-content\/uploads\/2023\/05\/NVR-2104HS-P-S3.png?fit=400%2C400\" data-large-file=\"https:\/\/i0.wp.com\/astehshop.com\/wp-content\/uploads\/2023\/05\/NVR-2104HS-P-S3.png?fit=400%2C400\" decoding=\"async\" loading=\"lazy\" class=\"alignnone size-full wp-image-7825\" src=\"https:\/\/i0.wp.com\/astehshop.com\/wp-content\/uploads\/2023\/05\/NVR-2104HS-P-S3.png?resize=400%2C400\" alt=\"\" width=\"400\" height=\"400\" srcset=\"https:\/\/i0.wp.com\/astehshop.com\/wp-content\/uploads\/2023\/05\/NVR-2104HS-P-S3.png?w=400 400w, https:\/\/i0.wp.com\/astehshop.com\/wp-content\/uploads\/2023\/05\/NVR-2104HS-P-S3.png?resize=150%2C150 150w, https:\/\/i0.wp.com\/astehshop.com\/wp-content\/uploads\/2023\/05\/NVR-2104HS-P-S3.png?resize=300%2C300 300w, https:\/\/i0.wp.com\/astehshop.com\/wp-content\/uploads\/2023\/05\/NVR-2104HS-P-S3.png?resize=100%2C100 100w\" sizes=\"(max-width: 400px) 100vw, 400px\" data-recalc-dims=\"1\" \/><\/a><\/p>\n","protected":false},"excerpt":{"rendered":"<p>4-kanalni NVR sa 4X PoE; Lite serija; Do 12Mp; Do 80Mbps; Metalno ku\u0107i\u0161te; 1X SATA. 4-kanalni NVR. Lite serija. Podr\u017eane rezolucije snimanja 12MP \/8MP \/5MP \/4MP \/3MP \/2MP \/720p \/D1. HDMI izlaz (do 3840\u00d72160). VGA. Multi screen prikaz 1\/4 kamera. Podr\u017eane kompresije Smart H.265\/H.265\/Smart H.264\/H.264. Dual Stream. Bit rate \u2013 Access: 80 Mbps, Storage: 80 Mbps, Forward: 60 Mbps<\/p>\n<p><a href=\"http:\/\/astehshop.com\/wp-content\/uploads\/2023\/05\/NVR-2104HS-P-S3.png\"><img decoding=\"async\" loading=\"lazy\" class=\"alignnone size-full wp-image-7825\" src=\"http:\/\/astehshop.com\/wp-content\/uploads\/2023\/05\/NVR-2104HS-P-S3.png\" alt=\"\" width=\"400\" height=\"400\" srcset=\"https:\/\/i0.wp.com\/astehshop.com\/wp-content\/uploads\/2023\/05\/NVR-2104HS-P-S3.png?w=400 400w, https:\/\/i0.wp.com\/astehshop.com\/wp-content\/uploads\/2023\/05\/NVR-2104HS-P-S3.png?resize=150%2C150 150w, https:\/\/i0.wp.com\/astehshop.com\/wp-content\/uploads\/2023\/05\/NVR-2104HS-P-S3.png?resize=300%2C300 300w, https:\/\/i0.wp.com\/astehshop.com\/wp-content\/uploads\/2023\/05\/NVR-2104HS-P-S3.png?resize=100%2C100 100w\" sizes=\"(max-width: 400px) 100vw, 400px\" \/><\/a><\/p>\n","protected":false},"featured_media":7824,"comment_status":"open","ping_status":"closed","template":"","meta":{"_mi_skip_tracking":false,"_exactmetrics_sitenote_active":false,"_exactmetrics_sitenote_note":"","_exactmetrics_sitenote_category":0,"spay_email":""},"product_cat":[1558],"product_tag":[5525,1957,5524],"brands":[{"id":2045,"name":"Dahua","slug":"dahua"}],"df_price":370,"df_sale_price":"","df_regular_price":370,"df_image_link":"https:\/\/i2.wp.com\/astehshop.com\/wp-content\/uploads\/2023\/05\/dahua-nvr2104hs-p-s3.jpg?fit=450%2C418","jetpack_publicize_connections":[],"jetpack_sharing_enabled":true,"jetpack_likes_enabled":true,"jetpack-related-posts":[{"id":12353,"url":"http:\/\/astehshop.com\/index.php\/product\/hikvision-ds-7608nxi-k1-nvr\/","url_meta":{"origin":7823,"position":0},"title":"HikVision DS-7608NXI-K1 NVR","date":"28. velja\u010de 2026.","format":false,"excerpt":"8-kanalni snima\u010d K serije AcuSense 4K Do 8 ulaza za IP kamere H.265+\/H.265\/H.264+\/H.264 video formati Kapacitet dekodiranja do 2-ch@12 MP ili 4-ch@8MP ili 8-ch@4 MP ili 16-ch@1080p Ulazna propusnost do 80 Mbps","rel":"","context":"Srodne objave","img":{"alt_text":"","src":"https:\/\/i1.wp.com\/astehshop.com\/wp-content\/uploads\/2026\/02\/DS-7608NXI-K1.jpg?fit=1200%2C789&resize=350%2C200","width":350,"height":200},"classes":[]},{"id":3732,"url":"http:\/\/astehshop.com\/index.php\/product\/dahua-8-kanalni-nvr-lite-nvr4108hs-4ks2\/","url_meta":{"origin":7823,"position":1},"title":"Dahua 8 Kanalni NVR Lite NVR4108HS-4KS2","date":"28. rujna 2019.","format":false,"excerpt":"> Smart H.265 + \/ H.265 \/ Smart H.264 + \/ H.264 > Maks. 80Mbps dolazne propusne \u0161irine > Rezolucija do 8MP za pregled i reprodukciju > Do 2ch @ 4K \/ 8ch @ 1080P dekodiranje > HDMI \/ VGA istovremeno video izlaz","rel":"","context":"Srodne objave","img":{"alt_text":"","src":"https:\/\/i2.wp.com\/astehshop.com\/wp-content\/uploads\/2019\/09\/NVR4108HS-4KS2.png?fit=400%2C400&resize=350%2C200","width":350,"height":200},"classes":[]},{"id":3734,"url":"http:\/\/astehshop.com\/index.php\/product\/dahua-16-kanalni-nvr-4k-lite-nvr4116hs-4ks2\/","url_meta":{"origin":7823,"position":2},"title":"Dahua 16 kanalni NVR  4K lite NVR4116HS-4KS2","date":"28. rujna 2019.","format":false,"excerpt":"> Smart H.265 + \/ H.265 \/ Smart H.264 + \/ H.264 > Maks. 80Mbps dolazne propusne \u0161irine > Rezolucija do 8MP za pregled i reprodukciju > Do 2ch @ 4K \/ 8ch @ 1080P dekodiranje > HDMI \/ VGA istovremeno video izlaz","rel":"","context":"Srodne objave","img":{"alt_text":"","src":"https:\/\/i1.wp.com\/astehshop.com\/wp-content\/uploads\/2019\/09\/NVR4108HS-4KS2-1.png?fit=400%2C400&resize=350%2C200","width":350,"height":200},"classes":[]},{"id":3728,"url":"http:\/\/astehshop.com\/index.php\/product\/dahua-4-kanalni-poe-nvr-4k-nvr4104hs-p-4ks2\/","url_meta":{"origin":7823,"position":3},"title":"Dahua 4 kanalni POE NVR 4K NVR4104HS-P-4KS2","date":"28. rujna 2019.","format":false,"excerpt":"> Smart H.265 + \/ H.265 \/ Smart H.264 + \/ H.264 > Maks. 80Mbps dolazne propusne \u0161irine > Rezolucija do 8MP za pregled i reprodukciju > Do 2ch @ 4K \/ 8ch @ 1080P dekodiranje > HDMI \/ VGA istovremeno video izlaz > Podr\u0161ka IPC UPnP, 4PoE porta","rel":"","context":"Srodne objave","img":{"alt_text":"","src":"https:\/\/i0.wp.com\/astehshop.com\/wp-content\/uploads\/2019\/09\/NVR4104HS-P-4KS2.png?fit=400%2C400&resize=350%2C200","width":350,"height":200},"classes":[]},{"id":3726,"url":"http:\/\/astehshop.com\/index.php\/product\/dahua-4-kanalni-nvr-1u-nvr4104hs-4ks2\/","url_meta":{"origin":7823,"position":4},"title":"Dahua 4 Kanalni NVR 1U NVR4104HS-4KS2","date":"28. rujna 2019.","format":false,"excerpt":"> Smart H.265 + \/ H.265 \/ Smart H.264 + \/ H.264 > Maks. 80Mbps dolazne propusne \u0161irine > Rezolucija do 8MP za pregled i reprodukciju > Do 2ch @ 4K \/ 8ch @ 1080P dekodiranje > HDMI \/ VGA istovremeno video izlaz","rel":"","context":"Srodne objave","img":{"alt_text":"","src":"https:\/\/i2.wp.com\/astehshop.com\/wp-content\/uploads\/2019\/09\/NVR4104HS-4KS2.png?fit=400%2C400&resize=350%2C200","width":350,"height":200},"classes":[]},{"id":3730,"url":"http:\/\/astehshop.com\/index.php\/product\/dahua-8-kanalni-nvr-8poe-4k-snimac-nvr4108-8p-4ks2\/","url_meta":{"origin":7823,"position":5},"title":"Dahua 8 kanalni NVR 8POE 4K snima\u010d NVR4108-8P-4KS2","date":"28. rujna 2019.","format":false,"excerpt":"> Smart H.265 + \/ H.265 \/ Smart H.264 + \/ H.264 > Maks. 80Mbps dolazne propusne \u0161irine > Rezolucija do 8MP za pregled i reprodukciju > Do 2ch @ 4K \/ 8ch @ 1080P dekodiranje > HDMI \/ VGA istovremeno video izlaz > Podr\u0161ka IPC UPnP, 8PoE portova","rel":"","context":"Srodne objave","img":{"alt_text":"","src":"https:\/\/i1.wp.com\/astehshop.com\/wp-content\/uploads\/2019\/09\/NVR4108-8P-4KS2.png?fit=400%2C400&resize=350%2C200","width":350,"height":200},"classes":[]}],"_links":{"self":[{"href":"http:\/\/astehshop.com\/index.php\/wp-json\/wp\/v2\/product\/7823"}],"collection":[{"href":"http:\/\/astehshop.com\/index.php\/wp-json\/wp\/v2\/product"}],"about":[{"href":"http:\/\/astehshop.com\/index.php\/wp-json\/wp\/v2\/types\/product"}],"replies":[{"embeddable":true,"href":"http:\/\/astehshop.com\/index.php\/wp-json\/wp\/v2\/comments?post=7823"}],"wp:featuredmedia":[{"embeddable":true,"href":"http:\/\/astehshop.com\/index.php\/wp-json\/wp\/v2\/media\/7824"}],"wp:attachment":[{"href":"http:\/\/astehshop.com\/index.php\/wp-json\/wp\/v2\/media?parent=7823"}],"wp:term":[{"taxonomy":"product_cat","embeddable":true,"href":"http:\/\/astehshop.com\/index.php\/wp-json\/wp\/v2\/product_cat?post=7823"},{"taxonomy":"product_tag","embeddable":true,"href":"http:\/\/astehshop.com\/index.php\/wp-json\/wp\/v2\/product_tag?post=7823"}],"curies":[{"name":"wp","href":"https:\/\/api.w.org\/{rel}","templated":true}]}}