{"id":7662,"date":"2023-05-08T18:32:05","date_gmt":"2023-05-08T16:32:05","guid":{"rendered":"http:\/\/astehshop.com\/?post_type=product&#038;p=7662"},"modified":"2026-04-03T04:08:03","modified_gmt":"2026-04-03T02:08:03","slug":"gaming-racunar-i5-6500-rx-550-4gb-ssdhdd","status":"publish","type":"product","link":"http:\/\/astehshop.com\/index.php\/product\/gaming-racunar-i5-6500-rx-550-4gb-ssdhdd\/","title":{"rendered":"GAMING RA\u010cUNAR i5 6500 RX 550 4GB SSD+HDD"},"content":{"rendered":"<p>Gaming ra\u010dunar i5-6500 sa novom grafikom<\/p>\n<p>POWER COLOR RX 550 4GB GDDR5<\/p>\n<ul>\n<li>CPU i5-6500 6th generation<\/li>\n<li>SSD 250GB<\/li>\n<li>HDD 500GB<\/li>\n<li>RAM DDR4 8GB<\/li>\n<li>NOVA GRAFIKA RX 550 4GB<\/li>\n<li>WINDOWS 11, MS Office, Discord, EpicGames, Steam&#8230;<\/li>\n<\/ul>\n<p>Za sve dodatne informacije mozete nas kontaktirati na OLX poruke, 065824333 ili Viber<\/p>\n<p>&nbsp;<\/p>\n<p>NUDIMO KUPOVINU NOVE ROBE NA RATE:<\/p>\n<p>-DO 18 RATA PREKO MIKROFIN KREDITNA ORGANIZACIJA<\/p>\n<p>-DO 12 RATA PREKO \u0160OPING KARTICE UNICREDIT BANK<\/p>\n<p>&nbsp;<\/p>\n<p>Trgovinska Radnja<\/p>\n<p>TECHNO SHOP BN<\/p>\n<p>Nikole Tesle 31a, Bijeljina<\/p>\n<p>(izme\u0111u Moja Apoteka i picerije Park Ne\u0161kovi\u0107)<\/p>\n<p>055\/422-599<\/p>\n<p>065\/824-333<\/p>\n<p>066\/123-234<\/p>\n<p>Radnim danima 09-19h<\/p>\n<p>Subotom 09-16h<\/p>\n<p>www.technoshopbn.com<\/p>\n<p>info@technoshopbn.com<\/p>\n","protected":false},"excerpt":{"rendered":"<p>Gaming ra\u010dunar i5-6500 sa novom grafikom<\/p>\n<p>POWER COLOR RX 550 4GB GDDR5<\/p>\n<ul>\n<li>CPU i5-6500 6th generation<\/li>\n<li>SSD 250GB<\/li>\n<li>HDD 500GB<\/li>\n<li>RAM DDR4 8GB<\/li>\n<li>NOVA GRAFIKA RX 550 4GB<\/li>\n<li>WINDOWS 11, MS Office, Discord, EpicGames, Steam&#8230;<\/li>\n<\/ul>\n","protected":false},"featured_media":7663,"comment_status":"open","ping_status":"closed","template":"","meta":{"_mi_skip_tracking":false,"_exactmetrics_sitenote_active":false,"_exactmetrics_sitenote_note":"","_exactmetrics_sitenote_category":0,"spay_email":""},"product_cat":[5140],"product_tag":[],"brands":[],"df_price":789,"df_sale_price":789,"df_regular_price":849,"df_image_link":"https:\/\/i2.wp.com\/astehshop.com\/wp-content\/uploads\/2023\/05\/0088811_kuciste-ez-cool-sa-napajanjem-500w-go17-003-np-680bp-1.jpeg?fit=450%2C450","jetpack_publicize_connections":[],"jetpack_sharing_enabled":true,"jetpack_likes_enabled":true,"jetpack-related-posts":[{"id":7848,"url":"http:\/\/astehshop.com\/index.php\/product\/gaming-racunar-i5-6500-rx-550-4gb-ssdhdd-2\/","url_meta":{"origin":7662,"position":0},"title":"GAMING RA\u010cUNAR i5 6500 RX 550 4GB SSD+HDD","date":"25. svibnja 2023.","format":false,"excerpt":"Gaming ra\u010dunar i5-6500 sa novom grafikom POWER COLOR RX 550 4GB GDDR5 CPU i5-6500 6th generation SSD 250GB HDD 500GB RAM DDR4 8GB NOVA GRAFIKA RX 550 4GB WINDOWS 11, MS Office, Discord, EpicGames, Steam...","rel":"","context":"Srodne objave","img":{"alt_text":"","src":"https:\/\/i2.wp.com\/astehshop.com\/wp-content\/uploads\/2023\/05\/img-1683562811-6187a1a42d6a.jpeg?fit=450%2C450&resize=350%2C200","width":350,"height":200},"classes":[]},{"id":8674,"url":"http:\/\/astehshop.com\/index.php\/product\/gaming-racunar-i5-6500-gtx-1050\/","url_meta":{"origin":7662,"position":1},"title":"GAMING RA\u010cUNAR i5 6500 GTX 1050","date":"4. prosinca 2023.","format":false,"excerpt":"CPU i5-6500 6th generation SSD 250GB HDD 500GB RAM DDR4 8GB GRAFIKA GTX 1050 4GB WINDOWS 10, MS Office","rel":"","context":"Srodne objave","img":{"alt_text":"","src":"https:\/\/i2.wp.com\/astehshop.com\/wp-content\/uploads\/2023\/12\/img-1683562811-6187a1a42d6a.jpeg?fit=450%2C450&resize=350%2C200","width":350,"height":200},"classes":[]},{"id":7495,"url":"http:\/\/astehshop.com\/index.php\/product\/racunar-pc-hp-600-g1-i5-16gb-rx-550-4gb\/","url_meta":{"origin":7662,"position":2},"title":"RA\u010cUNAR PC HP 600 G1 i5 16GB RX 550 4GB","date":"19. o\u017eujka 2023.","format":false,"excerpt":"GAMING RA\u010cUNAR HP 600 G1 CPU i5 4570 3,6GHz 4th Generation RAM DDR3 16GB SSD 250GB, HDD 250GB Grafika RX 550 4GB GDDR5 Windows 11, MS Office 2010, Discored, EpicGames, Steam...","rel":"","context":"Srodne objave","img":{"alt_text":"","src":"https:\/\/i1.wp.com\/astehshop.com\/wp-content\/uploads\/2023\/03\/Screenshot-2023-03-19-185754.png?fit=452%2C856&resize=350%2C200","width":350,"height":200},"classes":[]},{"id":5696,"url":"http:\/\/astehshop.com\/index.php\/product\/gaming-racunar-i3-9100f-8-gb-ram-rx-550-4gb\/","url_meta":{"origin":7662,"position":3},"title":"Gaming ra\u010dunar I3-9100F 8 GB RAM RX 550 4GB","date":"5. prosinca 2021.","format":false,"excerpt":"I3-9100F 3.60GHz 9MB, MB BIOSTAR H310, G.SKILL 8GB DDR4 2400MHZ , SSD 240GB Patriot550\/500, BIOSTAR RX 550 4GB GDDR5 128 bit, Ku\u0107i\u0161te SHARKOON gaming, VS4-W window,ventilator 2x 120mm, ATX, 2xUSB, LC-Power 500W LC500H-12 V2.2 120mmFan","rel":"","context":"Srodne objave","img":{"alt_text":"","src":"https:\/\/i0.wp.com\/astehshop.com\/wp-content\/uploads\/2021\/12\/I3-9100F-gaming.jpeg?fit=900%2C900&resize=350%2C200","width":350,"height":200},"classes":[]},{"id":7292,"url":"http:\/\/astehshop.com\/index.php\/product\/gaming-pc-racunar-i7-ssd-gtx-1050-ti-4gb-gta5\/","url_meta":{"origin":7662,"position":4},"title":"GAMING PC RA\u010cUNAR i7 SSD GTX 1050 Ti 4GB GTA5","date":"6. o\u017eujka 2023.","format":false,"excerpt":"GAMING RA\u010cUNAR\u00a0i7 MS\u00a0ARMOR GAMING GRAFIKA MS GTX 1050 Ti 4GB 4GB POKRE\u0106E SVE!!! \u00a0 CPU i7 2600 3.7GHz RAM DDR3 8GB 1600MHz SSD 250GB HDD 500GB Grafika GTX 1050 Ti 4GB (pokrece sve) Windows 10, EpicGames, Steam, Discord...","rel":"","context":"Srodne objave","img":{"alt_text":"","src":"https:\/\/i2.wp.com\/astehshop.com\/wp-content\/uploads\/2023\/03\/UcKOlCNq4QboyRRUQ6XE.jpg?fit=458%2C458&resize=350%2C200","width":350,"height":200},"classes":[]},{"id":10215,"url":"http:\/\/astehshop.com\/index.php\/product\/racunar-pc-lenovo-m710s-i5-8gb-ssd-250gb\/","url_meta":{"origin":7662,"position":5},"title":"Ra\u010dunar PC LENOVO M710s i5 8GB SSD 250GB","date":"10. travnja 2025.","format":false,"excerpt":"LENOVO M710 SFF, Karakteristike: CPU Intel i5-6500 6th generation RAM DDR4 8GB SSD 250GB poklon HDD 250GB za backup kase 10xUSB 3.0","rel":"","context":"Srodne objave","img":{"alt_text":"","src":"https:\/\/i1.wp.com\/astehshop.com\/wp-content\/uploads\/2025\/04\/img-1744184057-05c31ddfc0cb.jpg?fit=595%2C509&resize=350%2C200","width":350,"height":200},"classes":[]}],"_links":{"self":[{"href":"http:\/\/astehshop.com\/index.php\/wp-json\/wp\/v2\/product\/7662"}],"collection":[{"href":"http:\/\/astehshop.com\/index.php\/wp-json\/wp\/v2\/product"}],"about":[{"href":"http:\/\/astehshop.com\/index.php\/wp-json\/wp\/v2\/types\/product"}],"replies":[{"embeddable":true,"href":"http:\/\/astehshop.com\/index.php\/wp-json\/wp\/v2\/comments?post=7662"}],"wp:featuredmedia":[{"embeddable":true,"href":"http:\/\/astehshop.com\/index.php\/wp-json\/wp\/v2\/media\/7663"}],"wp:attachment":[{"href":"http:\/\/astehshop.com\/index.php\/wp-json\/wp\/v2\/media?parent=7662"}],"wp:term":[{"taxonomy":"product_cat","embeddable":true,"href":"http:\/\/astehshop.com\/index.php\/wp-json\/wp\/v2\/product_cat?post=7662"},{"taxonomy":"product_tag","embeddable":true,"href":"http:\/\/astehshop.com\/index.php\/wp-json\/wp\/v2\/product_tag?post=7662"}],"curies":[{"name":"wp","href":"https:\/\/api.w.org\/{rel}","templated":true}]}}